{"id":812,"date":"2025-07-13T15:19:52","date_gmt":"2025-07-13T13:19:52","guid":{"rendered":"https:\/\/www.cronopio.de\/seitenstetten\/?page_id=812"},"modified":"2025-07-13T15:19:52","modified_gmt":"2025-07-13T13:19:52","slug":"chiar-angioletta","status":"publish","type":"page","link":"https:\/\/www.cronopio.de\/seitenstetten\/2025-2\/weltliche-musik\/chiar-angioletta\/","title":{"rendered":"Chiar&#8216; Angioletta"},"content":{"rendered":"\n<figure class=\"wp-block-table\"><table><tbody><tr><td>Chiar&#8216; Angioletta sembr&#8216; agl&#8216; occhi miei<br>Scesa dal ciel per adornar il mondo<br>gl&#8217;occhi son chiare stelle e cresp&#8216; e<br>biondo. E&#8217;l suo gradito crine,<br>D&#8217;avorio \u00e8&#8217;l seno dov&#8216; amor fa nido.<br>Ohim\u00e8, ohim\u00e8, ohim\u00e8, quelle parole alm&#8216; e divine<br>Ch&#8217;empion di gioia d&#8217;Adria il Lido, E&#8217;l riso,<br>e&#8217;l riso \u00e8 un dolce pararadiso.<\/td><td>Wie ein helles Engelchen scheint sie in meinen Augen,<br>vom Himmel herabgestiegen, um die Welt zu schm\u00fccken.<br>Ihre Augen sind klare Sterne, das sch\u00f6ne Haar gelockt und blond,<br>Wie Elfenbein ist die Brust, wo Amor sein Nest baut.<br>Ach weh, ach weh, ach weh, jene Worte, seelenvoll und g\u00f6ttlich,<br>Die die K\u00fcste der Adria mit Freude erf\u00fcllen,<br>Und ihr L\u00e4cheln,<br>ihr L\u00e4cheln ist ein s\u00fc\u00dfes Paradies.<br>(Perplexity, \u00fcberarbeitet)<\/td><\/tr><\/tbody><\/table><\/figure>\n\n\n\n<p class=\"wp-block-paragraph\"><\/p>\n","protected":false},"excerpt":{"rendered":"<p>Chiar&#8216; Angioletta sembr&#8216; agl&#8216; occhi mieiScesa dal ciel per adornar il mondogl&#8217;occhi son chiare stelle e cresp&#8216; ebiondo. E&#8217;l suo gradito crine,D&#8217;avorio \u00e8&#8217;l seno dov&#8216; amor fa nido.Ohim\u00e8, ohim\u00e8, ohim\u00e8, quelle parole alm&#8216; e divineCh&#8217;empion di gioia d&#8217;Adria il Lido, E&#8217;l riso,e&#8217;l riso \u00e8 un dolce pararadiso. Wie ein helles &hellip;<\/p>\n","protected":false},"author":2,"featured_media":0,"parent":678,"menu_order":0,"comment_status":"closed","ping_status":"closed","template":"","meta":{"_crdt_document":"","_themeisle_gutenberg_block_has_review":false,"h5ap_radio_sources":[],"footnotes":""},"class_list":["post-812","page","type-page","status-publish","hentry"],"_links":{"self":[{"href":"https:\/\/www.cronopio.de\/seitenstetten\/wp-json\/wp\/v2\/pages\/812","targetHints":{"allow":["GET"]}}],"collection":[{"href":"https:\/\/www.cronopio.de\/seitenstetten\/wp-json\/wp\/v2\/pages"}],"about":[{"href":"https:\/\/www.cronopio.de\/seitenstetten\/wp-json\/wp\/v2\/types\/page"}],"author":[{"embeddable":true,"href":"https:\/\/www.cronopio.de\/seitenstetten\/wp-json\/wp\/v2\/users\/2"}],"replies":[{"embeddable":true,"href":"https:\/\/www.cronopio.de\/seitenstetten\/wp-json\/wp\/v2\/comments?post=812"}],"version-history":[{"count":1,"href":"https:\/\/www.cronopio.de\/seitenstetten\/wp-json\/wp\/v2\/pages\/812\/revisions"}],"predecessor-version":[{"id":813,"href":"https:\/\/www.cronopio.de\/seitenstetten\/wp-json\/wp\/v2\/pages\/812\/revisions\/813"}],"up":[{"embeddable":true,"href":"https:\/\/www.cronopio.de\/seitenstetten\/wp-json\/wp\/v2\/pages\/678"}],"wp:attachment":[{"href":"https:\/\/www.cronopio.de\/seitenstetten\/wp-json\/wp\/v2\/media?parent=812"}],"curies":[{"name":"wp","href":"https:\/\/api.w.org\/{rel}","templated":true}]}}