{"id":704,"date":"2025-07-12T23:10:43","date_gmt":"2025-07-12T21:10:43","guid":{"rendered":"https:\/\/www.cronopio.de\/seitenstetten\/?page_id=704"},"modified":"2025-07-12T23:10:44","modified_gmt":"2025-07-12T21:10:44","slug":"ecce-iam-venit-plenitudo","status":"publish","type":"page","link":"https:\/\/www.cronopio.de\/seitenstetten\/2025-2\/geistliche-musik\/ecce-iam-venit-plenitudo\/","title":{"rendered":"Ecce iam venit plenitudo"},"content":{"rendered":"\n<figure class=\"wp-block-table\"><table><tbody><tr><td>Ecce iam venit plenitudo temporis,<br>in quo misit Deus filium suum in mundum,<br>natum de virgine, factum sub lege,<br>ut eos, qui sub lege erant, redimeret.<\/td><td>Seht, schon kommt die F\u00fclle der Zeit,<br>in welcher Gott seinen Sohn auf die Erde schickt,<br>geboren von einer Jungfrau,<br>geschaffen unter dem Gesetz,<br>damit er die, die unter dem Gesetz waren, erl\u00f6se.<\/td><\/tr><tr><td>Propter nimiam charitatem suam,<br>qua dilexit nos Deus, filium suum misit<br>in similitudinem carnis peccati,<br>ut eos, qui sub lege erant, redimeret.<\/td><td>Wegen seiner solch gro\u00dfen Liebe,<br>mit der uns Gott liebte,<br>sandte er seinen Sohn in der gleichen Gestalt<br>wie das Fleisch der S\u00fcnde,<br>damit er die, die unter dem Gesetz waren, erl\u00f6se.<\/td><\/tr><\/tbody><\/table><\/figure>\n","protected":false},"excerpt":{"rendered":"<p>Ecce iam venit plenitudo temporis,in quo misit Deus filium suum in mundum,natum de virgine, factum sub lege,ut eos, qui sub lege erant, redimeret. Seht, schon kommt die F\u00fclle der Zeit,in welcher Gott seinen Sohn auf die Erde schickt,geboren von einer Jungfrau,geschaffen unter dem Gesetz,damit er die, die unter dem Gesetz &hellip;<\/p>\n","protected":false},"author":2,"featured_media":0,"parent":669,"menu_order":0,"comment_status":"closed","ping_status":"closed","template":"","meta":{"_crdt_document":"","_themeisle_gutenberg_block_has_review":false,"h5ap_radio_sources":[],"footnotes":""},"class_list":["post-704","page","type-page","status-publish","hentry"],"_links":{"self":[{"href":"https:\/\/www.cronopio.de\/seitenstetten\/wp-json\/wp\/v2\/pages\/704","targetHints":{"allow":["GET"]}}],"collection":[{"href":"https:\/\/www.cronopio.de\/seitenstetten\/wp-json\/wp\/v2\/pages"}],"about":[{"href":"https:\/\/www.cronopio.de\/seitenstetten\/wp-json\/wp\/v2\/types\/page"}],"author":[{"embeddable":true,"href":"https:\/\/www.cronopio.de\/seitenstetten\/wp-json\/wp\/v2\/users\/2"}],"replies":[{"embeddable":true,"href":"https:\/\/www.cronopio.de\/seitenstetten\/wp-json\/wp\/v2\/comments?post=704"}],"version-history":[{"count":1,"href":"https:\/\/www.cronopio.de\/seitenstetten\/wp-json\/wp\/v2\/pages\/704\/revisions"}],"predecessor-version":[{"id":705,"href":"https:\/\/www.cronopio.de\/seitenstetten\/wp-json\/wp\/v2\/pages\/704\/revisions\/705"}],"up":[{"embeddable":true,"href":"https:\/\/www.cronopio.de\/seitenstetten\/wp-json\/wp\/v2\/pages\/669"}],"wp:attachment":[{"href":"https:\/\/www.cronopio.de\/seitenstetten\/wp-json\/wp\/v2\/media?parent=704"}],"curies":[{"name":"wp","href":"https:\/\/api.w.org\/{rel}","templated":true}]}}