{"id":270,"date":"2023-07-22T23:26:32","date_gmt":"2023-07-22T21:26:32","guid":{"rendered":"http:\/\/www.cronopio.de\/seitenstetten\/?page_id=270"},"modified":"2023-07-22T23:26:55","modified_gmt":"2023-07-22T21:26:55","slug":"cantate-domino","status":"publish","type":"page","link":"http:\/\/www.cronopio.de\/seitenstetten\/2023-2\/geistliche-musik\/cantate-domino\/","title":{"rendered":"Cantate Domino"},"content":{"rendered":"\n<p class=\"wp-block-paragraph\">Jesaja Kapitel 42 Vers 10, Psalm 96<\/p>\n\n\n\n<figure class=\"wp-block-table\"><table><tbody><tr><td>Cantate Domino canticum novum,<br>laus eius in extremis terrae.<br>Regnavit Dominus, exultet terra,<br>laetentur insulae multae.<br>Annuntient caeli iustitiam eius,<br>et videant omnes populi gloriam eius.<br>Commoveatur a facie eius universa terra;<br>dicite in gentibus quia Dominus regnavit.<br>Laetentur caeli et exultet terra;<br>Commoveatur mare et plenitudo eius.<br>Annuntiet terra inter gentes gloriam eius;<br>in omnibus populis mirabilia eius.<\/td><td>Sein Lob bis zu den Enden der Erde!<br>Der Herr ist K\u00f6nig, die Erde frohlocke,<br>freuen sollen sich die vielen Inseln.<br>Die Himmel verk\u00fcndigen seine Gerechtigkeit, und<br>alle V\u00f6lker sehen seine Ehre.<br>Es f\u00fcrchte ihn alle Welt!<br>Sagt unter den Heiden, dass der Herr K\u00f6nig sei.<br>Himmel freue sich, und Erde sei fr\u00f6hlich; das Meer<br>brause, und was drinnen ist;<br>Erz\u00e4hlet unter den Heiden von seiner Herrlichkeit,<br>unter allen V\u00f6lkern von seinen Wundern!<\/td><\/tr><\/tbody><\/table><\/figure>\n","protected":false},"excerpt":{"rendered":"<p>Jesaja Kapitel 42 Vers 10, Psalm 96 Cantate Domino canticum novum,laus eius in extremis terrae.Regnavit Dominus, exultet terra,laetentur insulae multae.Annuntient caeli iustitiam eius,et videant omnes populi gloriam eius.Commoveatur a facie eius universa terra;dicite in gentibus quia Dominus regnavit.Laetentur caeli et exultet terra;Commoveatur mare et plenitudo eius.Annuntiet terra inter gentes gloriam &hellip;<\/p>\n","protected":false},"author":2,"featured_media":0,"parent":204,"menu_order":0,"comment_status":"closed","ping_status":"closed","template":"","meta":{"_crdt_document":"","_themeisle_gutenberg_block_has_review":false,"h5ap_radio_sources":[],"footnotes":""},"class_list":["post-270","page","type-page","status-publish","hentry"],"_links":{"self":[{"href":"http:\/\/www.cronopio.de\/seitenstetten\/wp-json\/wp\/v2\/pages\/270","targetHints":{"allow":["GET"]}}],"collection":[{"href":"http:\/\/www.cronopio.de\/seitenstetten\/wp-json\/wp\/v2\/pages"}],"about":[{"href":"http:\/\/www.cronopio.de\/seitenstetten\/wp-json\/wp\/v2\/types\/page"}],"author":[{"embeddable":true,"href":"http:\/\/www.cronopio.de\/seitenstetten\/wp-json\/wp\/v2\/users\/2"}],"replies":[{"embeddable":true,"href":"http:\/\/www.cronopio.de\/seitenstetten\/wp-json\/wp\/v2\/comments?post=270"}],"version-history":[{"count":2,"href":"http:\/\/www.cronopio.de\/seitenstetten\/wp-json\/wp\/v2\/pages\/270\/revisions"}],"predecessor-version":[{"id":272,"href":"http:\/\/www.cronopio.de\/seitenstetten\/wp-json\/wp\/v2\/pages\/270\/revisions\/272"}],"up":[{"embeddable":true,"href":"http:\/\/www.cronopio.de\/seitenstetten\/wp-json\/wp\/v2\/pages\/204"}],"wp:attachment":[{"href":"http:\/\/www.cronopio.de\/seitenstetten\/wp-json\/wp\/v2\/media?parent=270"}],"curies":[{"name":"wp","href":"https:\/\/api.w.org\/{rel}","templated":true}]}}