{"id":388,"date":"2020-08-19T18:41:56","date_gmt":"2020-08-19T16:41:56","guid":{"rendered":"http:\/\/www.cronopio.de\/seitenstetten-2020\/?page_id=388"},"modified":"2020-08-19T18:41:56","modified_gmt":"2020-08-19T16:41:56","slug":"chi-mi-consola","status":"publish","type":"page","link":"http:\/\/www.cronopio.de\/seitenstetten-2020\/chi-mi-consola\/","title":{"rendered":"Chi mi consola"},"content":{"rendered":"\n<figure class=\"wp-block-table\"><table><tbody><tr><td>1. Chi mi consola ah\u00ed me, son disperato. <br>La notte quando penso di dormire, <br>son risvegliato e sento mi scoprire.<\/td><td>1. Wer tr\u00f6stet mich, der ich verzweifelt bin?<br>Des Nachts, wenn ich versuche zu schlafen,<br>bin ich wach und f\u00fchle mich entbl\u00f6\u00dft.<\/td><\/tr><tr><td>2. E poi sento una voce tanta chiara, <br>e par che parli e dica dolcemente: <br>Amante mio, non ti turbar la mente.<\/td><td>2. Und dann h\u00f6re ich eine so klare Stimme,<br>und es scheint, dass sie leise spricht und sagt: <br>Mein Geliebter, beunruhige deinen Geist nicht.<\/td><\/tr><\/tbody><\/table><\/figure>\n","protected":false},"excerpt":{"rendered":"<p>1. Chi mi consola ah\u00ed me, son disperato. La notte quando penso di dormire, son risvegliato e sento mi scoprire. 1. Wer tr\u00f6stet mich, der ich verzweifelt bin?Des Nachts, wenn ich versuche zu schlafen,bin ich wach und f\u00fchle mich entbl\u00f6\u00dft. 2. E poi sento una voce tanta chiara, e par &hellip;<\/p>\n","protected":false},"author":2,"featured_media":0,"parent":0,"menu_order":0,"comment_status":"closed","ping_status":"closed","template":"","meta":{"_crdt_document":"","_themeisle_gutenberg_block_has_review":false,"h5ap_radio_sources":[],"footnotes":""},"class_list":["post-388","page","type-page","status-publish","hentry"],"_links":{"self":[{"href":"http:\/\/www.cronopio.de\/seitenstetten-2020\/wp-json\/wp\/v2\/pages\/388","targetHints":{"allow":["GET"]}}],"collection":[{"href":"http:\/\/www.cronopio.de\/seitenstetten-2020\/wp-json\/wp\/v2\/pages"}],"about":[{"href":"http:\/\/www.cronopio.de\/seitenstetten-2020\/wp-json\/wp\/v2\/types\/page"}],"author":[{"embeddable":true,"href":"http:\/\/www.cronopio.de\/seitenstetten-2020\/wp-json\/wp\/v2\/users\/2"}],"replies":[{"embeddable":true,"href":"http:\/\/www.cronopio.de\/seitenstetten-2020\/wp-json\/wp\/v2\/comments?post=388"}],"version-history":[{"count":1,"href":"http:\/\/www.cronopio.de\/seitenstetten-2020\/wp-json\/wp\/v2\/pages\/388\/revisions"}],"predecessor-version":[{"id":389,"href":"http:\/\/www.cronopio.de\/seitenstetten-2020\/wp-json\/wp\/v2\/pages\/388\/revisions\/389"}],"wp:attachment":[{"href":"http:\/\/www.cronopio.de\/seitenstetten-2020\/wp-json\/wp\/v2\/media?parent=388"}],"curies":[{"name":"wp","href":"https:\/\/api.w.org\/{rel}","templated":true}]}}

<figure class="wp-block-table"><table><tbody><tr><td>1. Chi mi consola ahí me, son disperato. <br>La notte quando penso di dormire, <br>son risvegliato e sento mi scoprire.</td><td>1. Wer tröstet mich, der ich verzweifelt bin?<br>Des Nachts, wenn ich versuche zu schlafen,<br>bin ich wach und fühle mich entblößt.</td></tr><tr><td>2. E poi sento una voce tanta chiara, <br>e par che parli e dica dolcemente: <br>Amante mio, non ti turbar la mente.</td><td>2. Und dann höre ich eine so klare Stimme,<br>und es scheint, dass sie leise spricht und sagt: <br>Mein Geliebter, beunruhige deinen Geist nicht.</td></tr></tbody></table></figure>

<p>1. Chi mi consola ahí me, son disperato. La notte quando penso di dormire, son risvegliato e sento mi scoprire. 1. Wer tröstet mich, der ich verzweifelt bin?Des Nachts, wenn ich versuche zu schlafen,bin ich wach und fühle mich entblößt. 2. E poi sento una voce tanta chiara, e par &hellip;</p>
