{"id":384,"date":"2020-08-19T18:40:20","date_gmt":"2020-08-19T16:40:20","guid":{"rendered":"http:\/\/www.cronopio.de\/seitenstetten-2020\/?page_id=384"},"modified":"2020-08-19T18:40:21","modified_gmt":"2020-08-19T16:40:21","slug":"donna-se-lo-mio-core","status":"publish","type":"page","link":"http:\/\/www.cronopio.de\/seitenstetten-2020\/donna-se-lo-mio-core\/","title":{"rendered":"Donna, se lo mio core"},"content":{"rendered":"\n<figure class=\"wp-block-table\"><table><tbody><tr><td>1. Donna, se lo mio core si strugge per amore. <br>Per che rara beltade non hai di mi pietade.<br>Fugimi, struggimi, ardimi <br>e fa che voi, che contento mi dan questi occhi tuoi.<\/td><td>1. Herrin, mein Herz verzehrt sich vor Liebe.<br>Doch eure au\u00dfergew\u00f6hnliche Sch\u00f6nheit hat keine Gnade mit mir.<br>Fliehe mich, qu\u00e4le mich mit Sehnsucht, verbrenne mich und mach, dass ihr f\u00fchlt,<br>welche Freude mir diese eure Augen schenken.<\/td><\/tr><tr><td>2. Se questo afflitto petto ogn\u2019 hora ti \u00e8 soggetto, <br>per che nei dolor miei cos\u00ed crudel tu sei?<br>Statiami, burlami, affligemi,<br>quando sai, che un giorno forsi te ne penterai.<\/td><td>2. Wenn diese gequ\u00e4lte Brust euch jede Stunde ausgesetzt ist, <br>warum seid ihr dann so grausam zu meinen Schmerzen?<br>Bleib bei mir, verspotte mich, betr\u00fcbe mich \u2013<br>du wei\u00dft, dass du es eines Tages bereuen wirst.<\/td><\/tr><\/tbody><\/table><\/figure>\n","protected":false},"excerpt":{"rendered":"<p>1. Donna, se lo mio core si strugge per amore. Per che rara beltade non hai di mi pietade.Fugimi, struggimi, ardimi e fa che voi, che contento mi dan questi occhi tuoi. 1. Herrin, mein Herz verzehrt sich vor Liebe.Doch eure au\u00dfergew\u00f6hnliche Sch\u00f6nheit hat keine Gnade mit mir.Fliehe mich, qu\u00e4le &hellip;<\/p>\n","protected":false},"author":2,"featured_media":0,"parent":0,"menu_order":0,"comment_status":"closed","ping_status":"closed","template":"","meta":{"_crdt_document":"","_themeisle_gutenberg_block_has_review":false,"h5ap_radio_sources":[],"footnotes":""},"class_list":["post-384","page","type-page","status-publish","hentry"],"_links":{"self":[{"href":"http:\/\/www.cronopio.de\/seitenstetten-2020\/wp-json\/wp\/v2\/pages\/384","targetHints":{"allow":["GET"]}}],"collection":[{"href":"http:\/\/www.cronopio.de\/seitenstetten-2020\/wp-json\/wp\/v2\/pages"}],"about":[{"href":"http:\/\/www.cronopio.de\/seitenstetten-2020\/wp-json\/wp\/v2\/types\/page"}],"author":[{"embeddable":true,"href":"http:\/\/www.cronopio.de\/seitenstetten-2020\/wp-json\/wp\/v2\/users\/2"}],"replies":[{"embeddable":true,"href":"http:\/\/www.cronopio.de\/seitenstetten-2020\/wp-json\/wp\/v2\/comments?post=384"}],"version-history":[{"count":1,"href":"http:\/\/www.cronopio.de\/seitenstetten-2020\/wp-json\/wp\/v2\/pages\/384\/revisions"}],"predecessor-version":[{"id":386,"href":"http:\/\/www.cronopio.de\/seitenstetten-2020\/wp-json\/wp\/v2\/pages\/384\/revisions\/386"}],"wp:attachment":[{"href":"http:\/\/www.cronopio.de\/seitenstetten-2020\/wp-json\/wp\/v2\/media?parent=384"}],"curies":[{"name":"wp","href":"https:\/\/api.w.org\/{rel}","templated":true}]}}