{"id":295,"date":"2020-08-10T22:07:09","date_gmt":"2020-08-10T20:07:09","guid":{"rendered":"http:\/\/www.cronopio.de\/seitenstetten-2020\/?page_id=295"},"modified":"2020-08-10T22:07:09","modified_gmt":"2020-08-10T20:07:09","slug":"ecce-quam-bonum","status":"publish","type":"page","link":"http:\/\/www.cronopio.de\/seitenstetten-2020\/ecce-quam-bonum\/","title":{"rendered":"Ecce quam bonum"},"content":{"rendered":"\n<p class=\"wp-block-paragraph\">Psalm 133<\/p>\n\n\n\n<figure class=\"wp-block-table\"><table><tbody><tr><td>Ecce quam bonum et quam decorum habitare fratres in uno!<\/td><td>Siehe, wie gut und wie sch\u00f6n ist es, wenn Br\u00fcder miteinander in Eintracht wohnen.<\/td><\/tr><tr><td>sicut unguentum optimum in capite quod descendit in barbam barbam Aaron quod descendit super oram vestimentorum eius<\/td><td>Es ist wie k\u00f6stliches Salb\u00f6l auf dem Haupt, das hinabflie\u00dft auf den Bart, den Bart des Aaron, das hinabflie\u00dft auf den Saum seines Gewandes.<\/td><\/tr><tr><td>sicut ros Hermon qui descendit super montana Sion quoniam ibi mandavit Dominus benedictionem vitam usque in aeternum<\/td><td>Es ist wie der Tau des Hermon, der niederf\u00e4llt auf die Berge des Zion. Denn dorthin hat der Herr den Segen entboten, Leben bis in die Ewigkeit.<\/td><\/tr><\/tbody><\/table><\/figure>\n","protected":false},"excerpt":{"rendered":"<p>Psalm 133 Ecce quam bonum et quam decorum habitare fratres in uno! Siehe, wie gut und wie sch\u00f6n ist es, wenn Br\u00fcder miteinander in Eintracht wohnen. sicut unguentum optimum in capite quod descendit in barbam barbam Aaron quod descendit super oram vestimentorum eius Es ist wie k\u00f6stliches Salb\u00f6l auf dem &hellip;<\/p>\n","protected":false},"author":2,"featured_media":0,"parent":0,"menu_order":0,"comment_status":"closed","ping_status":"closed","template":"","meta":{"_crdt_document":"","_themeisle_gutenberg_block_has_review":false,"h5ap_radio_sources":[],"footnotes":""},"class_list":["post-295","page","type-page","status-publish","hentry"],"_links":{"self":[{"href":"http:\/\/www.cronopio.de\/seitenstetten-2020\/wp-json\/wp\/v2\/pages\/295","targetHints":{"allow":["GET"]}}],"collection":[{"href":"http:\/\/www.cronopio.de\/seitenstetten-2020\/wp-json\/wp\/v2\/pages"}],"about":[{"href":"http:\/\/www.cronopio.de\/seitenstetten-2020\/wp-json\/wp\/v2\/types\/page"}],"author":[{"embeddable":true,"href":"http:\/\/www.cronopio.de\/seitenstetten-2020\/wp-json\/wp\/v2\/users\/2"}],"replies":[{"embeddable":true,"href":"http:\/\/www.cronopio.de\/seitenstetten-2020\/wp-json\/wp\/v2\/comments?post=295"}],"version-history":[{"count":1,"href":"http:\/\/www.cronopio.de\/seitenstetten-2020\/wp-json\/wp\/v2\/pages\/295\/revisions"}],"predecessor-version":[{"id":296,"href":"http:\/\/www.cronopio.de\/seitenstetten-2020\/wp-json\/wp\/v2\/pages\/295\/revisions\/296"}],"wp:attachment":[{"href":"http:\/\/www.cronopio.de\/seitenstetten-2020\/wp-json\/wp\/v2\/media?parent=295"}],"curies":[{"name":"wp","href":"https:\/\/api.w.org\/{rel}","templated":true}]}}