{"id":43,"date":"2019-07-29T16:22:30","date_gmt":"2019-07-29T14:22:30","guid":{"rendered":"http:\/\/www.cronopio.de\/seitenstetten-2019\/?page_id=43"},"modified":"2019-08-23T13:47:17","modified_gmt":"2019-08-23T11:47:17","slug":"verschiedene-vokalwerke","status":"publish","type":"page","link":"http:\/\/www.cronopio.de\/seitenstetten-2019\/verschiedene-vokalwerke\/","title":{"rendered":"Verschiedene Vokalwerke"},"content":{"rendered":"\n<h3 class=\"wp-block-heading\">It smuct Epithalamion eller Brudesang (anonym)<\/h3>\n\n\n\n<p class=\"wp-block-paragraph\">Text: Hans Christensen Sthen<\/p>\n\n\n\n<ul class=\"wp-block-list\"><li><a href=\"https:\/\/glueckskaese.de\/noten\/seitenstetten_19\/06_Einzelwerke\/It_smuct_epithalamion.pdf\">Partitur<\/a><\/li><li><a href=\"http:\/\/www.cronopio.de\/seitenstetten-2019\/verschiedene-vokalwerke\/it-smuct-epithalamion-eller-brudesang\/\">Text\u00fcbersetzung<\/a><\/li><\/ul>\n\n\n\n<h3 class=\"wp-block-heading\">Ick hape, Here, darup (Eucharius Hoffmann)<\/h3>\n\n\n\n<ul class=\"wp-block-list\"><li><a href=\"https:\/\/glueckskaese.de\/noten\/seitenstetten_19\/06_Einzelwerke\/Hoffmann_-_Ick_hape_Here_darup.pdf\">Partitur<\/a><\/li><li><a href=\"http:\/\/www.cronopio.de\/seitenstetten-2019\/verschiedene-vokalwerke\/ick-hape-here-darup\/\">Text\u00fcbersetzung<\/a><\/li><\/ul>\n\n\n\n<h3 class=\"wp-block-heading\">Omnes gentes, plaudite manibus (Philipp Dulichius)<\/h3>\n\n\n\n<p class=\"wp-block-paragraph\">Text: Psalm 47 (46)<\/p>\n\n\n\n<ul class=\"wp-block-list\"><li><a href=\"https:\/\/glueckskaese.de\/noten\/seitenstetten_19\/06_Einzelwerke\/Dulichius_-_Omnes_gentes_plaudite_manibus.pdf\">Partitur<\/a><\/li><li><a href=\"https:\/\/glueckskaese.de\/noten\/seitenstetten_19\/06_Einzelwerke\/Dulichius_-_Omnes_gentes_plaudite_manibus_Chorpartituren.pdf\">Einzelstimmen<\/a><\/li><li><a href=\"http:\/\/www.cronopio.de\/seitenstetten-2019\/verschiedene-vokalwerke\/omnes-gentes-plaudite-manibus\/\">Text\u00fcbersetzung<\/a><\/li><\/ul>\n\n\n\n<h3 class=\"wp-block-heading\">Jauchzet dem Herren \u2013 Mein Herz ist bereitet (anonym)<\/h3>\n\n\n\n<p class=\"wp-block-paragraph\">Text: Psalm 98,4 und Psalm 57,7\u201310<\/p>\n\n\n\n<ul class=\"wp-block-list\"><li><a href=\"https:\/\/glueckskaese.de\/noten\/seitenstetten_19\/06_Einzelwerke\/Anonym_-_Jauchzet_dem_Herren_-_Mein_Herz_ist_bereitet.pdf\">Partitur<\/a><\/li><li><a href=\"https:\/\/glueckskaese.de\/noten\/seitenstetten_19\/06_Einzelwerke\/Anonym_-_Jauchzet_dem_Herren_-_Mein_Herz_ist_bereitet_Chorpartituren.pdf\">Chorpartituren<\/a><\/li><\/ul>\n\n\n\n<p class=\"wp-block-paragraph\"><\/p>\n","protected":false},"excerpt":{"rendered":"<p>It smuct Epithalamion eller Brudesang (anonym) Text: Hans Christensen Sthen Partitur Text\u00fcbersetzung Ick hape, Here, darup (Eucharius Hoffmann) Partitur Text\u00fcbersetzung Omnes gentes, plaudite manibus (Philipp Dulichius) Text: Psalm 47 (46) Partitur Einzelstimmen Text\u00fcbersetzung Jauchzet dem Herren \u2013 Mein Herz ist bereitet (anonym) Text: Psalm 98,4 und Psalm 57,7\u201310 Partitur Chorpartituren<\/p>\n","protected":false},"author":2,"featured_media":0,"parent":0,"menu_order":7,"comment_status":"closed","ping_status":"closed","template":"","meta":{"_crdt_document":"","_themeisle_gutenberg_block_has_review":false,"h5ap_radio_sources":[],"footnotes":""},"class_list":["post-43","page","type-page","status-publish","hentry"],"_links":{"self":[{"href":"http:\/\/www.cronopio.de\/seitenstetten-2019\/wp-json\/wp\/v2\/pages\/43","targetHints":{"allow":["GET"]}}],"collection":[{"href":"http:\/\/www.cronopio.de\/seitenstetten-2019\/wp-json\/wp\/v2\/pages"}],"about":[{"href":"http:\/\/www.cronopio.de\/seitenstetten-2019\/wp-json\/wp\/v2\/types\/page"}],"author":[{"embeddable":true,"href":"http:\/\/www.cronopio.de\/seitenstetten-2019\/wp-json\/wp\/v2\/users\/2"}],"replies":[{"embeddable":true,"href":"http:\/\/www.cronopio.de\/seitenstetten-2019\/wp-json\/wp\/v2\/comments?post=43"}],"version-history":[{"count":8,"href":"http:\/\/www.cronopio.de\/seitenstetten-2019\/wp-json\/wp\/v2\/pages\/43\/revisions"}],"predecessor-version":[{"id":262,"href":"http:\/\/www.cronopio.de\/seitenstetten-2019\/wp-json\/wp\/v2\/pages\/43\/revisions\/262"}],"wp:attachment":[{"href":"http:\/\/www.cronopio.de\/seitenstetten-2019\/wp-json\/wp\/v2\/media?parent=43"}],"curies":[{"name":"wp","href":"https:\/\/api.w.org\/{rel}","templated":true}]}}