{"id":41,"date":"2019-07-29T16:21:58","date_gmt":"2019-07-29T14:21:58","guid":{"rendered":"http:\/\/www.cronopio.de\/seitenstetten-2019\/?page_id=41"},"modified":"2019-08-21T19:09:38","modified_gmt":"2019-08-21T17:09:38","slug":"clausholm-motetten","status":"publish","type":"page","link":"http:\/\/www.cronopio.de\/seitenstetten-2019\/clausholm-motetten\/","title":{"rendered":"Die Clausholm-Fragmente"},"content":{"rendered":"\n<p class=\"wp-block-paragraph\">Das\nSchloss Clausholm, ein Barockbau mit einer \u00e4lteren Geschichte, liegt 12km\ns\u00fcd\u00f6stlich von Randers und 25km n\u00f6rdlich von Aarhus in J\u00fctland. Als 1964 die um\n1700 gebaute Orgel zwecks Restauration komplett zerlegt wurde, stellte man\nfest, dass die B\u00e4lge mit Papierstreifen abgedichtet worden waren. Aber nicht\nmit irgendwelchem Papier \u2013 mit alten Musikhandschriften. In den folgenden\nJahren gelang es, einen Teil dieser Musik zu identifizieren und einige der\nFragmente zu rekonstruieren. Es handelt sich gro\u00dfenteils um Orgelwerke\n(aufgeschrieben in Orgeltabulatur) von Jacob Praetorius und Heinrich\nScheidemann, kleine Fragmente von unidentifizierter Instrumentalmusik und\nVokalmusik von Heinrich Sch\u00fctz (Kleine geistliche Konzerte II) und Johann\nHermann Schein (Opella nova) sowie etliche anonyme Vokalst\u00fccke. Besonders\nherausragend (und in unseren Noten enthalten) ist die fast komplett erhaltene\ndoppelch\u00f6rige Motette \u201eJauchzet dem Herren \u2013 Mein Herz ist bereitet\u201c eines\nunbekannten Komponisten, wohl aus der Zeit um 1630\/40.<\/p>\n\n\n\n<div class=\"wp-block-image\"><figure class=\"aligncenter\"><img loading=\"lazy\" decoding=\"async\" width=\"347\" height=\"386\" src=\"http:\/\/www.cronopio.de\/seitenstetten-2019\/wp-content\/uploads\/sites\/9\/2019\/07\/Clausholm-Fragmente.jpg\" alt=\"\" class=\"wp-image-137\" srcset=\"http:\/\/www.cronopio.de\/seitenstetten-2019\/wp-content\/uploads\/sites\/9\/2019\/07\/Clausholm-Fragmente.jpg 347w, http:\/\/www.cronopio.de\/seitenstetten-2019\/wp-content\/uploads\/sites\/9\/2019\/07\/Clausholm-Fragmente-270x300.jpg 270w, http:\/\/www.cronopio.de\/seitenstetten-2019\/wp-content\/uploads\/sites\/9\/2019\/07\/Clausholm-Fragmente-180x200.jpg 180w\" sizes=\"auto, (max-width: 347px) 100vw, 347px\" \/><figcaption>Teil eines mit einer Musikhandschrift geflickten Orgel-Blasebalges <\/figcaption><\/figure><\/div>\n\n\n\n<h2 class=\"wp-block-heading\"> Jauchzet dem Herren &#8211; Mein Herz ist bereitet <\/h2>\n\n\n\n<ul class=\"wp-block-list\"><li><a href=\"https:\/\/glueckskaese.de\/noten\/seitenstetten_19\/05a_Clausholm\/05a_Clausholm.pdf\">Partitur<\/a><\/li><li><a href=\"https:\/\/glueckskaese.de\/noten\/seitenstetten_19\/05a_Clausholm\/05a_Clausholm_Chorpartituren.pdf\">Chorpartituren<\/a><\/li><\/ul>\n","protected":false},"excerpt":{"rendered":"<p>Das Schloss Clausholm, ein Barockbau mit einer \u00e4lteren Geschichte, liegt 12km s\u00fcd\u00f6stlich von Randers und 25km n\u00f6rdlich von Aarhus in J\u00fctland. Als 1964 die um 1700 gebaute Orgel zwecks Restauration komplett zerlegt wurde, stellte man fest, dass die B\u00e4lge mit Papierstreifen abgedichtet worden waren. Aber nicht mit irgendwelchem Papier \u2013 &hellip;<\/p>\n","protected":false},"author":2,"featured_media":0,"parent":0,"menu_order":6,"comment_status":"closed","ping_status":"closed","template":"","meta":{"_crdt_document":"","_themeisle_gutenberg_block_has_review":false,"h5ap_radio_sources":[],"footnotes":""},"class_list":["post-41","page","type-page","status-publish","hentry"],"_links":{"self":[{"href":"http:\/\/www.cronopio.de\/seitenstetten-2019\/wp-json\/wp\/v2\/pages\/41","targetHints":{"allow":["GET"]}}],"collection":[{"href":"http:\/\/www.cronopio.de\/seitenstetten-2019\/wp-json\/wp\/v2\/pages"}],"about":[{"href":"http:\/\/www.cronopio.de\/seitenstetten-2019\/wp-json\/wp\/v2\/types\/page"}],"author":[{"embeddable":true,"href":"http:\/\/www.cronopio.de\/seitenstetten-2019\/wp-json\/wp\/v2\/users\/2"}],"replies":[{"embeddable":true,"href":"http:\/\/www.cronopio.de\/seitenstetten-2019\/wp-json\/wp\/v2\/comments?post=41"}],"version-history":[{"count":5,"href":"http:\/\/www.cronopio.de\/seitenstetten-2019\/wp-json\/wp\/v2\/pages\/41\/revisions"}],"predecessor-version":[{"id":250,"href":"http:\/\/www.cronopio.de\/seitenstetten-2019\/wp-json\/wp\/v2\/pages\/41\/revisions\/250"}],"wp:attachment":[{"href":"http:\/\/www.cronopio.de\/seitenstetten-2019\/wp-json\/wp\/v2\/media?parent=41"}],"curies":[{"name":"wp","href":"https:\/\/api.w.org\/{rel}","templated":true}]}}