{"id":35,"date":"2019-07-29T16:20:23","date_gmt":"2019-07-29T14:20:23","guid":{"rendered":"http:\/\/www.cronopio.de\/seitenstetten-2019\/?page_id=35"},"modified":"2019-08-21T19:04:05","modified_gmt":"2019-08-21T17:04:05","slug":"pederson-madrigale","status":"publish","type":"page","link":"http:\/\/www.cronopio.de\/seitenstetten-2019\/pederson-madrigale\/","title":{"rendered":"Madrigali a cinque voci (Mogens Peders\u00f8n)"},"content":{"rendered":"\n<h3 class=\"wp-block-heading\"> Ecco la primavera <\/h3>\n\n\n\n<ul class=\"wp-block-list\"><li><a href=\"https:\/\/glueckskaese.de\/noten\/seitenstetten_19\/04_Pedersoen_Madrigalia\/01_Ecco_la_Primavera.pdf\">Partitur<\/a><\/li><li><a href=\"https:\/\/glueckskaese.de\/noten\/seitenstetten_19\/04_Pedersoen_Madrigalia\/01_Ecco_la_Primavera_Einzelstimmen.pdf\">Einzelstimmen<\/a><\/li><li><a href=\"https:\/\/glueckskaese.de\/noten\/seitenstetten_19\/04_Pedersoen_Madrigalia\/www.cronopio.de\/seitenstetten-2019\/pederson-madrigale\/ecco-la-primavera\/\">Text\u00fcbersetzung<\/a><\/li><\/ul>\n\n\n\n<h3 class=\"wp-block-heading\">Se nel partir da voi<\/h3>\n\n\n\n<ul class=\"wp-block-list\"><li><a href=\"https:\/\/glueckskaese.de\/noten\/seitenstetten_19\/04_Pedersoen_Madrigalia\/02_Se_nel_partir.pdf\">Partitur<\/a><\/li><li><a href=\"https:\/\/glueckskaese.de\/noten\/seitenstetten_19\/04_Pedersoen_Madrigalia\/02_Se_nel_partir_Einzelstimmen.pdf\">Einzelstimmen<\/a><\/li><li><a href=\"https:\/\/glueckskaese.de\/noten\/seitenstetten_19\/04_Pedersoen_Madrigalia\/www.cronopio.de\/seitenstetten-2019\/pederson-madrigale\/se-nel-partir-da-voi\/\">Text\u00fcbersetzung<\/a><\/li><\/ul>\n\n\n\n<h3 class=\"wp-block-heading\">Morir\u00f2, cor mio<\/h3>\n\n\n\n<ul class=\"wp-block-list\"><li><a href=\"https:\/\/glueckskaese.de\/noten\/seitenstetten_19\/04_Pedersoen_Madrigalia\/03_Moriro_cor_mio.pdf\">Partitur<\/a><\/li><li><a href=\"https:\/\/glueckskaese.de\/noten\/seitenstetten_19\/04_Pedersoen_Madrigalia\/03_Moriro_cor_mio_Einzelstimmen.pdf\">Einzelstimmen<\/a><\/li><li><a href=\"https:\/\/glueckskaese.de\/noten\/seitenstetten_19\/04_Pedersoen_Madrigalia\/www.cronopio.de\/seitenstetten-2019\/pederson-madrigale\/moriro-cor-mio\/\">Text\u00fcbersetzung<\/a><\/li><\/ul>\n\n\n\n<h3 class=\"wp-block-heading\">S&#8217;io rido et scherzo<\/h3>\n\n\n\n<ul class=\"wp-block-list\"><li><a href=\"https:\/\/glueckskaese.de\/noten\/seitenstetten_19\/04_Pedersoen_Madrigalia\/10_S_io_rido_et_scherzo.pdf\">Partitur<\/a><\/li><li><a href=\"https:\/\/glueckskaese.de\/noten\/seitenstetten_19\/04_Pedersoen_Madrigalia\/10_S_io_rido_et_scherzo-Einzelstimmen.pdf\">Einzelstimmen<\/a><\/li><li><a href=\"https:\/\/glueckskaese.de\/noten\/seitenstetten_19\/04_Pedersoen_Madrigalia\/www.cronopio.de\/seitenstetten-2019\/pederson-madrigale\/sio-rido-et-scherzo\/\">Text\u00fcbersetzung<\/a><\/li><\/ul>\n\n\n\n<h3 class=\"wp-block-heading\"> Madonn&#8216;, Amor ed io <\/h3>\n\n\n\n<ul class=\"wp-block-list\"><li><a href=\"https:\/\/glueckskaese.de\/noten\/seitenstetten_19\/04_Pedersoen_Madrigalia\/20-21_Madonn_Amor_ed_io.pdf\">Partitur<\/a><\/li><li><a href=\"https:\/\/glueckskaese.de\/noten\/seitenstetten_19\/04_Pedersoen_Madrigalia\/20-21_Madonn_Amor_ed_io_Einzelstimmen.pdf\">Einzelstimmen<\/a><\/li><li><a href=\"https:\/\/glueckskaese.de\/noten\/seitenstetten_19\/04_Pedersoen_Madrigalia\/www.cronopio.de\/seitenstetten-2019\/pederson-madrigale\/madonn-amor-ed-io\/\">Text\u00fcbersetzung<\/a><\/li><\/ul>\n","protected":false},"excerpt":{"rendered":"<p>Ecco la primavera Partitur Einzelstimmen Text\u00fcbersetzung Se nel partir da voi Partitur Einzelstimmen Text\u00fcbersetzung Morir\u00f2, cor mio Partitur Einzelstimmen Text\u00fcbersetzung S&#8217;io rido et scherzo Partitur Einzelstimmen Text\u00fcbersetzung Madonn&#8216;, Amor ed io Partitur Einzelstimmen Text\u00fcbersetzung<\/p>\n","protected":false},"author":2,"featured_media":0,"parent":0,"menu_order":4,"comment_status":"closed","ping_status":"closed","template":"","meta":{"_crdt_document":"","_themeisle_gutenberg_block_has_review":false,"h5ap_radio_sources":[],"footnotes":""},"class_list":["post-35","page","type-page","status-publish","hentry"],"_links":{"self":[{"href":"http:\/\/www.cronopio.de\/seitenstetten-2019\/wp-json\/wp\/v2\/pages\/35","targetHints":{"allow":["GET"]}}],"collection":[{"href":"http:\/\/www.cronopio.de\/seitenstetten-2019\/wp-json\/wp\/v2\/pages"}],"about":[{"href":"http:\/\/www.cronopio.de\/seitenstetten-2019\/wp-json\/wp\/v2\/types\/page"}],"author":[{"embeddable":true,"href":"http:\/\/www.cronopio.de\/seitenstetten-2019\/wp-json\/wp\/v2\/users\/2"}],"replies":[{"embeddable":true,"href":"http:\/\/www.cronopio.de\/seitenstetten-2019\/wp-json\/wp\/v2\/comments?post=35"}],"version-history":[{"count":7,"href":"http:\/\/www.cronopio.de\/seitenstetten-2019\/wp-json\/wp\/v2\/pages\/35\/revisions"}],"predecessor-version":[{"id":248,"href":"http:\/\/www.cronopio.de\/seitenstetten-2019\/wp-json\/wp\/v2\/pages\/35\/revisions\/248"}],"wp:attachment":[{"href":"http:\/\/www.cronopio.de\/seitenstetten-2019\/wp-json\/wp\/v2\/media?parent=35"}],"curies":[{"name":"wp","href":"https:\/\/api.w.org\/{rel}","templated":true}]}}