{"id":155,"date":"2019-07-31T15:44:37","date_gmt":"2019-07-31T13:44:37","guid":{"rendered":"http:\/\/www.cronopio.de\/seitenstetten-2019\/?page_id=155"},"modified":"2019-08-23T21:28:32","modified_gmt":"2019-08-23T19:28:32","slug":"it-smuct-epithalamion-eller-brudesang","status":"publish","type":"page","link":"http:\/\/www.cronopio.de\/seitenstetten-2019\/verschiedene-vokalwerke\/it-smuct-epithalamion-eller-brudesang\/","title":{"rendered":"It smuct Epithalamion eller Brudesang"},"content":{"rendered":"\n<p class=\"wp-block-paragraph\">Text: Hans Christensen Sthen <\/p>\n\n\n\n<table class=\"wp-block-table\"><tbody><tr><td>  1. Det er baade gaat oc lader vel, <br>   i   tuct oc udi \u00e6re:<br>   At \u00e6re den Stat Gud stifftet sel, <br>   i   tuct oc udi \u00e6re,<br>   Gud   oss velsigne oc n\u00e6re. <\/td><td>1. Es ist gut und wohl angesehen <br>in Tugend und Ehre,<br> zu ehren den Stand, den Gott selbst gestiftet hat,<br> in Tugend und Ehre, <br>Gott segne und ern\u00e4hre uns. <\/td><\/tr><tr><td>    2. Denne   Brud til \u00e6re siunge wi, \/ i tuct\u2026<br>   Oc   hendis Brudgom en Vise ny, \/ i tuct\u2026<br>   Gud   dem velsigne oc n\u00e6re.<\/td><td>2.  Dieser Braut zu Ehren singen wir, in Tugend&#8230;<br> und ihrem Br\u00e4utigam ein neues Lied, in Tugend&#8230;,<br> Gott segne und ern\u00e4hre sie. <\/td><\/tr><tr><td> 3. De   ere oc begge i Herrens haand \/ i tuct\u2026<br>   Thi   de giffve sig i Ecteskabs baand \/ i tuct\u2026<br>   Gud dem velsigne oc n\u00e6re. <\/td><td>3. Sie sind auch beide in des Herren Hand, in Tugend&#8230;<br> weil sie sich in den Bund der Ehe geben, in Tugend&#8230;, <br>Gott segne und ern\u00e4hre sie. <\/td><\/tr><tr><td>  4. Gud haffver dennem tilhaabe s\u00e6t \/ i tuct&#8230;<br>   At   hans naffn ey skulde bliffve forg\u00e6t \/i tuct..<br>   Gud dem velsigne oc n\u00e6re.<\/td><td>4.  Gott hat sie zusammen gesetzt, in Tugend&#8230;<br> damit sein Name nicht vergessen werden sollte, in Tugend&#8230;, <br>Gott segne und ern\u00e4hre sie. <\/td><\/tr><tr><td>  5. Der Adam soff oc vaar allen \/ i tuct &#8230; <br>   Skabte   Gud en Quinde aff hans been\/i tuct&#8230; <br>   Gud dem velsigne oc n\u00e6re. <\/td><td> 5.\u00a0 Als Adam schlief und allein war, &#8230;<br> erschuf Gott eine Frau aus seinem Gebein, &#8230;<br> Gott segne und ern\u00e4hre sie. <\/td><\/tr><tr><td> 6.   Der hand opvaagnede oc sig omsaa\/i tuct\u2026<br>   Hans   Ki\u00f8d oc been for hannem mon staa\/i tuct&#8230;<br>   Gud dem velsigne oc n\u00e6re. <\/td><td> 6. Als er aufwachte und sich umsah, &#8230;<br> stand sein Fleisch und Bein vor ihm, &#8230;<br> Gott segne und ern\u00e4hre sie.\u00a0\u00a0\u00a0\u00a0\u00a0  <\/td><\/tr><tr><td>   7. En Mandinde skal hun kaldis ret \/ i tuct &#8230; <br>   I kierlighed deris hierte er s\u00e6t \/ i tuct &#8230; <br>   Gud dem velsigne oc n\u00e6re.    &nbsp;      <\/td><td>7.  Eine M\u00e4nnin soll sie recht genannt werden, &#8230;<br> in Liebe sind ihrer beider Herzen versetzt, &#8230;<br> Gott segne und ern\u00e4hre sie. <\/td><\/tr><tr><td> 8. Gud gaff hannem hende ved haanden brat\/i tuct..<br>   S\u00e6tte der met ind den Ecte stat \/ i tuct &#8230;<br>   Gud dem velsigne oc n\u00e6re. <\/td><td> 8. Gott gab ihm sie sofort zur Hand, &#8230;<br> und brachte sie damit in den Ehestand, &#8230;<br> Gott segne und ern\u00e4hre sie. <\/td><\/tr><tr><td>    9.   Vor Herre oc Gud hand Adam b\u00f8d \/ i tuct &#8230;<br>   Met   sued skalt du nu vinde dit Br\u00f8d \/ i tuct &#8230;<br>   Din   Hustru oc B\u00f8rn at n\u00e6re.  &nbsp;    <\/td><td> 9. Unser Herr und Gott, er gebot Adam, &#8230;, <br> mit Schwei\u00df sollst du von nun an dein Brot finden, &#8230;<br> um deine Frau und Kinder zu n\u00e4hren. <\/td><\/tr><tr><td>   10. Til   Quinden sagde hand i fort\u00f8rn \/ i tuct &#8230; \/<br>   Met smerte skalt du f\u00f8de dine B\u00f8rn \/ i tuct &#8230; \/<br>   Dine B\u00f8rn optucte oc n\u00e6re. <\/td><td>10.  Zur Frau sagte er im Zorn, &#8230;<br> Mit Schmerzen sollst du deine Kinder geb\u00e4ren, &#8230;<br> deine Kinder aufziehen und n\u00e4hren. <\/td><\/tr><tr><td>    11. Din Mand skalt du v\u00e6re lydig mest \/ i tuct &#8230; \/<br>   Det skal alt v\u00e6re dit Kaarss der nest \/ i tuct &#8230; \/<br>   Dine B\u00f8rn optucte oc n\u00e6re. <\/td><td> 11. Deinem Mann sollst du am meisten gehorsam sein, &#8230;<br> das soll alles dein Kreuz sein, &#8230;<br> deine Kinder aufzuziehen und zu n\u00e4hren. <\/td><\/tr><tr><td>  12. Saa f\u00f8lget nu Gud oc Christi l\u00e6re \/ i tuct &#8230; \/<br>   Saa   fare i vel baade her oc der \/ i tuct &#8230; \/<br>   Gud   eder velsigne oc n\u00e6re. <\/td><td>12.  So folget nun Gott und Christi Lehre, &#8230;<br> so geht es euch gut hier auf Erden und dort im Himmel, &#8230;<br> Gott segne und n\u00e4hre euch <\/td><\/tr><tr><td> 13.   Naar Gud eder liffs fruct giffver met \/ i tuct &#8230; \/<br>   Saa   f\u00f8der dem op i \u00e6rlighed \/ i tuct &#8230; \/<br>   Gud vil dem gerne n\u00e6re. <\/td><td>13.  Wenn Gott euch Kinder gibt, &#8230;<br> so zieht sie ehrlich auf, &#8230;<br> Gott wird sie gerne n\u00e4hren. <\/td><\/tr><tr><td> 14. I ere oc nu en Quinde oc Mand \/ i tuct &#8230; \/<br>   Thi   skulle i v\u00e6re it liff forsand \/ i tuct &#8230; \/<br>   Gud eder velsigne oc n\u00e6re.   <\/td><td>14.  Ihr seid jetzt Frau und Mann, &#8230;<br> darum sollt ihr wahrlich <strong>ein<\/strong> Leben sein, &#8230;<br> Gott segne und ern\u00e4hre euch. <\/td><\/tr><tr><td>15.  Den ene mene den anden met tro \/ i tuct &#8230; \/ <br>Met Hierte oc sin tilsammen bo \/ i tuct &#8230;\/ <br>Gud eder velsigne oc\u00a0 n\u00e6re. <\/td><td>15. Der eine begegne dem anderen mit Glauben, &#8230;<br> mit Herz und Sinn lebt zusammen, &#8230;<br> Gott segne und ern\u00e4hre euch. <\/td><\/tr><tr><td>16.  Gud giffve eder begge gode Nat \/ i tuct &#8230; \/ <br>Met B\u00f8n begynder eders Stat \/ i tuct &#8230; \/ <br>Saa vil eder Gud formere. <\/td><td>16.  Gott gebe euch beiden eine gute Nacht, &#8230;<br> mit Gebet beginne eure Verbindung, &#8230;<br> so wird euch Gott vermehren. <\/td><\/tr><\/tbody><\/table>\n\n\n\n<p class=\"wp-block-paragraph\"><\/p>\n","protected":false},"excerpt":{"rendered":"<p>Text: Hans Christensen Sthen 1. Det er baade gaat oc lader vel, i tuct oc udi \u00e6re: At \u00e6re den Stat Gud stifftet sel, i tuct oc udi \u00e6re, Gud oss velsigne oc n\u00e6re. 1. Es ist gut und wohl angesehen in Tugend und Ehre, zu ehren den Stand, den &hellip;<\/p>\n","protected":false},"author":2,"featured_media":0,"parent":43,"menu_order":1,"comment_status":"closed","ping_status":"closed","template":"","meta":{"_crdt_document":"","_themeisle_gutenberg_block_has_review":false,"h5ap_radio_sources":[],"footnotes":""},"class_list":["post-155","page","type-page","status-publish","hentry"],"_links":{"self":[{"href":"http:\/\/www.cronopio.de\/seitenstetten-2019\/wp-json\/wp\/v2\/pages\/155","targetHints":{"allow":["GET"]}}],"collection":[{"href":"http:\/\/www.cronopio.de\/seitenstetten-2019\/wp-json\/wp\/v2\/pages"}],"about":[{"href":"http:\/\/www.cronopio.de\/seitenstetten-2019\/wp-json\/wp\/v2\/types\/page"}],"author":[{"embeddable":true,"href":"http:\/\/www.cronopio.de\/seitenstetten-2019\/wp-json\/wp\/v2\/users\/2"}],"replies":[{"embeddable":true,"href":"http:\/\/www.cronopio.de\/seitenstetten-2019\/wp-json\/wp\/v2\/comments?post=155"}],"version-history":[{"count":10,"href":"http:\/\/www.cronopio.de\/seitenstetten-2019\/wp-json\/wp\/v2\/pages\/155\/revisions"}],"predecessor-version":[{"id":268,"href":"http:\/\/www.cronopio.de\/seitenstetten-2019\/wp-json\/wp\/v2\/pages\/155\/revisions\/268"}],"up":[{"embeddable":true,"href":"http:\/\/www.cronopio.de\/seitenstetten-2019\/wp-json\/wp\/v2\/pages\/43"}],"wp:attachment":[{"href":"http:\/\/www.cronopio.de\/seitenstetten-2019\/wp-json\/wp\/v2\/media?parent=155"}],"curies":[{"name":"wp","href":"https:\/\/api.w.org\/{rel}","templated":true}]}}