{"id":112,"date":"2019-07-29T22:22:34","date_gmt":"2019-07-29T20:22:34","guid":{"rendered":"http:\/\/www.cronopio.de\/seitenstetten-2019\/?page_id=112"},"modified":"2019-07-29T22:22:34","modified_gmt":"2019-07-29T20:22:34","slug":"o-lam-gades","status":"publish","type":"page","link":"http:\/\/www.cronopio.de\/seitenstetten-2019\/flamingus-motetten\/o-lam-gades\/","title":{"rendered":"O Lam Gades"},"content":{"rendered":"\n<table class=\"wp-block-table\"><tbody><tr><td>O Lam Gades, unschuldich,<br>am Stamme des Creutz geschlachtet, <br>alltidt gefunden duldich, <br>wowol du wordest vorachtet.<br>All S\u00fcnde heffs tu gedragen,<br>sus m\u00f6ste w\u00ff vortzagen.<br>Erbarm d\u00ff unser, o Jesu. <\/td><td>O Lamm Gottes, unschuldig,<br>am Stamm des Kreuzes geschlachtet,<br>allzeit erfunden geduldig,<br>wiewohl du warest verachtet,<br>all S\u00fcnd hast du getragen,<br>sonst m\u00fcssten wir verzagen.<br>Erbarm dich unser, o Jesu. <\/td><\/tr><\/tbody><\/table>\n","protected":false},"excerpt":{"rendered":"<p>O Lam Gades, unschuldich,am Stamme des Creutz geschlachtet, alltidt gefunden duldich, wowol du wordest vorachtet.All S\u00fcnde heffs tu gedragen,sus m\u00f6ste w\u00ff vortzagen.Erbarm d\u00ff unser, o Jesu. O Lamm Gottes, unschuldig,am Stamm des Kreuzes geschlachtet,allzeit erfunden geduldig,wiewohl du warest verachtet,all S\u00fcnd hast du getragen,sonst m\u00fcssten wir verzagen.Erbarm dich unser, o Jesu.<\/p>\n","protected":false},"author":2,"featured_media":0,"parent":32,"menu_order":0,"comment_status":"closed","ping_status":"closed","template":"","meta":{"_crdt_document":"","_themeisle_gutenberg_block_has_review":false,"h5ap_radio_sources":[],"footnotes":""},"class_list":["post-112","page","type-page","status-publish","hentry"],"_links":{"self":[{"href":"http:\/\/www.cronopio.de\/seitenstetten-2019\/wp-json\/wp\/v2\/pages\/112","targetHints":{"allow":["GET"]}}],"collection":[{"href":"http:\/\/www.cronopio.de\/seitenstetten-2019\/wp-json\/wp\/v2\/pages"}],"about":[{"href":"http:\/\/www.cronopio.de\/seitenstetten-2019\/wp-json\/wp\/v2\/types\/page"}],"author":[{"embeddable":true,"href":"http:\/\/www.cronopio.de\/seitenstetten-2019\/wp-json\/wp\/v2\/users\/2"}],"replies":[{"embeddable":true,"href":"http:\/\/www.cronopio.de\/seitenstetten-2019\/wp-json\/wp\/v2\/comments?post=112"}],"version-history":[{"count":1,"href":"http:\/\/www.cronopio.de\/seitenstetten-2019\/wp-json\/wp\/v2\/pages\/112\/revisions"}],"predecessor-version":[{"id":113,"href":"http:\/\/www.cronopio.de\/seitenstetten-2019\/wp-json\/wp\/v2\/pages\/112\/revisions\/113"}],"up":[{"embeddable":true,"href":"http:\/\/www.cronopio.de\/seitenstetten-2019\/wp-json\/wp\/v2\/pages\/32"}],"wp:attachment":[{"href":"http:\/\/www.cronopio.de\/seitenstetten-2019\/wp-json\/wp\/v2\/media?parent=112"}],"curies":[{"name":"wp","href":"https:\/\/api.w.org\/{rel}","templated":true}]}}