{"id":103,"date":"2019-07-29T22:15:41","date_gmt":"2019-07-29T20:15:41","guid":{"rendered":"http:\/\/www.cronopio.de\/seitenstetten-2019\/?page_id=103"},"modified":"2019-07-29T22:15:41","modified_gmt":"2019-07-29T20:15:41","slug":"sicut-iuvenis-amat","status":"publish","type":"page","link":"http:\/\/www.cronopio.de\/seitenstetten-2019\/stockmann-motetten\/sicut-iuvenis-amat\/","title":{"rendered":"Sicut iuvenis amat"},"content":{"rendered":"\n<p class=\"wp-block-paragraph\">Quelle: Jesaja, LXII, 5<\/p>\n\n\n\n<table class=\"wp-block-table\"><tbody><tr><td>Sicut iuvenis amat virginem, <br>ita pro adamata habebunt te filii tui.<br>Et ut est gaudium sponso super sponsam, <br>sic gaudebit super te, Deus tuus. <\/td><td>Denn, wie ein junger Mann eine Jungfrau freit,<br>so werden dich deine S\u00f6hne freien,<br>und wie sich ein Br\u00e4utigam freut \u00fcber die Braut,<br>so wird sich dein Gott \u00fcber dich freuen <\/td><\/tr><\/tbody><\/table>\n","protected":false},"excerpt":{"rendered":"<p>Quelle: Jesaja, LXII, 5 Sicut iuvenis amat virginem, ita pro adamata habebunt te filii tui.Et ut est gaudium sponso super sponsam, sic gaudebit super te, Deus tuus. Denn, wie ein junger Mann eine Jungfrau freit,so werden dich deine S\u00f6hne freien,und wie sich ein Br\u00e4utigam freut \u00fcber die Braut,so wird sich &hellip;<\/p>\n","protected":false},"author":2,"featured_media":0,"parent":28,"menu_order":0,"comment_status":"closed","ping_status":"closed","template":"","meta":{"_crdt_document":"","_themeisle_gutenberg_block_has_review":false,"h5ap_radio_sources":[],"footnotes":""},"class_list":["post-103","page","type-page","status-publish","hentry"],"_links":{"self":[{"href":"http:\/\/www.cronopio.de\/seitenstetten-2019\/wp-json\/wp\/v2\/pages\/103","targetHints":{"allow":["GET"]}}],"collection":[{"href":"http:\/\/www.cronopio.de\/seitenstetten-2019\/wp-json\/wp\/v2\/pages"}],"about":[{"href":"http:\/\/www.cronopio.de\/seitenstetten-2019\/wp-json\/wp\/v2\/types\/page"}],"author":[{"embeddable":true,"href":"http:\/\/www.cronopio.de\/seitenstetten-2019\/wp-json\/wp\/v2\/users\/2"}],"replies":[{"embeddable":true,"href":"http:\/\/www.cronopio.de\/seitenstetten-2019\/wp-json\/wp\/v2\/comments?post=103"}],"version-history":[{"count":1,"href":"http:\/\/www.cronopio.de\/seitenstetten-2019\/wp-json\/wp\/v2\/pages\/103\/revisions"}],"predecessor-version":[{"id":104,"href":"http:\/\/www.cronopio.de\/seitenstetten-2019\/wp-json\/wp\/v2\/pages\/103\/revisions\/104"}],"up":[{"embeddable":true,"href":"http:\/\/www.cronopio.de\/seitenstetten-2019\/wp-json\/wp\/v2\/pages\/28"}],"wp:attachment":[{"href":"http:\/\/www.cronopio.de\/seitenstetten-2019\/wp-json\/wp\/v2\/media?parent=103"}],"curies":[{"name":"wp","href":"https:\/\/api.w.org\/{rel}","templated":true}]}}