{"id":173,"date":"2018-08-05T14:44:32","date_gmt":"2018-08-05T12:44:32","guid":{"rendered":"http:\/\/www.cronopio.de\/seitenstetten-2018\/?page_id=173"},"modified":"2018-08-05T14:47:45","modified_gmt":"2018-08-05T12:47:45","slug":"vexilla-regis-prodeunt-passio-domini-nostri","status":"publish","type":"page","link":"http:\/\/www.cronopio.de\/seitenstetten-2018\/fruehzeit\/vexilla-regis-prodeunt-passio-domini-nostri\/","title":{"rendered":"Vexilla regis prodeunt\/Passio Domini nostri"},"content":{"rendered":"\n<h6 class=\"wp-block-heading\">\u00dcbersetzung<\/h6>\n\n\n\n<table class=\"wp-block-table has-fixed-layout\"><tbody><tr><td>Vexilla regis prodeunt,<br\/>fulget crucis mysterium,<br\/>quo carne carnis conditor<br\/>suspensus est patibulo.<\/td><td>Die Fahnen des K\u00f6nigs ziehen voran,<br\/>es gl\u00e4nzt das Geheimnis des Kreuzes,<br\/>des Marterholzes, an dem der Sch\u00f6pfer des Fleisches, selber Fleisch, <br\/>aufgeh\u00e4ngt wurde.<\/td><\/tr><tr><td>Passio Domini nostri Jesu Christi <br\/>secundum Mattheum:<br\/>In illo temport dixit Jesus discipulis suis:<br\/>Tristis es anima mea usque ad mortem.<br\/>Jesus autem iterum voce magna clamans emisit spiritum.<\/td><td>Das Leiden unseres Herrn Jesus Christus <br\/>nach Matth\u00e4us:<br\/>In jener Zeit sagte Jesus zu seinen J\u00fcngern:<br\/>Meine Seele ist betr\u00fcbt bis in den Tod.<br\/>Jesus aber schrie wiederum laut und gab seinen Geist auf.<\/td><\/tr><\/tbody><\/table>\n","protected":false},"excerpt":{"rendered":"<p>Vexilla regis prodeunt,fulget crucis mysterium,quo carne carnis conditorsuspensus est patibulo. Die Fahnen des K\u00f6nigs ziehen voran,es gl\u00e4nzt das Geheimnis des Kreuzes,des Marterholzes, an dem der Sch\u00f6pfer des Fleisches, selber Fleisch, aufgeh\u00e4ngt wurde. Passio Domini nostri Jesu Christi secundum Mattheum:In illo temport dixit Jesus discipulis suis:Tristis es anima mea usque ad &hellip;<\/p>\n","protected":false},"author":2,"featured_media":0,"parent":19,"menu_order":3,"comment_status":"closed","ping_status":"closed","template":"","meta":{"_crdt_document":"","_themeisle_gutenberg_block_has_review":false,"h5ap_radio_sources":[],"footnotes":""},"class_list":["post-173","page","type-page","status-publish","hentry"],"_links":{"self":[{"href":"http:\/\/www.cronopio.de\/seitenstetten-2018\/wp-json\/wp\/v2\/pages\/173","targetHints":{"allow":["GET"]}}],"collection":[{"href":"http:\/\/www.cronopio.de\/seitenstetten-2018\/wp-json\/wp\/v2\/pages"}],"about":[{"href":"http:\/\/www.cronopio.de\/seitenstetten-2018\/wp-json\/wp\/v2\/types\/page"}],"author":[{"embeddable":true,"href":"http:\/\/www.cronopio.de\/seitenstetten-2018\/wp-json\/wp\/v2\/users\/2"}],"replies":[{"embeddable":true,"href":"http:\/\/www.cronopio.de\/seitenstetten-2018\/wp-json\/wp\/v2\/comments?post=173"}],"version-history":[{"count":2,"href":"http:\/\/www.cronopio.de\/seitenstetten-2018\/wp-json\/wp\/v2\/pages\/173\/revisions"}],"predecessor-version":[{"id":178,"href":"http:\/\/www.cronopio.de\/seitenstetten-2018\/wp-json\/wp\/v2\/pages\/173\/revisions\/178"}],"up":[{"embeddable":true,"href":"http:\/\/www.cronopio.de\/seitenstetten-2018\/wp-json\/wp\/v2\/pages\/19"}],"wp:attachment":[{"href":"http:\/\/www.cronopio.de\/seitenstetten-2018\/wp-json\/wp\/v2\/media?parent=173"}],"curies":[{"name":"wp","href":"https:\/\/api.w.org\/{rel}","templated":true}]}}