{"id":171,"date":"2018-08-05T14:41:49","date_gmt":"2018-08-05T12:41:49","guid":{"rendered":"http:\/\/www.cronopio.de\/seitenstetten-2018\/?page_id=171"},"modified":"2018-08-05T14:41:50","modified_gmt":"2018-08-05T12:41:50","slug":"tous-les-regretz","status":"publish","type":"page","link":"http:\/\/www.cronopio.de\/seitenstetten-2018\/fruehzeit\/tous-les-regretz\/","title":{"rendered":"Tous les regretz"},"content":{"rendered":"\n<h6 class=\"wp-block-heading\">\u00dcbersetzung<\/h6>\n\n\n\n<table class=\"wp-block-table has-fixed-layout\"><tbody><tr><td>Tous les regretz qui les cueurs tourmentez,<br\/>venez au mien <br\/>et en luy vous boutez <br\/>pour abregier <br\/>le surplus de ma vie.<br\/>Car j\u2019ay perdu celle <br\/>qui assouvie,<br\/>estoit en meurs et parfaictes bontez.<\/td><td>Alle Reuegef\u00fchle, die die Herzen qu\u00e4len,<br\/>kommt zu meinem Herzen <br\/>und lasst euch hier nieder, <br\/>um das abzuk\u00fcrzen, <br\/>was von meinem Leben noch \u00fcbrig ist.<br\/>Denn ich habe die verloren, <br\/>die mein Leben erf\u00fcllt hatte.<br\/>Ich sterbe und bin doch bei perfekter Gesundheit.<\/td><\/tr><\/tbody><\/table>\n","protected":false},"excerpt":{"rendered":"<p>Tous les regretz qui les cueurs tourmentez,venez au mien et en luy vous boutez pour abregier le surplus de ma vie.Car j\u2019ay perdu celle qui assouvie,estoit en meurs et parfaictes bontez. Alle Reuegef\u00fchle, die die Herzen qu\u00e4len,kommt zu meinem Herzen und lasst euch hier nieder, um das abzuk\u00fcrzen, was von &hellip;<\/p>\n","protected":false},"author":2,"featured_media":0,"parent":19,"menu_order":2,"comment_status":"closed","ping_status":"closed","template":"","meta":{"_crdt_document":"","_themeisle_gutenberg_block_has_review":false,"h5ap_radio_sources":[],"footnotes":""},"class_list":["post-171","page","type-page","status-publish","hentry"],"_links":{"self":[{"href":"http:\/\/www.cronopio.de\/seitenstetten-2018\/wp-json\/wp\/v2\/pages\/171","targetHints":{"allow":["GET"]}}],"collection":[{"href":"http:\/\/www.cronopio.de\/seitenstetten-2018\/wp-json\/wp\/v2\/pages"}],"about":[{"href":"http:\/\/www.cronopio.de\/seitenstetten-2018\/wp-json\/wp\/v2\/types\/page"}],"author":[{"embeddable":true,"href":"http:\/\/www.cronopio.de\/seitenstetten-2018\/wp-json\/wp\/v2\/users\/2"}],"replies":[{"embeddable":true,"href":"http:\/\/www.cronopio.de\/seitenstetten-2018\/wp-json\/wp\/v2\/comments?post=171"}],"version-history":[{"count":1,"href":"http:\/\/www.cronopio.de\/seitenstetten-2018\/wp-json\/wp\/v2\/pages\/171\/revisions"}],"predecessor-version":[{"id":172,"href":"http:\/\/www.cronopio.de\/seitenstetten-2018\/wp-json\/wp\/v2\/pages\/171\/revisions\/172"}],"up":[{"embeddable":true,"href":"http:\/\/www.cronopio.de\/seitenstetten-2018\/wp-json\/wp\/v2\/pages\/19"}],"wp:attachment":[{"href":"http:\/\/www.cronopio.de\/seitenstetten-2018\/wp-json\/wp\/v2\/media?parent=171"}],"curies":[{"name":"wp","href":"https:\/\/api.w.org\/{rel}","templated":true}]}}

<h6 class="wp-block-heading">Übersetzung</h6>



<table class="wp-block-table has-fixed-layout"><tbody><tr><td>Tous les regretz qui les cueurs tourmentez,<br/>venez au mien <br/>et en luy vous boutez <br/>pour abregier <br/>le surplus de ma vie.<br/>Car j’ay perdu celle <br/>qui assouvie,<br/>estoit en meurs et parfaictes bontez.</td><td>Alle Reuegefühle, die die Herzen quälen,<br/>kommt zu meinem Herzen <br/>und lasst euch hier nieder, <br/>um das abzukürzen, <br/>was von meinem Leben noch übrig ist.<br/>Denn ich habe die verloren, <br/>die mein Leben erfüllt hatte.<br/>Ich sterbe und bin doch bei perfekter Gesundheit.</td></tr></tbody></table>

<p>Tous les regretz qui les cueurs tourmentez,venez au mien et en luy vous boutez pour abregier le surplus de ma vie.Car j’ay perdu celle qui assouvie,estoit en meurs et parfaictes bontez. Alle Reuegefühle, die die Herzen quälen,kommt zu meinem Herzen und lasst euch hier nieder, um das abzukürzen, was von &hellip;</p>
