{"id":110,"date":"2018-08-05T12:31:14","date_gmt":"2018-08-05T10:31:14","guid":{"rendered":"http:\/\/www.cronopio.de\/seitenstetten-2018\/?page_id=110"},"modified":"2018-08-05T12:35:12","modified_gmt":"2018-08-05T10:35:12","slug":"si-de-vos-mi-bien-me-aparto","status":"publish","type":"page","link":"http:\/\/www.cronopio.de\/seitenstetten-2018\/cancionero-uppsala\/si-de-vos-mi-bien-me-aparto\/","title":{"rendered":"Si de vos mi bien me aparto"},"content":{"rendered":"\n<h6 class=\"wp-block-heading\">\u00dcbersetzung<\/h6>\n\n\n\n<table class=\"wp-block-table has-fixed-layout\"><tbody><tr><td>Si de vos mi bien me aparto<br\/>\u00bfQu\u00e9 har\u00e9?<br\/>Triste vida vivir\u00e9.<br\/>El bien tiene condici\u00f3n<br\/>de ser de todos querido,<br\/>Si alguno lo ha perdido<br\/>no le faltara pasi\u00f3n.<br\/>Pues yo con tanta raz\u00f3n<br\/>\u00bfQu\u00e9 har\u00e9?<br\/>Triste vida vivir\u00e9.<\/td><td>Wenn ich mich von dir trenne, mein Schatz,<br\/>was werde ich machen?<br\/>Ein trauriges Leben werde ich fristen.<br\/>Mein Schatz ist so, <br\/>dass er von allen geliebt wird.<br\/>Wenn jemand ihn verliert, <br\/>IHM wird es nicht an einer neuen Leidenschaft fehlen.<br\/>Daher frage ich mich mit Fug und Recht: <br\/>Was werde ich tun?<br\/>Ein trauriges Leben werde ich fristen.<\/td><\/tr><\/tbody><\/table>\n","protected":false},"excerpt":{"rendered":"<p>\u00dcbersetzung Si de vos mi bien me aparto\u00bfQu\u00e9 har\u00e9?Triste vida vivir\u00e9.El bien tiene condici\u00f3nde ser de todos querido,Si alguno lo ha perdidono le faltara pasi\u00f3n.Pues yo con tanta raz\u00f3n\u00bfQu\u00e9 har\u00e9?Triste vida vivir\u00e9. Wenn ich mich von dir trenne, mein Schatz,was werde ich machen?Ein trauriges Leben werde ich fristen.Mein Schatz ist &hellip;<\/p>\n","protected":false},"author":2,"featured_media":0,"parent":11,"menu_order":8,"comment_status":"closed","ping_status":"closed","template":"","meta":{"_crdt_document":"","_themeisle_gutenberg_block_has_review":false,"h5ap_radio_sources":[],"footnotes":""},"class_list":["post-110","page","type-page","status-publish","hentry"],"_links":{"self":[{"href":"http:\/\/www.cronopio.de\/seitenstetten-2018\/wp-json\/wp\/v2\/pages\/110","targetHints":{"allow":["GET"]}}],"collection":[{"href":"http:\/\/www.cronopio.de\/seitenstetten-2018\/wp-json\/wp\/v2\/pages"}],"about":[{"href":"http:\/\/www.cronopio.de\/seitenstetten-2018\/wp-json\/wp\/v2\/types\/page"}],"author":[{"embeddable":true,"href":"http:\/\/www.cronopio.de\/seitenstetten-2018\/wp-json\/wp\/v2\/users\/2"}],"replies":[{"embeddable":true,"href":"http:\/\/www.cronopio.de\/seitenstetten-2018\/wp-json\/wp\/v2\/comments?post=110"}],"version-history":[{"count":4,"href":"http:\/\/www.cronopio.de\/seitenstetten-2018\/wp-json\/wp\/v2\/pages\/110\/revisions"}],"predecessor-version":[{"id":115,"href":"http:\/\/www.cronopio.de\/seitenstetten-2018\/wp-json\/wp\/v2\/pages\/110\/revisions\/115"}],"up":[{"embeddable":true,"href":"http:\/\/www.cronopio.de\/seitenstetten-2018\/wp-json\/wp\/v2\/pages\/11"}],"wp:attachment":[{"href":"http:\/\/www.cronopio.de\/seitenstetten-2018\/wp-json\/wp\/v2\/media?parent=110"}],"curies":[{"name":"wp","href":"https:\/\/api.w.org\/{rel}","templated":true}]}}