{"id":91,"date":"2020-07-27T21:40:12","date_gmt":"2020-07-27T19:40:12","guid":{"rendered":"http:\/\/www.cronopio.de\/kunstimoeffentlichenraum\/?page_id=91"},"modified":"2020-08-27T20:08:47","modified_gmt":"2020-08-27T18:08:47","slug":"volksschule-lerchengasse-35","status":"publish","type":"page","link":"http:\/\/www.cronopio.de\/kunstimoeffentlichenraum\/hausfassaden\/volksschule-lerchengasse-35\/","title":{"rendered":"Harald-Lowatschek-Volksschule Lerchengasse 35"},"content":{"rendered":"\n<div class=\"wp-block-image\"><figure class=\"aligncenter size-large is-resized\"><img loading=\"lazy\" decoding=\"async\" src=\"http:\/\/www.cronopio.de\/kunstimoeffentlichenraum\/wp-content\/uploads\/sites\/11\/2020\/07\/P3020972-1024x809.jpg\" alt=\"\" class=\"wp-image-247\" width=\"768\" height=\"607\" srcset=\"http:\/\/www.cronopio.de\/kunstimoeffentlichenraum\/wp-content\/uploads\/sites\/11\/2020\/07\/P3020972-1024x809.jpg 1024w, http:\/\/www.cronopio.de\/kunstimoeffentlichenraum\/wp-content\/uploads\/sites\/11\/2020\/07\/P3020972-300x237.jpg 300w, http:\/\/www.cronopio.de\/kunstimoeffentlichenraum\/wp-content\/uploads\/sites\/11\/2020\/07\/P3020972-768x607.jpg 768w, http:\/\/www.cronopio.de\/kunstimoeffentlichenraum\/wp-content\/uploads\/sites\/11\/2020\/07\/P3020972-1536x1214.jpg 1536w, http:\/\/www.cronopio.de\/kunstimoeffentlichenraum\/wp-content\/uploads\/sites\/11\/2020\/07\/P3020972-2048x1619.jpg 2048w, http:\/\/www.cronopio.de\/kunstimoeffentlichenraum\/wp-content\/uploads\/sites\/11\/2020\/07\/P3020972-253x200.jpg 253w\" sizes=\"auto, (max-width: 768px) 100vw, 768px\" \/><\/figure><\/div>\n\n\n\n<p class=\"has-text-align-center wp-block-paragraph\">Harald Lowatschek Volksschule, Lerchengasse 35, Fassade signiert 19 MELKA 68<\/p>\n\n\n\n<p class=\"wp-block-paragraph\"><strong>Ferdinand Melka<\/strong><\/p>\n\n\n\n<p class=\"wp-block-paragraph\">*17.4.1940, \u202019.2.2016, von Beruf Postbote.<\/p>\n\n\n\n<p class=\"wp-block-paragraph\">Ausbildung an der Hochschule f\u00fcr angewandte Kunst in Wien zum Bildhauer und Restaurator. <\/p>\n\n\n\n<p class=\"wp-block-paragraph\">Nahezu alle Steindenkm\u00e4ler M\u00f6dlings wurden von ihm restauriert und k\u00fcnstlerisch erg\u00e4nzt.<\/p>\n\n\n\n<div class=\"wp-block-themeisle-blocks-advanced-columns has-1-columns has-desktop-equal-layout has-tablet-equal-layout has-mobile-equal-layout has-default-gap has-vertical-unset\" id=\"wp-block-themeisle-blocks-advanced-columns-8d325c34\"><div class=\"wp-block-themeisle-blocks-advanced-columns-overlay\"><\/div><div class=\"innerblocks-wrap\">\n<div class=\"wp-block-themeisle-blocks-advanced-column\" id=\"wp-block-themeisle-blocks-advanced-column-f8e6eb3a\"><\/div>\n<\/div><\/div>\n","protected":false},"excerpt":{"rendered":"<p>Harald Lowatschek Volksschule, Lerchengasse 35, Fassade signiert 19 MELKA 68 Ferdinand Melka *17.4.1940, \u202019.2.2016, von Beruf Postbote. Ausbildung an der Hochschule f\u00fcr angewandte Kunst in Wien zum Bildhauer und Restaurator. Nahezu alle Steindenkm\u00e4ler M\u00f6dlings wurden von ihm restauriert und k\u00fcnstlerisch erg\u00e4nzt.<\/p>\n","protected":false},"author":2,"featured_media":0,"parent":15,"menu_order":7,"comment_status":"closed","ping_status":"closed","template":"","meta":{"_crdt_document":"","_themeisle_gutenberg_block_has_review":false,"h5ap_radio_sources":[],"footnotes":""},"class_list":["post-91","page","type-page","status-publish","hentry"],"_links":{"self":[{"href":"http:\/\/www.cronopio.de\/kunstimoeffentlichenraum\/wp-json\/wp\/v2\/pages\/91","targetHints":{"allow":["GET"]}}],"collection":[{"href":"http:\/\/www.cronopio.de\/kunstimoeffentlichenraum\/wp-json\/wp\/v2\/pages"}],"about":[{"href":"http:\/\/www.cronopio.de\/kunstimoeffentlichenraum\/wp-json\/wp\/v2\/types\/page"}],"author":[{"embeddable":true,"href":"http:\/\/www.cronopio.de\/kunstimoeffentlichenraum\/wp-json\/wp\/v2\/users\/2"}],"replies":[{"embeddable":true,"href":"http:\/\/www.cronopio.de\/kunstimoeffentlichenraum\/wp-json\/wp\/v2\/comments?post=91"}],"version-history":[{"count":3,"href":"http:\/\/www.cronopio.de\/kunstimoeffentlichenraum\/wp-json\/wp\/v2\/pages\/91\/revisions"}],"predecessor-version":[{"id":431,"href":"http:\/\/www.cronopio.de\/kunstimoeffentlichenraum\/wp-json\/wp\/v2\/pages\/91\/revisions\/431"}],"up":[{"embeddable":true,"href":"http:\/\/www.cronopio.de\/kunstimoeffentlichenraum\/wp-json\/wp\/v2\/pages\/15"}],"wp:attachment":[{"href":"http:\/\/www.cronopio.de\/kunstimoeffentlichenraum\/wp-json\/wp\/v2\/media?parent=91"}],"curies":[{"name":"wp","href":"https:\/\/api.w.org\/{rel}","templated":true}]}}

<div class="wp-block-image"><figure class="aligncenter size-large is-resized"><img loading="lazy" decoding="async" src="http://www.cronopio.de/kunstimoeffentlichenraum/wp-content/uploads/sites/11/2020/07/P3020972-1024x809.jpg" alt="" class="wp-image-247" width="768" height="607" srcset="http://www.cronopio.de/kunstimoeffentlichenraum/wp-content/uploads/sites/11/2020/07/P3020972-1024x809.jpg 1024w, http://www.cronopio.de/kunstimoeffentlichenraum/wp-content/uploads/sites/11/2020/07/P3020972-300x237.jpg 300w, http://www.cronopio.de/kunstimoeffentlichenraum/wp-content/uploads/sites/11/2020/07/P3020972-768x607.jpg 768w, http://www.cronopio.de/kunstimoeffentlichenraum/wp-content/uploads/sites/11/2020/07/P3020972-1536x1214.jpg 1536w, http://www.cronopio.de/kunstimoeffentlichenraum/wp-content/uploads/sites/11/2020/07/P3020972-2048x1619.jpg 2048w, http://www.cronopio.de/kunstimoeffentlichenraum/wp-content/uploads/sites/11/2020/07/P3020972-253x200.jpg 253w" sizes="auto, (max-width: 768px) 100vw, 768px" /></figure></div>



<p class="has-text-align-center wp-block-paragraph">Harald Lowatschek Volksschule, Lerchengasse 35, Fassade signiert 19 MELKA 68</p>



<p class="wp-block-paragraph"><strong>Ferdinand Melka</strong></p>



<p class="wp-block-paragraph">*17.4.1940, †19.2.2016, von Beruf Postbote.</p>



<p class="wp-block-paragraph">Ausbildung an der Hochschule für angewandte Kunst in Wien zum Bildhauer und Restaurator. </p>



<p class="wp-block-paragraph">Nahezu alle Steindenkmäler Mödlings wurden von ihm restauriert und künstlerisch ergänzt.</p>



<div class="wp-block-themeisle-blocks-advanced-columns has-1-columns has-desktop-equal-layout has-tablet-equal-layout has-mobile-equal-layout has-default-gap has-vertical-unset" id="wp-block-themeisle-blocks-advanced-columns-8d325c34"><div class="wp-block-themeisle-blocks-advanced-columns-overlay"></div><div class="innerblocks-wrap">
<div class="wp-block-themeisle-blocks-advanced-column" id="wp-block-themeisle-blocks-advanced-column-f8e6eb3a"></div>
</div></div>

<p>Harald Lowatschek Volksschule, Lerchengasse 35, Fassade signiert 19 MELKA 68 Ferdinand Melka *17.4.1940, †19.2.2016, von Beruf Postbote. Ausbildung an der Hochschule für angewandte Kunst in Wien zum Bildhauer und Restaurator. Nahezu alle Steindenkmäler Mödlings wurden von ihm restauriert und künstlerisch ergänzt.</p>
