{"id":85,"date":"2020-07-27T21:38:39","date_gmt":"2020-07-27T19:38:39","guid":{"rendered":"http:\/\/www.cronopio.de\/kunstimoeffentlichenraum\/?page_id=85"},"modified":"2020-08-27T20:02:23","modified_gmt":"2020-08-27T18:02:23","slug":"beethoven-musikschule","status":"publish","type":"page","link":"http:\/\/www.cronopio.de\/kunstimoeffentlichenraum\/hausfassaden\/beethoven-musikschule\/","title":{"rendered":"Wandgem\u00e4lde an der Beethoven Musikschule"},"content":{"rendered":"\n<div class=\"wp-block-image\"><figure class=\"aligncenter size-large\"><img loading=\"lazy\" decoding=\"async\" width=\"806\" height=\"1024\" src=\"http:\/\/www.cronopio.de\/kunstimoeffentlichenraum\/wp-content\/uploads\/sites\/11\/2020\/07\/P2080948-806x1024.jpg\" alt=\"\" class=\"wp-image-221\" srcset=\"http:\/\/www.cronopio.de\/kunstimoeffentlichenraum\/wp-content\/uploads\/sites\/11\/2020\/07\/P2080948-806x1024.jpg 806w, http:\/\/www.cronopio.de\/kunstimoeffentlichenraum\/wp-content\/uploads\/sites\/11\/2020\/07\/P2080948-236x300.jpg 236w, http:\/\/www.cronopio.de\/kunstimoeffentlichenraum\/wp-content\/uploads\/sites\/11\/2020\/07\/P2080948-768x976.jpg 768w, http:\/\/www.cronopio.de\/kunstimoeffentlichenraum\/wp-content\/uploads\/sites\/11\/2020\/07\/P2080948-1208x1536.jpg 1208w, http:\/\/www.cronopio.de\/kunstimoeffentlichenraum\/wp-content\/uploads\/sites\/11\/2020\/07\/P2080948-1611x2048.jpg 1611w, http:\/\/www.cronopio.de\/kunstimoeffentlichenraum\/wp-content\/uploads\/sites\/11\/2020\/07\/P2080948-157x200.jpg 157w, http:\/\/www.cronopio.de\/kunstimoeffentlichenraum\/wp-content\/uploads\/sites\/11\/2020\/07\/P2080948.jpg 2000w\" sizes=\"auto, (max-width: 806px) 100vw, 806px\" \/><\/figure><\/div>\n\n\n\n<p class=\"has-text-align-center wp-block-paragraph\">Zum 80-j\u00e4hrigen Bestehen der Beethoven Musikschule wurde im Jahr 2016 f\u00fcr die Westfassade des Geb\u00e4udes der Volks- und Musikschule nach dem Entwurf des M\u00f6dlinger Grafikers <strong>Tom Lackner<\/strong> ein Wandgem\u00e4lde vom Kunstmaler <strong>J\u00fcrgen Mathis<\/strong> nach dem bekannten Beethovenbild von Josef Karl Stieler (1820) hergestellt.<\/p>\n\n\n\n<div class=\"wp-block-themeisle-blocks-advanced-columns has-1-columns has-desktop-equal-layout has-tablet-equal-layout has-mobile-equal-layout has-default-gap has-vertical-unset\" id=\"wp-block-themeisle-blocks-advanced-columns-dc129a72\"><div class=\"wp-block-themeisle-blocks-advanced-columns-overlay\"><\/div><div class=\"innerblocks-wrap\">\n<div class=\"wp-block-themeisle-blocks-advanced-column\" id=\"wp-block-themeisle-blocks-advanced-column-5aa0b4c4\"><\/div>\n<\/div><\/div>\n","protected":false},"excerpt":{"rendered":"<p>Zum 80-j\u00e4hrigen Bestehen der Beethoven Musikschule wurde im Jahr 2016 f\u00fcr die Westfassade des Geb\u00e4udes der Volks- und Musikschule nach dem Entwurf des M\u00f6dlinger Grafikers Tom Lackner ein Wandgem\u00e4lde vom Kunstmaler J\u00fcrgen Mathis nach dem bekannten Beethovenbild von Josef Karl Stieler (1820) hergestellt.<\/p>\n","protected":false},"author":2,"featured_media":0,"parent":15,"menu_order":4,"comment_status":"closed","ping_status":"closed","template":"","meta":{"_crdt_document":"","_themeisle_gutenberg_block_has_review":false,"h5ap_radio_sources":[],"footnotes":""},"class_list":["post-85","page","type-page","status-publish","hentry"],"_links":{"self":[{"href":"http:\/\/www.cronopio.de\/kunstimoeffentlichenraum\/wp-json\/wp\/v2\/pages\/85","targetHints":{"allow":["GET"]}}],"collection":[{"href":"http:\/\/www.cronopio.de\/kunstimoeffentlichenraum\/wp-json\/wp\/v2\/pages"}],"about":[{"href":"http:\/\/www.cronopio.de\/kunstimoeffentlichenraum\/wp-json\/wp\/v2\/types\/page"}],"author":[{"embeddable":true,"href":"http:\/\/www.cronopio.de\/kunstimoeffentlichenraum\/wp-json\/wp\/v2\/users\/2"}],"replies":[{"embeddable":true,"href":"http:\/\/www.cronopio.de\/kunstimoeffentlichenraum\/wp-json\/wp\/v2\/comments?post=85"}],"version-history":[{"count":3,"href":"http:\/\/www.cronopio.de\/kunstimoeffentlichenraum\/wp-json\/wp\/v2\/pages\/85\/revisions"}],"predecessor-version":[{"id":426,"href":"http:\/\/www.cronopio.de\/kunstimoeffentlichenraum\/wp-json\/wp\/v2\/pages\/85\/revisions\/426"}],"up":[{"embeddable":true,"href":"http:\/\/www.cronopio.de\/kunstimoeffentlichenraum\/wp-json\/wp\/v2\/pages\/15"}],"wp:attachment":[{"href":"http:\/\/www.cronopio.de\/kunstimoeffentlichenraum\/wp-json\/wp\/v2\/media?parent=85"}],"curies":[{"name":"wp","href":"https:\/\/api.w.org\/{rel}","templated":true}]}}

Wandgemälde an der Beethoven Musikschule

<div class="wp-block-image"><figure class="aligncenter size-large"><img loading="lazy" decoding="async" width="806" height="1024" src="http://www.cronopio.de/kunstimoeffentlichenraum/wp-content/uploads/sites/11/2020/07/P2080948-806x1024.jpg" alt="" class="wp-image-221" srcset="http://www.cronopio.de/kunstimoeffentlichenraum/wp-content/uploads/sites/11/2020/07/P2080948-806x1024.jpg 806w, http://www.cronopio.de/kunstimoeffentlichenraum/wp-content/uploads/sites/11/2020/07/P2080948-236x300.jpg 236w, http://www.cronopio.de/kunstimoeffentlichenraum/wp-content/uploads/sites/11/2020/07/P2080948-768x976.jpg 768w, http://www.cronopio.de/kunstimoeffentlichenraum/wp-content/uploads/sites/11/2020/07/P2080948-1208x1536.jpg 1208w, http://www.cronopio.de/kunstimoeffentlichenraum/wp-content/uploads/sites/11/2020/07/P2080948-1611x2048.jpg 1611w, http://www.cronopio.de/kunstimoeffentlichenraum/wp-content/uploads/sites/11/2020/07/P2080948-157x200.jpg 157w, http://www.cronopio.de/kunstimoeffentlichenraum/wp-content/uploads/sites/11/2020/07/P2080948.jpg 2000w" sizes="auto, (max-width: 806px) 100vw, 806px" /></figure></div>



<p class="has-text-align-center wp-block-paragraph">Zum 80-jährigen Bestehen der Beethoven Musikschule wurde im Jahr 2016 für die Westfassade des Gebäudes der Volks- und Musikschule nach dem Entwurf des Mödlinger Grafikers <strong>Tom Lackner</strong> ein Wandgemälde vom Kunstmaler <strong>Jürgen Mathis</strong> nach dem bekannten Beethovenbild von Josef Karl Stieler (1820) hergestellt.</p>



<div class="wp-block-themeisle-blocks-advanced-columns has-1-columns has-desktop-equal-layout has-tablet-equal-layout has-mobile-equal-layout has-default-gap has-vertical-unset" id="wp-block-themeisle-blocks-advanced-columns-dc129a72"><div class="wp-block-themeisle-blocks-advanced-columns-overlay"></div><div class="innerblocks-wrap">
<div class="wp-block-themeisle-blocks-advanced-column" id="wp-block-themeisle-blocks-advanced-column-5aa0b4c4"></div>
</div></div>

<p>Zum 80-jährigen Bestehen der Beethoven Musikschule wurde im Jahr 2016 für die Westfassade des Gebäudes der Volks- und Musikschule nach dem Entwurf des Mödlinger Grafikers Tom Lackner ein Wandgemälde vom Kunstmaler Jürgen Mathis nach dem bekannten Beethovenbild von Josef Karl Stieler (1820) hergestellt.</p>
