{"id":73,"date":"2020-07-27T21:32:08","date_gmt":"2020-07-27T19:32:08","guid":{"rendered":"http:\/\/www.cronopio.de\/kunstimoeffentlichenraum\/?page_id=73"},"modified":"2020-07-30T21:16:55","modified_gmt":"2020-07-30T19:16:55","slug":"st-michael","status":"publish","type":"page","link":"http:\/\/www.cronopio.de\/kunstimoeffentlichenraum\/religioese-kunst\/st-michael\/","title":{"rendered":"St. Michael"},"content":{"rendered":"\n<div class=\"wp-block-image\"><figure class=\"alignleft size-thumbnail is-resized\"><img decoding=\"async\" src=\"http:\/\/www.cronopio.de\/kunstimoeffentlichenraum\/wp-content\/uploads\/sites\/11\/2020\/07\/P3050979-150x150.jpg\" alt=\"\" class=\"wp-image-227\" width=\"202\"\/><\/figure><\/div>\n\n\n\n<p class=\"wp-block-paragraph\">1948 Pfarrer Adalbert Kowatschitsch erwarb 2000 Quadratmeter Grund in der Wei\u00dfes Kreuz-Gasse 66<\/p>\n\n\n\n<p class=\"wp-block-paragraph\">1973\u20131975 Die Architekten Hans Puchhammer und Gunther Wawrik entwarfen eine Mehrzweckhalle, die als Kirche<br>und Veranstaltungsort genutzt werden kann. Die Errichtung einer Kirche w\u00e4re zu teuer gewesen. Bauausf\u00fchrung: Fertigbetonbau durch die Firma S\u00fcdbau-Schleussner. Gesamtkosten: 7,5 Millionen Schilling<\/p>\n\n\n\n<p class=\"wp-block-paragraph\">13.10.1973 Grundsteinlegung<\/p>\n\n\n\n<p class=\"wp-block-paragraph\">26.4.1975 Einweihung der Kirche durch Erzbischof Dr. Franz Jachim. Patrozinium: Erzengel Michael<br>Nachdem die Kirche St. Michael von au\u00dfen als solche mangels Glockenturm, Kreuz oder Hinweisschilder nicht erkennbar war \u2013 ein Wunsch des damaligen Pfarrers Wilhelm M\u00fcller \u2013 und sich eher als Wohnhaus mit Parkplatz im Stra\u00dfenbild einordnete, war die Kritik an der architektonischen L\u00f6sung der Kirche gro\u00df. Rund 20 Jahre nach der Weihe von St. Michael ging Pfarrer M\u00fcller auf die nicht enden wollende Kritik ein und beauftragte die ihm pers\u00f6nlich bekannte evangelische Keramikerin Irmtraut Casari, die Entsendung des Erzengels Michael darzustellen.<\/p>\n\n\n\n<p class=\"wp-block-paragraph\">1995\/1996 Fassadengestaltung durch <a href=\"http:\/\/www.cronopio.de\/kunstimoeffentlichenraum\/kuenstler\/irmtraut-casari\/\">Irmtraut Casari<\/a><\/p>\n\n\n\n<p class=\"wp-block-paragraph\">29.9.1996 Segnung der Fassade<\/p>\n\n\n\n<p class=\"wp-block-paragraph\">2015 Auferstehungskreuz anl\u00e4sslich der 40-Jahrfeier<br>Entwurf: Wolfgang Wess<\/p>\n\n\n\n<div class=\"wp-block-file animated bounce\"><a href=\"http:\/\/www.cronopio.de\/kunstimoeffentlichenraum\/wp-content\/uploads\/sites\/11\/2020\/07\/Vulpius-Mueller_-_Sankt_Michael_Lied.pdf\" target=\"_blank\" rel=\"noreferrer noopener\">Sankt Michael Lied, Text Wilhelm M\u00fcller<\/a><a href=\"http:\/\/www.cronopio.de\/kunstimoeffentlichenraum\/wp-content\/uploads\/sites\/11\/2020\/07\/Vulpius-Mueller_-_Sankt_Michael_Lied.pdf\" class=\"wp-block-file__button\" download>Herunterladen<\/a><\/div>\n\n\n\n<figure class=\"wp-block-image size-large\"><img loading=\"lazy\" decoding=\"async\" width=\"1024\" height=\"546\" src=\"http:\/\/www.cronopio.de\/kunstimoeffentlichenraum\/wp-content\/uploads\/sites\/11\/2020\/07\/P3050978-1024x546.jpg\" alt=\"\" class=\"wp-image-228\" srcset=\"http:\/\/www.cronopio.de\/kunstimoeffentlichenraum\/wp-content\/uploads\/sites\/11\/2020\/07\/P3050978-1024x546.jpg 1024w, http:\/\/www.cronopio.de\/kunstimoeffentlichenraum\/wp-content\/uploads\/sites\/11\/2020\/07\/P3050978-300x160.jpg 300w, http:\/\/www.cronopio.de\/kunstimoeffentlichenraum\/wp-content\/uploads\/sites\/11\/2020\/07\/P3050978-768x410.jpg 768w, http:\/\/www.cronopio.de\/kunstimoeffentlichenraum\/wp-content\/uploads\/sites\/11\/2020\/07\/P3050978-1536x819.jpg 1536w, http:\/\/www.cronopio.de\/kunstimoeffentlichenraum\/wp-content\/uploads\/sites\/11\/2020\/07\/P3050978-375x200.jpg 375w, http:\/\/www.cronopio.de\/kunstimoeffentlichenraum\/wp-content\/uploads\/sites\/11\/2020\/07\/P3050978.jpg 2000w\" sizes=\"auto, (max-width: 1024px) 100vw, 1024px\" \/><\/figure>\n\n\n\n<div class=\"wp-block-image\"><figure class=\"alignleft size-large\"><img loading=\"lazy\" decoding=\"async\" width=\"1024\" height=\"768\" src=\"http:\/\/www.cronopio.de\/kunstimoeffentlichenraum\/wp-content\/uploads\/sites\/11\/2020\/07\/P3050979-1024x768.jpg\" alt=\"\" class=\"wp-image-227\" srcset=\"http:\/\/www.cronopio.de\/kunstimoeffentlichenraum\/wp-content\/uploads\/sites\/11\/2020\/07\/P3050979-1024x768.jpg 1024w, http:\/\/www.cronopio.de\/kunstimoeffentlichenraum\/wp-content\/uploads\/sites\/11\/2020\/07\/P3050979-300x225.jpg 300w, http:\/\/www.cronopio.de\/kunstimoeffentlichenraum\/wp-content\/uploads\/sites\/11\/2020\/07\/P3050979-768x576.jpg 768w, http:\/\/www.cronopio.de\/kunstimoeffentlichenraum\/wp-content\/uploads\/sites\/11\/2020\/07\/P3050979-1536x1152.jpg 1536w, http:\/\/www.cronopio.de\/kunstimoeffentlichenraum\/wp-content\/uploads\/sites\/11\/2020\/07\/P3050979-2048x1536.jpg 2048w, http:\/\/www.cronopio.de\/kunstimoeffentlichenraum\/wp-content\/uploads\/sites\/11\/2020\/07\/P3050979-267x200.jpg 267w\" sizes=\"auto, (max-width: 1024px) 100vw, 1024px\" \/><\/figure><\/div>\n\n\n\n<figure class=\"wp-block-image size-large\"><img loading=\"lazy\" decoding=\"async\" width=\"1024\" height=\"489\" src=\"http:\/\/www.cronopio.de\/kunstimoeffentlichenraum\/wp-content\/uploads\/sites\/11\/2020\/07\/P2120959-1024x489.jpg\" alt=\"\" class=\"wp-image-229\" srcset=\"http:\/\/www.cronopio.de\/kunstimoeffentlichenraum\/wp-content\/uploads\/sites\/11\/2020\/07\/P2120959-1024x489.jpg 1024w, http:\/\/www.cronopio.de\/kunstimoeffentlichenraum\/wp-content\/uploads\/sites\/11\/2020\/07\/P2120959-300x143.jpg 300w, http:\/\/www.cronopio.de\/kunstimoeffentlichenraum\/wp-content\/uploads\/sites\/11\/2020\/07\/P2120959-768x367.jpg 768w, http:\/\/www.cronopio.de\/kunstimoeffentlichenraum\/wp-content\/uploads\/sites\/11\/2020\/07\/P2120959-1536x734.jpg 1536w, http:\/\/www.cronopio.de\/kunstimoeffentlichenraum\/wp-content\/uploads\/sites\/11\/2020\/07\/P2120959-418x200.jpg 418w, http:\/\/www.cronopio.de\/kunstimoeffentlichenraum\/wp-content\/uploads\/sites\/11\/2020\/07\/P2120959.jpg 2000w\" sizes=\"auto, (max-width: 1024px) 100vw, 1024px\" \/><figcaption>Nordfassade<\/figcaption><\/figure>\n\n\n\n<div class=\"wp-block-themeisle-blocks-advanced-columns has-1-columns has-desktop-equal-layout has-tablet-equal-layout has-mobile-equal-layout has-default-gap has-vertical-unset\" id=\"wp-block-themeisle-blocks-advanced-columns-feaccc17\"><div class=\"wp-block-themeisle-blocks-advanced-columns-overlay\"><\/div><div class=\"innerblocks-wrap\">\n<div class=\"wp-block-themeisle-blocks-advanced-column\" id=\"wp-block-themeisle-blocks-advanced-column-6a37d465\"><\/div>\n<\/div><\/div>\n\n\n\n<p class=\"wp-block-paragraph\"><\/p>\n","protected":false},"excerpt":{"rendered":"<p>1948 Pfarrer Adalbert Kowatschitsch erwarb 2000 Quadratmeter Grund in der Wei\u00dfes Kreuz-Gasse 66 1973\u20131975 Die Architekten Hans Puchhammer und Gunther Wawrik entwarfen eine Mehrzweckhalle, die als Kircheund Veranstaltungsort genutzt werden kann. Die Errichtung einer Kirche w\u00e4re zu teuer gewesen. Bauausf\u00fchrung: Fertigbetonbau durch die Firma S\u00fcdbau-Schleussner. Gesamtkosten: 7,5 Millionen Schilling 13.10.1973 &hellip;<\/p>\n","protected":false},"author":2,"featured_media":0,"parent":12,"menu_order":4,"comment_status":"closed","ping_status":"closed","template":"","meta":{"_crdt_document":"","_themeisle_gutenberg_block_has_review":false,"h5ap_radio_sources":[],"footnotes":""},"class_list":["post-73","page","type-page","status-publish","hentry"],"_links":{"self":[{"href":"http:\/\/www.cronopio.de\/kunstimoeffentlichenraum\/wp-json\/wp\/v2\/pages\/73","targetHints":{"allow":["GET"]}}],"collection":[{"href":"http:\/\/www.cronopio.de\/kunstimoeffentlichenraum\/wp-json\/wp\/v2\/pages"}],"about":[{"href":"http:\/\/www.cronopio.de\/kunstimoeffentlichenraum\/wp-json\/wp\/v2\/types\/page"}],"author":[{"embeddable":true,"href":"http:\/\/www.cronopio.de\/kunstimoeffentlichenraum\/wp-json\/wp\/v2\/users\/2"}],"replies":[{"embeddable":true,"href":"http:\/\/www.cronopio.de\/kunstimoeffentlichenraum\/wp-json\/wp\/v2\/comments?post=73"}],"version-history":[{"count":13,"href":"http:\/\/www.cronopio.de\/kunstimoeffentlichenraum\/wp-json\/wp\/v2\/pages\/73\/revisions"}],"predecessor-version":[{"id":243,"href":"http:\/\/www.cronopio.de\/kunstimoeffentlichenraum\/wp-json\/wp\/v2\/pages\/73\/revisions\/243"}],"up":[{"embeddable":true,"href":"http:\/\/www.cronopio.de\/kunstimoeffentlichenraum\/wp-json\/wp\/v2\/pages\/12"}],"wp:attachment":[{"href":"http:\/\/www.cronopio.de\/kunstimoeffentlichenraum\/wp-json\/wp\/v2\/media?parent=73"}],"curies":[{"name":"wp","href":"https:\/\/api.w.org\/{rel}","templated":true}]}}

<div class="wp-block-image"><figure class="alignleft size-thumbnail is-resized"><img decoding="async" src="http://www.cronopio.de/kunstimoeffentlichenraum/wp-content/uploads/sites/11/2020/07/P3050979-150x150.jpg" alt="" class="wp-image-227" width="202"/></figure></div>



<p class="wp-block-paragraph">1948 Pfarrer Adalbert Kowatschitsch erwarb 2000 Quadratmeter Grund in der Weißes Kreuz-Gasse 66</p>



<p class="wp-block-paragraph">1973–1975 Die Architekten Hans Puchhammer und Gunther Wawrik entwarfen eine Mehrzweckhalle, die als Kirche<br>und Veranstaltungsort genutzt werden kann. Die Errichtung einer Kirche wäre zu teuer gewesen. Bauausführung: Fertigbetonbau durch die Firma Südbau-Schleussner. Gesamtkosten: 7,5 Millionen Schilling</p>



<p class="wp-block-paragraph">13.10.1973 Grundsteinlegung</p>



<p class="wp-block-paragraph">26.4.1975 Einweihung der Kirche durch Erzbischof Dr. Franz Jachim. Patrozinium: Erzengel Michael<br>Nachdem die Kirche St. Michael von außen als solche mangels Glockenturm, Kreuz oder Hinweisschilder nicht erkennbar war – ein Wunsch des damaligen Pfarrers Wilhelm Müller – und sich eher als Wohnhaus mit Parkplatz im Straßenbild einordnete, war die Kritik an der architektonischen Lösung der Kirche groß. Rund 20 Jahre nach der Weihe von St. Michael ging Pfarrer Müller auf die nicht enden wollende Kritik ein und beauftragte die ihm persönlich bekannte evangelische Keramikerin Irmtraut Casari, die Entsendung des Erzengels Michael darzustellen.</p>



<p class="wp-block-paragraph">1995/1996 Fassadengestaltung durch <a href="http://www.cronopio.de/kunstimoeffentlichenraum/kuenstler/irmtraut-casari/">Irmtraut Casari</a></p>



<p class="wp-block-paragraph">29.9.1996 Segnung der Fassade</p>



<p class="wp-block-paragraph">2015 Auferstehungskreuz anlässlich der 40-Jahrfeier<br>Entwurf: Wolfgang Wess</p>



<div class="wp-block-file animated bounce"><a href="http://www.cronopio.de/kunstimoeffentlichenraum/wp-content/uploads/sites/11/2020/07/Vulpius-Mueller_-_Sankt_Michael_Lied.pdf" target="_blank" rel="noreferrer noopener">Sankt Michael Lied, Text Wilhelm Müller</a><a href="http://www.cronopio.de/kunstimoeffentlichenraum/wp-content/uploads/sites/11/2020/07/Vulpius-Mueller_-_Sankt_Michael_Lied.pdf" class="wp-block-file__button" download>Herunterladen</a></div>



<figure class="wp-block-image size-large"><img loading="lazy" decoding="async" width="1024" height="546" src="http://www.cronopio.de/kunstimoeffentlichenraum/wp-content/uploads/sites/11/2020/07/P3050978-1024x546.jpg" alt="" class="wp-image-228" srcset="http://www.cronopio.de/kunstimoeffentlichenraum/wp-content/uploads/sites/11/2020/07/P3050978-1024x546.jpg 1024w, http://www.cronopio.de/kunstimoeffentlichenraum/wp-content/uploads/sites/11/2020/07/P3050978-300x160.jpg 300w, http://www.cronopio.de/kunstimoeffentlichenraum/wp-content/uploads/sites/11/2020/07/P3050978-768x410.jpg 768w, http://www.cronopio.de/kunstimoeffentlichenraum/wp-content/uploads/sites/11/2020/07/P3050978-1536x819.jpg 1536w, http://www.cronopio.de/kunstimoeffentlichenraum/wp-content/uploads/sites/11/2020/07/P3050978-375x200.jpg 375w, http://www.cronopio.de/kunstimoeffentlichenraum/wp-content/uploads/sites/11/2020/07/P3050978.jpg 2000w" sizes="auto, (max-width: 1024px) 100vw, 1024px" /></figure>



<div class="wp-block-image"><figure class="alignleft size-large"><img loading="lazy" decoding="async" width="1024" height="768" src="http://www.cronopio.de/kunstimoeffentlichenraum/wp-content/uploads/sites/11/2020/07/P3050979-1024x768.jpg" alt="" class="wp-image-227" srcset="http://www.cronopio.de/kunstimoeffentlichenraum/wp-content/uploads/sites/11/2020/07/P3050979-1024x768.jpg 1024w, http://www.cronopio.de/kunstimoeffentlichenraum/wp-content/uploads/sites/11/2020/07/P3050979-300x225.jpg 300w, http://www.cronopio.de/kunstimoeffentlichenraum/wp-content/uploads/sites/11/2020/07/P3050979-768x576.jpg 768w, http://www.cronopio.de/kunstimoeffentlichenraum/wp-content/uploads/sites/11/2020/07/P3050979-1536x1152.jpg 1536w, http://www.cronopio.de/kunstimoeffentlichenraum/wp-content/uploads/sites/11/2020/07/P3050979-2048x1536.jpg 2048w, http://www.cronopio.de/kunstimoeffentlichenraum/wp-content/uploads/sites/11/2020/07/P3050979-267x200.jpg 267w" sizes="auto, (max-width: 1024px) 100vw, 1024px" /></figure></div>



<figure class="wp-block-image size-large"><img loading="lazy" decoding="async" width="1024" height="489" src="http://www.cronopio.de/kunstimoeffentlichenraum/wp-content/uploads/sites/11/2020/07/P2120959-1024x489.jpg" alt="" class="wp-image-229" srcset="http://www.cronopio.de/kunstimoeffentlichenraum/wp-content/uploads/sites/11/2020/07/P2120959-1024x489.jpg 1024w, http://www.cronopio.de/kunstimoeffentlichenraum/wp-content/uploads/sites/11/2020/07/P2120959-300x143.jpg 300w, http://www.cronopio.de/kunstimoeffentlichenraum/wp-content/uploads/sites/11/2020/07/P2120959-768x367.jpg 768w, http://www.cronopio.de/kunstimoeffentlichenraum/wp-content/uploads/sites/11/2020/07/P2120959-1536x734.jpg 1536w, http://www.cronopio.de/kunstimoeffentlichenraum/wp-content/uploads/sites/11/2020/07/P2120959-418x200.jpg 418w, http://www.cronopio.de/kunstimoeffentlichenraum/wp-content/uploads/sites/11/2020/07/P2120959.jpg 2000w" sizes="auto, (max-width: 1024px) 100vw, 1024px" /><figcaption>Nordfassade</figcaption></figure>



<div class="wp-block-themeisle-blocks-advanced-columns has-1-columns has-desktop-equal-layout has-tablet-equal-layout has-mobile-equal-layout has-default-gap has-vertical-unset" id="wp-block-themeisle-blocks-advanced-columns-feaccc17"><div class="wp-block-themeisle-blocks-advanced-columns-overlay"></div><div class="innerblocks-wrap">
<div class="wp-block-themeisle-blocks-advanced-column" id="wp-block-themeisle-blocks-advanced-column-6a37d465"></div>
</div></div>



<p class="wp-block-paragraph"></p>

<p>1948 Pfarrer Adalbert Kowatschitsch erwarb 2000 Quadratmeter Grund in der Weißes Kreuz-Gasse 66 1973–1975 Die Architekten Hans Puchhammer und Gunther Wawrik entwarfen eine Mehrzweckhalle, die als Kircheund Veranstaltungsort genutzt werden kann. Die Errichtung einer Kirche wäre zu teuer gewesen. Bauausführung: Fertigbetonbau durch die Firma Südbau-Schleussner. Gesamtkosten: 7,5 Millionen Schilling 13.10.1973 &hellip;</p>
