{"id":69,"date":"2020-07-27T21:31:00","date_gmt":"2020-07-27T19:31:00","guid":{"rendered":"http:\/\/www.cronopio.de\/kunstimoeffentlichenraum\/?page_id=69"},"modified":"2020-08-28T22:30:07","modified_gmt":"2020-08-28T20:30:07","slug":"pfarrheim-st-othmar","status":"publish","type":"page","link":"http:\/\/www.cronopio.de\/kunstimoeffentlichenraum\/religioese-kunst\/pfarrheim-st-othmar\/","title":{"rendered":"Pfarrheim St. Othmar"},"content":{"rendered":"\n<div class=\"wp-block-image\"><figure class=\"aligncenter size-medium is-resized\"><img decoding=\"async\" src=\"http:\/\/www.cronopio.de\/kunstimoeffentlichenraum\/wp-content\/uploads\/sites\/11\/2020\/07\/P4221072-300x221.jpg\" alt=\"\" class=\"wp-image-269\" width=\"600\" srcset=\"http:\/\/www.cronopio.de\/kunstimoeffentlichenraum\/wp-content\/uploads\/sites\/11\/2020\/07\/P4221072-300x221.jpg 300w, http:\/\/www.cronopio.de\/kunstimoeffentlichenraum\/wp-content\/uploads\/sites\/11\/2020\/07\/P4221072-1024x755.jpg 1024w, http:\/\/www.cronopio.de\/kunstimoeffentlichenraum\/wp-content\/uploads\/sites\/11\/2020\/07\/P4221072-768x566.jpg 768w, http:\/\/www.cronopio.de\/kunstimoeffentlichenraum\/wp-content\/uploads\/sites\/11\/2020\/07\/P4221072-1536x1132.jpg 1536w, http:\/\/www.cronopio.de\/kunstimoeffentlichenraum\/wp-content\/uploads\/sites\/11\/2020\/07\/P4221072-271x200.jpg 271w, http:\/\/www.cronopio.de\/kunstimoeffentlichenraum\/wp-content\/uploads\/sites\/11\/2020\/07\/P4221072.jpg 2000w\" sizes=\"(max-width: 300px) 100vw, 300px\" \/><\/figure><\/div>\n\n\n\n<p class=\"wp-block-paragraph\">Nach der Fertigstellung eines neuen Feuerwehrgeb\u00e4udes auf dem Schulweg 9 erfolgte im Fr\u00fchjahr 1984 der Umzug der Freiwilligen Feuerwehr M\u00f6dling. Die \u201eAlte Feuerwehr\u201c in der Kaiserin Elisabethstra\u00dfe 28 wurde von der Pfarre St. Othmar angekauft und (vor allem durch den Einsatz freiwilliger Helfer) zu einem Pfarrheim umgestaltet. <\/p>\n\n\n\n<div class=\"wp-block-image\"><figure class=\"aligncenter size-medium is-resized\"><img decoding=\"async\" src=\"http:\/\/www.cronopio.de\/kunstimoeffentlichenraum\/wp-content\/uploads\/sites\/11\/2020\/07\/P4221067-271x300.jpg\" alt=\"\" class=\"wp-image-268\" width=\"400\" srcset=\"http:\/\/www.cronopio.de\/kunstimoeffentlichenraum\/wp-content\/uploads\/sites\/11\/2020\/07\/P4221067-271x300.jpg 271w, http:\/\/www.cronopio.de\/kunstimoeffentlichenraum\/wp-content\/uploads\/sites\/11\/2020\/07\/P4221067-924x1024.jpg 924w, http:\/\/www.cronopio.de\/kunstimoeffentlichenraum\/wp-content\/uploads\/sites\/11\/2020\/07\/P4221067-768x852.jpg 768w, http:\/\/www.cronopio.de\/kunstimoeffentlichenraum\/wp-content\/uploads\/sites\/11\/2020\/07\/P4221067-1385x1536.jpg 1385w, http:\/\/www.cronopio.de\/kunstimoeffentlichenraum\/wp-content\/uploads\/sites\/11\/2020\/07\/P4221067-1847x2048.jpg 1847w, http:\/\/www.cronopio.de\/kunstimoeffentlichenraum\/wp-content\/uploads\/sites\/11\/2020\/07\/P4221067-180x200.jpg 180w\" sizes=\"(max-width: 271px) 100vw, 271px\" \/><\/figure><\/div>\n\n\n\n<p class=\"has-text-align-center wp-block-paragraph\">Fliesenkreuz: <a href=\"http:\/\/www.cronopio.de\/kunstimoeffentlichenraum\/kuenstler\/irmtraut-casari\/\">Irmtraut Casari<\/a><\/p>\n\n\n\n<figure class=\"wp-block-gallery columns-2 is-cropped wp-block-gallery-1 is-layout-flex wp-block-gallery-is-layout-flex\"><ul class=\"blocks-gallery-grid\"><li class=\"blocks-gallery-item\"><figure><img loading=\"lazy\" decoding=\"async\" width=\"1024\" height=\"872\" src=\"http:\/\/www.cronopio.de\/kunstimoeffentlichenraum\/wp-content\/uploads\/sites\/11\/2020\/08\/P8281623-1024x872.jpg\" alt=\"\" data-id=\"500\" data-full-url=\"http:\/\/www.cronopio.de\/kunstimoeffentlichenraum\/wp-content\/uploads\/sites\/11\/2020\/08\/P8281623.jpg\" data-link=\"http:\/\/www.cronopio.de\/kunstimoeffentlichenraum\/religioese-kunst\/pfarrheim-st-othmar\/olympus-digital-camera-66\/\" class=\"wp-image-500\" srcset=\"http:\/\/www.cronopio.de\/kunstimoeffentlichenraum\/wp-content\/uploads\/sites\/11\/2020\/08\/P8281623-1024x872.jpg 1024w, http:\/\/www.cronopio.de\/kunstimoeffentlichenraum\/wp-content\/uploads\/sites\/11\/2020\/08\/P8281623-300x255.jpg 300w, http:\/\/www.cronopio.de\/kunstimoeffentlichenraum\/wp-content\/uploads\/sites\/11\/2020\/08\/P8281623-768x654.jpg 768w, http:\/\/www.cronopio.de\/kunstimoeffentlichenraum\/wp-content\/uploads\/sites\/11\/2020\/08\/P8281623-1536x1308.jpg 1536w, http:\/\/www.cronopio.de\/kunstimoeffentlichenraum\/wp-content\/uploads\/sites\/11\/2020\/08\/P8281623-235x200.jpg 235w, http:\/\/www.cronopio.de\/kunstimoeffentlichenraum\/wp-content\/uploads\/sites\/11\/2020\/08\/P8281623.jpg 1786w\" sizes=\"auto, (max-width: 1024px) 100vw, 1024px\" \/><\/figure><\/li><li class=\"blocks-gallery-item\"><figure><img loading=\"lazy\" decoding=\"async\" width=\"1024\" height=\"967\" src=\"http:\/\/www.cronopio.de\/kunstimoeffentlichenraum\/wp-content\/uploads\/sites\/11\/2020\/08\/P8281624-1024x967.jpg\" alt=\"\" data-id=\"501\" data-full-url=\"http:\/\/www.cronopio.de\/kunstimoeffentlichenraum\/wp-content\/uploads\/sites\/11\/2020\/08\/P8281624.jpg\" data-link=\"http:\/\/www.cronopio.de\/kunstimoeffentlichenraum\/religioese-kunst\/pfarrheim-st-othmar\/olympus-digital-camera-67\/\" class=\"wp-image-501\" srcset=\"http:\/\/www.cronopio.de\/kunstimoeffentlichenraum\/wp-content\/uploads\/sites\/11\/2020\/08\/P8281624-1024x967.jpg 1024w, http:\/\/www.cronopio.de\/kunstimoeffentlichenraum\/wp-content\/uploads\/sites\/11\/2020\/08\/P8281624-300x283.jpg 300w, http:\/\/www.cronopio.de\/kunstimoeffentlichenraum\/wp-content\/uploads\/sites\/11\/2020\/08\/P8281624-768x725.jpg 768w, http:\/\/www.cronopio.de\/kunstimoeffentlichenraum\/wp-content\/uploads\/sites\/11\/2020\/08\/P8281624-1536x1450.jpg 1536w, http:\/\/www.cronopio.de\/kunstimoeffentlichenraum\/wp-content\/uploads\/sites\/11\/2020\/08\/P8281624-212x200.jpg 212w, http:\/\/www.cronopio.de\/kunstimoeffentlichenraum\/wp-content\/uploads\/sites\/11\/2020\/08\/P8281624.jpg 1795w\" sizes=\"auto, (max-width: 1024px) 100vw, 1024px\" \/><\/figure><\/li><\/ul><figcaption class=\"blocks-gallery-caption\">Originalmodelle von Irmtraut Casari<\/figcaption><\/figure>\n\n\n\n<div class=\"wp-block-themeisle-blocks-advanced-columns has-1-columns has-desktop-equal-layout has-tablet-equal-layout has-mobile-equal-layout has-default-gap has-vertical-unset\" id=\"wp-block-themeisle-blocks-advanced-columns-5cd01ff7\"><div class=\"wp-block-themeisle-blocks-advanced-columns-overlay\"><\/div><div class=\"innerblocks-wrap\">\n<div class=\"wp-block-themeisle-blocks-advanced-column\" id=\"wp-block-themeisle-blocks-advanced-column-beeb5321\"><\/div>\n<\/div><\/div>\n","protected":false},"excerpt":{"rendered":"<p>Nach der Fertigstellung eines neuen Feuerwehrgeb\u00e4udes auf dem Schulweg 9 erfolgte im Fr\u00fchjahr 1984 der Umzug der Freiwilligen Feuerwehr M\u00f6dling. Die \u201eAlte Feuerwehr\u201c in der Kaiserin Elisabethstra\u00dfe 28 wurde von der Pfarre St. Othmar angekauft und (vor allem durch den Einsatz freiwilliger Helfer) zu einem Pfarrheim umgestaltet. Fliesenkreuz: Irmtraut Casari<\/p>\n","protected":false},"author":2,"featured_media":0,"parent":12,"menu_order":3,"comment_status":"closed","ping_status":"closed","template":"","meta":{"_crdt_document":"","_themeisle_gutenberg_block_has_review":false,"h5ap_radio_sources":[],"footnotes":""},"class_list":["post-69","page","type-page","status-publish","hentry"],"_links":{"self":[{"href":"http:\/\/www.cronopio.de\/kunstimoeffentlichenraum\/wp-json\/wp\/v2\/pages\/69","targetHints":{"allow":["GET"]}}],"collection":[{"href":"http:\/\/www.cronopio.de\/kunstimoeffentlichenraum\/wp-json\/wp\/v2\/pages"}],"about":[{"href":"http:\/\/www.cronopio.de\/kunstimoeffentlichenraum\/wp-json\/wp\/v2\/types\/page"}],"author":[{"embeddable":true,"href":"http:\/\/www.cronopio.de\/kunstimoeffentlichenraum\/wp-json\/wp\/v2\/users\/2"}],"replies":[{"embeddable":true,"href":"http:\/\/www.cronopio.de\/kunstimoeffentlichenraum\/wp-json\/wp\/v2\/comments?post=69"}],"version-history":[{"count":4,"href":"http:\/\/www.cronopio.de\/kunstimoeffentlichenraum\/wp-json\/wp\/v2\/pages\/69\/revisions"}],"predecessor-version":[{"id":502,"href":"http:\/\/www.cronopio.de\/kunstimoeffentlichenraum\/wp-json\/wp\/v2\/pages\/69\/revisions\/502"}],"up":[{"embeddable":true,"href":"http:\/\/www.cronopio.de\/kunstimoeffentlichenraum\/wp-json\/wp\/v2\/pages\/12"}],"wp:attachment":[{"href":"http:\/\/www.cronopio.de\/kunstimoeffentlichenraum\/wp-json\/wp\/v2\/media?parent=69"}],"curies":[{"name":"wp","href":"https:\/\/api.w.org\/{rel}","templated":true}]}}

<div class="wp-block-image"><figure class="aligncenter size-medium is-resized"><img decoding="async" src="http://www.cronopio.de/kunstimoeffentlichenraum/wp-content/uploads/sites/11/2020/07/P4221072-300x221.jpg" alt="" class="wp-image-269" width="600" srcset="http://www.cronopio.de/kunstimoeffentlichenraum/wp-content/uploads/sites/11/2020/07/P4221072-300x221.jpg 300w, http://www.cronopio.de/kunstimoeffentlichenraum/wp-content/uploads/sites/11/2020/07/P4221072-1024x755.jpg 1024w, http://www.cronopio.de/kunstimoeffentlichenraum/wp-content/uploads/sites/11/2020/07/P4221072-768x566.jpg 768w, http://www.cronopio.de/kunstimoeffentlichenraum/wp-content/uploads/sites/11/2020/07/P4221072-1536x1132.jpg 1536w, http://www.cronopio.de/kunstimoeffentlichenraum/wp-content/uploads/sites/11/2020/07/P4221072-271x200.jpg 271w, http://www.cronopio.de/kunstimoeffentlichenraum/wp-content/uploads/sites/11/2020/07/P4221072.jpg 2000w" sizes="(max-width: 300px) 100vw, 300px" /></figure></div>



<p class="wp-block-paragraph">Nach der Fertigstellung eines neuen Feuerwehrgebäudes auf dem Schulweg 9 erfolgte im Frühjahr 1984 der Umzug der Freiwilligen Feuerwehr Mödling. Die „Alte Feuerwehr“ in der Kaiserin Elisabethstraße 28 wurde von der Pfarre St. Othmar angekauft und (vor allem durch den Einsatz freiwilliger Helfer) zu einem Pfarrheim umgestaltet. </p>



<div class="wp-block-image"><figure class="aligncenter size-medium is-resized"><img decoding="async" src="http://www.cronopio.de/kunstimoeffentlichenraum/wp-content/uploads/sites/11/2020/07/P4221067-271x300.jpg" alt="" class="wp-image-268" width="400" srcset="http://www.cronopio.de/kunstimoeffentlichenraum/wp-content/uploads/sites/11/2020/07/P4221067-271x300.jpg 271w, http://www.cronopio.de/kunstimoeffentlichenraum/wp-content/uploads/sites/11/2020/07/P4221067-924x1024.jpg 924w, http://www.cronopio.de/kunstimoeffentlichenraum/wp-content/uploads/sites/11/2020/07/P4221067-768x852.jpg 768w, http://www.cronopio.de/kunstimoeffentlichenraum/wp-content/uploads/sites/11/2020/07/P4221067-1385x1536.jpg 1385w, http://www.cronopio.de/kunstimoeffentlichenraum/wp-content/uploads/sites/11/2020/07/P4221067-1847x2048.jpg 1847w, http://www.cronopio.de/kunstimoeffentlichenraum/wp-content/uploads/sites/11/2020/07/P4221067-180x200.jpg 180w" sizes="(max-width: 271px) 100vw, 271px" /></figure></div>



<p class="has-text-align-center wp-block-paragraph">Fliesenkreuz: <a href="http://www.cronopio.de/kunstimoeffentlichenraum/kuenstler/irmtraut-casari/">Irmtraut Casari</a></p>



<figure class="wp-block-gallery columns-2 is-cropped wp-block-gallery-1 is-layout-flex wp-block-gallery-is-layout-flex"><ul class="blocks-gallery-grid"><li class="blocks-gallery-item"><figure><img loading="lazy" decoding="async" width="1024" height="872" src="http://www.cronopio.de/kunstimoeffentlichenraum/wp-content/uploads/sites/11/2020/08/P8281623-1024x872.jpg" alt="" data-id="500" data-full-url="http://www.cronopio.de/kunstimoeffentlichenraum/wp-content/uploads/sites/11/2020/08/P8281623.jpg" data-link="http://www.cronopio.de/kunstimoeffentlichenraum/religioese-kunst/pfarrheim-st-othmar/olympus-digital-camera-66/" class="wp-image-500" srcset="http://www.cronopio.de/kunstimoeffentlichenraum/wp-content/uploads/sites/11/2020/08/P8281623-1024x872.jpg 1024w, http://www.cronopio.de/kunstimoeffentlichenraum/wp-content/uploads/sites/11/2020/08/P8281623-300x255.jpg 300w, http://www.cronopio.de/kunstimoeffentlichenraum/wp-content/uploads/sites/11/2020/08/P8281623-768x654.jpg 768w, http://www.cronopio.de/kunstimoeffentlichenraum/wp-content/uploads/sites/11/2020/08/P8281623-1536x1308.jpg 1536w, http://www.cronopio.de/kunstimoeffentlichenraum/wp-content/uploads/sites/11/2020/08/P8281623-235x200.jpg 235w, http://www.cronopio.de/kunstimoeffentlichenraum/wp-content/uploads/sites/11/2020/08/P8281623.jpg 1786w" sizes="auto, (max-width: 1024px) 100vw, 1024px" /></figure></li><li class="blocks-gallery-item"><figure><img loading="lazy" decoding="async" width="1024" height="967" src="http://www.cronopio.de/kunstimoeffentlichenraum/wp-content/uploads/sites/11/2020/08/P8281624-1024x967.jpg" alt="" data-id="501" data-full-url="http://www.cronopio.de/kunstimoeffentlichenraum/wp-content/uploads/sites/11/2020/08/P8281624.jpg" data-link="http://www.cronopio.de/kunstimoeffentlichenraum/religioese-kunst/pfarrheim-st-othmar/olympus-digital-camera-67/" class="wp-image-501" srcset="http://www.cronopio.de/kunstimoeffentlichenraum/wp-content/uploads/sites/11/2020/08/P8281624-1024x967.jpg 1024w, http://www.cronopio.de/kunstimoeffentlichenraum/wp-content/uploads/sites/11/2020/08/P8281624-300x283.jpg 300w, http://www.cronopio.de/kunstimoeffentlichenraum/wp-content/uploads/sites/11/2020/08/P8281624-768x725.jpg 768w, http://www.cronopio.de/kunstimoeffentlichenraum/wp-content/uploads/sites/11/2020/08/P8281624-1536x1450.jpg 1536w, http://www.cronopio.de/kunstimoeffentlichenraum/wp-content/uploads/sites/11/2020/08/P8281624-212x200.jpg 212w, http://www.cronopio.de/kunstimoeffentlichenraum/wp-content/uploads/sites/11/2020/08/P8281624.jpg 1795w" sizes="auto, (max-width: 1024px) 100vw, 1024px" /></figure></li></ul><figcaption class="blocks-gallery-caption">Originalmodelle von Irmtraut Casari</figcaption></figure>



<div class="wp-block-themeisle-blocks-advanced-columns has-1-columns has-desktop-equal-layout has-tablet-equal-layout has-mobile-equal-layout has-default-gap has-vertical-unset" id="wp-block-themeisle-blocks-advanced-columns-5cd01ff7"><div class="wp-block-themeisle-blocks-advanced-columns-overlay"></div><div class="innerblocks-wrap">
<div class="wp-block-themeisle-blocks-advanced-column" id="wp-block-themeisle-blocks-advanced-column-beeb5321"></div>
</div></div>

<p>Nach der Fertigstellung eines neuen Feuerwehrgebäudes auf dem Schulweg 9 erfolgte im Frühjahr 1984 der Umzug der Freiwilligen Feuerwehr Mödling. Die „Alte Feuerwehr“ in der Kaiserin Elisabethstraße 28 wurde von der Pfarre St. Othmar angekauft und (vor allem durch den Einsatz freiwilliger Helfer) zu einem Pfarrheim umgestaltet. Fliesenkreuz: Irmtraut Casari</p>
