{"id":677,"date":"2020-11-23T22:25:13","date_gmt":"2020-11-23T21:25:13","guid":{"rendered":"http:\/\/www.cronopio.de\/kunstimoeffentlichenraum\/?page_id=677"},"modified":"2020-11-23T22:25:13","modified_gmt":"2020-11-23T21:25:13","slug":"jakob-thomastrasse-28","status":"publish","type":"page","link":"http:\/\/www.cronopio.de\/kunstimoeffentlichenraum\/hausfassaden\/jakob-thomastrasse-28\/","title":{"rendered":"Jakob Thomastra\u00dfe 28"},"content":{"rendered":"\n<figure class=\"wp-block-gallery alignwide columns-2 is-cropped wp-block-gallery-1 is-layout-flex wp-block-gallery-is-layout-flex\"><ul class=\"blocks-gallery-grid\"><li class=\"blocks-gallery-item\"><figure><img loading=\"lazy\" decoding=\"async\" width=\"477\" height=\"1024\" src=\"http:\/\/www.cronopio.de\/kunstimoeffentlichenraum\/wp-content\/uploads\/sites\/11\/2020\/11\/Jakob-Thomastrasse-2-477x1024.jpg\" alt=\"\" data-id=\"679\" data-full-url=\"http:\/\/www.cronopio.de\/kunstimoeffentlichenraum\/wp-content\/uploads\/sites\/11\/2020\/11\/Jakob-Thomastrasse-2.jpg\" data-link=\"http:\/\/www.cronopio.de\/kunstimoeffentlichenraum\/?attachment_id=679\" class=\"wp-image-679\" srcset=\"http:\/\/www.cronopio.de\/kunstimoeffentlichenraum\/wp-content\/uploads\/sites\/11\/2020\/11\/Jakob-Thomastrasse-2-477x1024.jpg 477w, http:\/\/www.cronopio.de\/kunstimoeffentlichenraum\/wp-content\/uploads\/sites\/11\/2020\/11\/Jakob-Thomastrasse-2-140x300.jpg 140w, http:\/\/www.cronopio.de\/kunstimoeffentlichenraum\/wp-content\/uploads\/sites\/11\/2020\/11\/Jakob-Thomastrasse-2-93x200.jpg 93w, http:\/\/www.cronopio.de\/kunstimoeffentlichenraum\/wp-content\/uploads\/sites\/11\/2020\/11\/Jakob-Thomastrasse-2.jpg 500w\" sizes=\"auto, (max-width: 477px) 100vw, 477px\" \/><\/figure><\/li><li class=\"blocks-gallery-item\"><figure><img loading=\"lazy\" decoding=\"async\" width=\"478\" height=\"1024\" src=\"http:\/\/www.cronopio.de\/kunstimoeffentlichenraum\/wp-content\/uploads\/sites\/11\/2020\/11\/Jakob-Thomastrasse-1-478x1024.jpg\" alt=\"\" data-id=\"678\" data-full-url=\"http:\/\/www.cronopio.de\/kunstimoeffentlichenraum\/wp-content\/uploads\/sites\/11\/2020\/11\/Jakob-Thomastrasse-1.jpg\" data-link=\"http:\/\/www.cronopio.de\/kunstimoeffentlichenraum\/?attachment_id=678\" class=\"wp-image-678\" srcset=\"http:\/\/www.cronopio.de\/kunstimoeffentlichenraum\/wp-content\/uploads\/sites\/11\/2020\/11\/Jakob-Thomastrasse-1-478x1024.jpg 478w, http:\/\/www.cronopio.de\/kunstimoeffentlichenraum\/wp-content\/uploads\/sites\/11\/2020\/11\/Jakob-Thomastrasse-1-140x300.jpg 140w, http:\/\/www.cronopio.de\/kunstimoeffentlichenraum\/wp-content\/uploads\/sites\/11\/2020\/11\/Jakob-Thomastrasse-1-93x200.jpg 93w, http:\/\/www.cronopio.de\/kunstimoeffentlichenraum\/wp-content\/uploads\/sites\/11\/2020\/11\/Jakob-Thomastrasse-1.jpg 500w\" sizes=\"auto, (max-width: 478px) 100vw, 478px\" \/><\/figure><\/li><\/ul><\/figure>\n\n\n\n<p class=\"has-text-align-center wp-block-paragraph\"><strong>Jakob Thomastra\u00dfe 28<\/strong>, Wohnhausanlage der Gemeinde M\u00f6dling, errichtet in den Jahren 1951-1953, Sgraffito, signiert STM, K\u00fcnstler unbekannt<\/p>\n","protected":false},"excerpt":{"rendered":"<p>Jakob Thomastra\u00dfe 28, Wohnhausanlage der Gemeinde M\u00f6dling, errichtet in den Jahren 1951-1953, Sgraffito, signiert STM, K\u00fcnstler unbekannt<\/p>\n","protected":false},"author":2,"featured_media":0,"parent":15,"menu_order":0,"comment_status":"closed","ping_status":"closed","template":"","meta":{"_crdt_document":"","_themeisle_gutenberg_block_has_review":false,"h5ap_radio_sources":[],"footnotes":""},"class_list":["post-677","page","type-page","status-publish","hentry"],"_links":{"self":[{"href":"http:\/\/www.cronopio.de\/kunstimoeffentlichenraum\/wp-json\/wp\/v2\/pages\/677","targetHints":{"allow":["GET"]}}],"collection":[{"href":"http:\/\/www.cronopio.de\/kunstimoeffentlichenraum\/wp-json\/wp\/v2\/pages"}],"about":[{"href":"http:\/\/www.cronopio.de\/kunstimoeffentlichenraum\/wp-json\/wp\/v2\/types\/page"}],"author":[{"embeddable":true,"href":"http:\/\/www.cronopio.de\/kunstimoeffentlichenraum\/wp-json\/wp\/v2\/users\/2"}],"replies":[{"embeddable":true,"href":"http:\/\/www.cronopio.de\/kunstimoeffentlichenraum\/wp-json\/wp\/v2\/comments?post=677"}],"version-history":[{"count":1,"href":"http:\/\/www.cronopio.de\/kunstimoeffentlichenraum\/wp-json\/wp\/v2\/pages\/677\/revisions"}],"predecessor-version":[{"id":680,"href":"http:\/\/www.cronopio.de\/kunstimoeffentlichenraum\/wp-json\/wp\/v2\/pages\/677\/revisions\/680"}],"up":[{"embeddable":true,"href":"http:\/\/www.cronopio.de\/kunstimoeffentlichenraum\/wp-json\/wp\/v2\/pages\/15"}],"wp:attachment":[{"href":"http:\/\/www.cronopio.de\/kunstimoeffentlichenraum\/wp-json\/wp\/v2\/media?parent=677"}],"curies":[{"name":"wp","href":"https:\/\/api.w.org\/{rel}","templated":true}]}}

Jakob Thomastraße 28

<figure class="wp-block-gallery alignwide columns-2 is-cropped wp-block-gallery-1 is-layout-flex wp-block-gallery-is-layout-flex"><ul class="blocks-gallery-grid"><li class="blocks-gallery-item"><figure><img loading="lazy" decoding="async" width="477" height="1024" src="http://www.cronopio.de/kunstimoeffentlichenraum/wp-content/uploads/sites/11/2020/11/Jakob-Thomastrasse-2-477x1024.jpg" alt="" data-id="679" data-full-url="http://www.cronopio.de/kunstimoeffentlichenraum/wp-content/uploads/sites/11/2020/11/Jakob-Thomastrasse-2.jpg" data-link="http://www.cronopio.de/kunstimoeffentlichenraum/?attachment_id=679" class="wp-image-679" srcset="http://www.cronopio.de/kunstimoeffentlichenraum/wp-content/uploads/sites/11/2020/11/Jakob-Thomastrasse-2-477x1024.jpg 477w, http://www.cronopio.de/kunstimoeffentlichenraum/wp-content/uploads/sites/11/2020/11/Jakob-Thomastrasse-2-140x300.jpg 140w, http://www.cronopio.de/kunstimoeffentlichenraum/wp-content/uploads/sites/11/2020/11/Jakob-Thomastrasse-2-93x200.jpg 93w, http://www.cronopio.de/kunstimoeffentlichenraum/wp-content/uploads/sites/11/2020/11/Jakob-Thomastrasse-2.jpg 500w" sizes="auto, (max-width: 477px) 100vw, 477px" /></figure></li><li class="blocks-gallery-item"><figure><img loading="lazy" decoding="async" width="478" height="1024" src="http://www.cronopio.de/kunstimoeffentlichenraum/wp-content/uploads/sites/11/2020/11/Jakob-Thomastrasse-1-478x1024.jpg" alt="" data-id="678" data-full-url="http://www.cronopio.de/kunstimoeffentlichenraum/wp-content/uploads/sites/11/2020/11/Jakob-Thomastrasse-1.jpg" data-link="http://www.cronopio.de/kunstimoeffentlichenraum/?attachment_id=678" class="wp-image-678" srcset="http://www.cronopio.de/kunstimoeffentlichenraum/wp-content/uploads/sites/11/2020/11/Jakob-Thomastrasse-1-478x1024.jpg 478w, http://www.cronopio.de/kunstimoeffentlichenraum/wp-content/uploads/sites/11/2020/11/Jakob-Thomastrasse-1-140x300.jpg 140w, http://www.cronopio.de/kunstimoeffentlichenraum/wp-content/uploads/sites/11/2020/11/Jakob-Thomastrasse-1-93x200.jpg 93w, http://www.cronopio.de/kunstimoeffentlichenraum/wp-content/uploads/sites/11/2020/11/Jakob-Thomastrasse-1.jpg 500w" sizes="auto, (max-width: 478px) 100vw, 478px" /></figure></li></ul></figure>



<p class="has-text-align-center wp-block-paragraph"><strong>Jakob Thomastraße 28</strong>, Wohnhausanlage der Gemeinde Mödling, errichtet in den Jahren 1951-1953, Sgraffito, signiert STM, Künstler unbekannt</p>

<p>Jakob Thomastraße 28, Wohnhausanlage der Gemeinde Mödling, errichtet in den Jahren 1951-1953, Sgraffito, signiert STM, Künstler unbekannt</p>
