{"id":44,"date":"2020-07-27T21:17:57","date_gmt":"2020-07-27T19:17:57","guid":{"rendered":"http:\/\/www.cronopio.de\/kunstimoeffentlichenraum\/?page_id=44"},"modified":"2020-08-27T20:26:53","modified_gmt":"2020-08-27T18:26:53","slug":"brunnentrilogie","status":"publish","type":"page","link":"http:\/\/www.cronopio.de\/kunstimoeffentlichenraum\/metallplastiken\/brunnentrilogie\/","title":{"rendered":"Brunnentrilogie"},"content":{"rendered":"\n<p class=\"wp-block-paragraph\">Im Zuge der Neugestaltung der Hauptstra\u00dfe in M\u00f6dling in den Jahren 2011\/2012 entwickelte sich die Vision, Wasser- und Brunneneinbauten als Ruhezonen in die Fu\u00dfg\u00e4ngerfl\u00e4chen einzubinden und diese Orte zus\u00e4tzlich mit \u201eKunst im \u00d6ffentlichen Raum\u201c zu gestalten.<\/p>\n\n\n\n<p class=\"wp-block-paragraph\">Die k\u00fcnstlerische Gestaltung der \u201eWasserskulpturen\u201c wurde der international anerkannten M\u00f6dlinger Porzellank\u00fcnstlerin <a href=\"http:\/\/www.cronopio.de\/kunstimoeffentlichenraum\/kuenstler\/gundi-dietz\/\">Gundi Dietz <\/a>\u00fcbertragen. In enger Zusammenarbeit mit dem planenden Architekten der Hauptstra\u00dfe, Christoph Schmidt-Ginzkey, entstanden in einem mehrj\u00e4hrigen Prozess metallene Skulpturen, die die Ausgangs- und Endpunkte eines in Nieder\u00f6sterreich einzigartigen Wasser- und Brunnensystems bilden.<\/p>\n\n\n\n<p class=\"wp-block-paragraph\">Beginn der M\u00f6dlinger Wassermeile ist der Brunnen am Josef-Deutsch-Platz: den H\u00e4nden der liegenden Quellnymphe <strong>\u201eMedilihha\u201c<\/strong> aus Goldbronze entspringt ein Wasserstrahl, der die Hauptstra\u00dfe entlang ostw\u00e4rts flie\u00dft. Der Name Medilihha leitet sich von der ersten namentlichen Erw\u00e4hnung M\u00f6dlings im Jahr 903 ab und bedeutet \u00fcbertragen \u201eDunkler Waldbach\u201c. M\u00f6dlings Geschichte ist also dicht mit dem Wasser des M\u00f6dlingbaches und den Trinkwasserquellen an den Abh\u00e4ngen des Berges Anninger verwoben. Die Skulptur \u201eMedilihha\u201c wurde im Jahr 2012 geschaffen. &nbsp;<\/p>\n\n\n\n<div class=\"wp-block-image\"><figure class=\"aligncenter size-large is-resized\"><img loading=\"lazy\" decoding=\"async\" src=\"http:\/\/www.cronopio.de\/kunstimoeffentlichenraum\/wp-content\/uploads\/sites\/11\/2020\/08\/dietz2-1024x684.jpg\" alt=\"\" class=\"wp-image-358\" width=\"768\" height=\"513\" srcset=\"http:\/\/www.cronopio.de\/kunstimoeffentlichenraum\/wp-content\/uploads\/sites\/11\/2020\/08\/dietz2-1024x684.jpg 1024w, http:\/\/www.cronopio.de\/kunstimoeffentlichenraum\/wp-content\/uploads\/sites\/11\/2020\/08\/dietz2-300x200.jpg 300w, http:\/\/www.cronopio.de\/kunstimoeffentlichenraum\/wp-content\/uploads\/sites\/11\/2020\/08\/dietz2-768x513.jpg 768w, http:\/\/www.cronopio.de\/kunstimoeffentlichenraum\/wp-content\/uploads\/sites\/11\/2020\/08\/dietz2-1536x1025.jpg 1536w, http:\/\/www.cronopio.de\/kunstimoeffentlichenraum\/wp-content\/uploads\/sites\/11\/2020\/08\/dietz2-2048x1367.jpg 2048w\" sizes=\"auto, (max-width: 768px) 100vw, 768px\" \/><figcaption><em>Brunnenskulptur \u201eMedilihha\u201c Foto \u00a9 Tietze-Tilley<\/em><\/figcaption><\/figure><\/div>\n\n\n\n<p class=\"wp-block-paragraph\">Auf H\u00f6he Hauptstra\u00dfe 40 verliert sich der gegen Osten flie\u00dfende Wasserfaden in einem Brunnenlabyrinth, bei dem mit Wasserniveaus, Str\u00f6mungsrichtungen und Lichteffekten gespielt wird. Die stehende aluminiumsilberne Nymphe <strong>\u201eUndine\u201c<\/strong> verfolgt nachdenklich die Spur des Wassers in die Tiefe, zu der es auch sie hinzieht. Die Skulptur \u201eUndine\u201c wurde im Jahr 2015 geschaffen.&nbsp;<\/p>\n\n\n\n<div class=\"wp-block-image\"><figure class=\"aligncenter size-large is-resized\"><img loading=\"lazy\" decoding=\"async\" src=\"http:\/\/www.cronopio.de\/kunstimoeffentlichenraum\/wp-content\/uploads\/sites\/11\/2020\/08\/dietz3-934x1024.jpg\" alt=\"\" class=\"wp-image-359\" width=\"701\" height=\"768\" srcset=\"http:\/\/www.cronopio.de\/kunstimoeffentlichenraum\/wp-content\/uploads\/sites\/11\/2020\/08\/dietz3-934x1024.jpg 934w, http:\/\/www.cronopio.de\/kunstimoeffentlichenraum\/wp-content\/uploads\/sites\/11\/2020\/08\/dietz3-274x300.jpg 274w, http:\/\/www.cronopio.de\/kunstimoeffentlichenraum\/wp-content\/uploads\/sites\/11\/2020\/08\/dietz3-768x842.jpg 768w, http:\/\/www.cronopio.de\/kunstimoeffentlichenraum\/wp-content\/uploads\/sites\/11\/2020\/08\/dietz3-182x200.jpg 182w, http:\/\/www.cronopio.de\/kunstimoeffentlichenraum\/wp-content\/uploads\/sites\/11\/2020\/08\/dietz3.jpg 1144w\" sizes=\"auto, (max-width: 701px) 100vw, 701px\" \/><figcaption><em>Brunnenskulptur \u201eUndine\u201c<br>Enth\u00fcllung 2.5.2015 &#8211; BGM Hans Stefan Hintner und Gundi Dietz<\/em><\/figcaption><\/figure><\/div>\n\n\n\n<p class=\"wp-block-paragraph\">Ein dritter Brunnen auf der anderen Seite der Hauptstra\u00dfe bildet den Endpunkt der M\u00f6dlinger Brunnenmeile: der kolossale Bronzekopf der <strong>\u201eAurora\u201c,<\/strong> vom Mienenspiel allem Raum und aller Zeit entr\u00fcckt, hebt sich aus dem Wasser und kr\u00f6nt einen in Formstein und Edelstahl gestalteten Brunnen. Dieser schl\u00e4gt mit den zeitgem\u00e4\u00dfen Baustoffen Beton, Edelstahl und Holz eine Br\u00fccke zwischen Wasser und Land, dem in Bewegung befindlichen Wasser und den unbewegten Fl\u00e4chen des Platzes. Die Skulptur \u201eAurora\u201c wurde im Jahr 2012 geschaffen.&nbsp;<\/p>\n\n\n\n<div class=\"wp-block-image\"><figure class=\"aligncenter size-large is-resized\"><img loading=\"lazy\" decoding=\"async\" src=\"http:\/\/www.cronopio.de\/kunstimoeffentlichenraum\/wp-content\/uploads\/sites\/11\/2020\/08\/dietz4-1024x925.jpg\" alt=\"\" class=\"wp-image-360\" width=\"768\" height=\"694\" srcset=\"http:\/\/www.cronopio.de\/kunstimoeffentlichenraum\/wp-content\/uploads\/sites\/11\/2020\/08\/dietz4-1024x925.jpg 1024w, http:\/\/www.cronopio.de\/kunstimoeffentlichenraum\/wp-content\/uploads\/sites\/11\/2020\/08\/dietz4-300x271.jpg 300w, http:\/\/www.cronopio.de\/kunstimoeffentlichenraum\/wp-content\/uploads\/sites\/11\/2020\/08\/dietz4-768x694.jpg 768w, http:\/\/www.cronopio.de\/kunstimoeffentlichenraum\/wp-content\/uploads\/sites\/11\/2020\/08\/dietz4-1536x1388.jpg 1536w, http:\/\/www.cronopio.de\/kunstimoeffentlichenraum\/wp-content\/uploads\/sites\/11\/2020\/08\/dietz4-221x200.jpg 221w, http:\/\/www.cronopio.de\/kunstimoeffentlichenraum\/wp-content\/uploads\/sites\/11\/2020\/08\/dietz4.jpg 1782w\" sizes=\"auto, (max-width: 768px) 100vw, 768px\" \/><figcaption><em>Brunnenskulptur \u201eAurora\u201c<\/em><\/figcaption><\/figure><\/div>\n","protected":false},"excerpt":{"rendered":"<p>Im Zuge der Neugestaltung der Hauptstra\u00dfe in M\u00f6dling in den Jahren 2011\/2012 entwickelte sich die Vision, Wasser- und Brunneneinbauten als Ruhezonen in die Fu\u00dfg\u00e4ngerfl\u00e4chen einzubinden und diese Orte zus\u00e4tzlich mit \u201eKunst im \u00d6ffentlichen Raum\u201c zu gestalten. Die k\u00fcnstlerische Gestaltung der \u201eWasserskulpturen\u201c wurde der international anerkannten M\u00f6dlinger Porzellank\u00fcnstlerin Gundi Dietz \u00fcbertragen. &hellip;<\/p>\n","protected":false},"author":2,"featured_media":0,"parent":17,"menu_order":1,"comment_status":"closed","ping_status":"closed","template":"","meta":{"_crdt_document":"","_themeisle_gutenberg_block_has_review":false,"h5ap_radio_sources":[],"footnotes":""},"class_list":["post-44","page","type-page","status-publish","hentry"],"_links":{"self":[{"href":"http:\/\/www.cronopio.de\/kunstimoeffentlichenraum\/wp-json\/wp\/v2\/pages\/44","targetHints":{"allow":["GET"]}}],"collection":[{"href":"http:\/\/www.cronopio.de\/kunstimoeffentlichenraum\/wp-json\/wp\/v2\/pages"}],"about":[{"href":"http:\/\/www.cronopio.de\/kunstimoeffentlichenraum\/wp-json\/wp\/v2\/types\/page"}],"author":[{"embeddable":true,"href":"http:\/\/www.cronopio.de\/kunstimoeffentlichenraum\/wp-json\/wp\/v2\/users\/2"}],"replies":[{"embeddable":true,"href":"http:\/\/www.cronopio.de\/kunstimoeffentlichenraum\/wp-json\/wp\/v2\/comments?post=44"}],"version-history":[{"count":4,"href":"http:\/\/www.cronopio.de\/kunstimoeffentlichenraum\/wp-json\/wp\/v2\/pages\/44\/revisions"}],"predecessor-version":[{"id":443,"href":"http:\/\/www.cronopio.de\/kunstimoeffentlichenraum\/wp-json\/wp\/v2\/pages\/44\/revisions\/443"}],"up":[{"embeddable":true,"href":"http:\/\/www.cronopio.de\/kunstimoeffentlichenraum\/wp-json\/wp\/v2\/pages\/17"}],"wp:attachment":[{"href":"http:\/\/www.cronopio.de\/kunstimoeffentlichenraum\/wp-json\/wp\/v2\/media?parent=44"}],"curies":[{"name":"wp","href":"https:\/\/api.w.org\/{rel}","templated":true}]}}