{"id":151,"date":"2020-07-27T22:07:06","date_gmt":"2020-07-27T20:07:06","guid":{"rendered":"http:\/\/www.cronopio.de\/kunstimoeffentlichenraum\/?page_id=151"},"modified":"2020-08-28T21:44:58","modified_gmt":"2020-08-28T19:44:58","slug":"lebenshilfe-moedling","status":"publish","type":"page","link":"http:\/\/www.cronopio.de\/kunstimoeffentlichenraum\/kuenstler\/lebenshilfe-moedling\/","title":{"rendered":"Lebenshilfe M\u00f6dling"},"content":{"rendered":"\n<p class=\"wp-block-paragraph\">Angebote der Lebenshilfe N\u00f6, Werkst\u00e4tte M\u00f6dling<br>Betreuungspl\u00e4tze: 62<br>Mitarbeiterinnen und Mitarbeiter &#8211; Betreuungsteam: 12 Personen, p\u00e4dagogisches Fachpersonal<\/p>\n\n\n\n<p class=\"wp-block-paragraph\">Zusatzangebot: Nachschulische Betreuung \/ Lerntraining durch eine Lerntrainerin f\u00fcr 10,5 Stunden pro Woche<br>Fahrtendienst durch die Lebenshilfe, kostenfrei<br>Bis zu 4 Ferienaktionen j\u00e4hrlich:je eine Woche Schifahren, Urlaub am Meer, St\u00e4dtereise, Steiermark, . . .<br>Oktoberfest und Adventmarkt mit Produktverkauf<br>Ausstellungen in Sala Terena u.\u00e4.<\/p>\n\n\n\n<p class=\"wp-block-paragraph\">Begleitung im Alltag:<br>Konzept PZA &#8211; bedeutet:,, PersonenZentriertes Arbeiten&#8220; = bestm\u00f6gIiche individuelle Begleitung in der,,Sozialkompetenz&#8220;, lebenspraktischen Dingen und im Erlernen handwerklicher T\u00e4tigkeiten durch die Arbeit in der Werkst\u00e4tte im haupts\u00e4chlich Kreativem Bereich mit dem Ziel, Kunsthandwerk entstehen zu lassen.<\/p>\n\n\n\n<p class=\"wp-block-paragraph\">Zum Jubil\u00e4um 1100 Jahre M\u00f6dling 903\u20132003 schuf die Metallgruppe der Lebenshilfe M\u00f6dling den \u201e<a href=\"http:\/\/www.cronopio.de\/kunstimoeffentlichenraum\/metallplastiken\/heraldischer-panther\/\">Heraldischen Panther<\/a>\u201c als Wappentier der Stadt M\u00f6dling.<\/p>\n\n\n\n<figure class=\"wp-block-gallery columns-4 wp-block-gallery-1 is-layout-flex wp-block-gallery-is-layout-flex\"><ul class=\"blocks-gallery-grid\"><li class=\"blocks-gallery-item\"><figure><img loading=\"lazy\" decoding=\"async\" width=\"1024\" height=\"743\" src=\"http:\/\/www.cronopio.de\/kunstimoeffentlichenraum\/wp-content\/uploads\/sites\/11\/2020\/08\/P8261560-1024x743.jpg\" alt=\"\" data-id=\"546\" data-full-url=\"http:\/\/www.cronopio.de\/kunstimoeffentlichenraum\/wp-content\/uploads\/sites\/11\/2020\/08\/P8261560.jpg\" data-link=\"http:\/\/www.cronopio.de\/kunstimoeffentlichenraum\/kuenstler\/lebenshilfe-moedling\/olympus-digital-camera-87\/\" class=\"wp-image-546\" srcset=\"http:\/\/www.cronopio.de\/kunstimoeffentlichenraum\/wp-content\/uploads\/sites\/11\/2020\/08\/P8261560-1024x743.jpg 1024w, http:\/\/www.cronopio.de\/kunstimoeffentlichenraum\/wp-content\/uploads\/sites\/11\/2020\/08\/P8261560-300x218.jpg 300w, http:\/\/www.cronopio.de\/kunstimoeffentlichenraum\/wp-content\/uploads\/sites\/11\/2020\/08\/P8261560-768x557.jpg 768w, http:\/\/www.cronopio.de\/kunstimoeffentlichenraum\/wp-content\/uploads\/sites\/11\/2020\/08\/P8261560-1536x1114.jpg 1536w, http:\/\/www.cronopio.de\/kunstimoeffentlichenraum\/wp-content\/uploads\/sites\/11\/2020\/08\/P8261560-276x200.jpg 276w, http:\/\/www.cronopio.de\/kunstimoeffentlichenraum\/wp-content\/uploads\/sites\/11\/2020\/08\/P8261560.jpg 1947w\" sizes=\"auto, (max-width: 1024px) 100vw, 1024px\" \/><\/figure><\/li><li class=\"blocks-gallery-item\"><figure><img loading=\"lazy\" decoding=\"async\" width=\"1024\" height=\"1007\" src=\"http:\/\/www.cronopio.de\/kunstimoeffentlichenraum\/wp-content\/uploads\/sites\/11\/2020\/08\/P8261562-1024x1007.jpg\" alt=\"\" data-id=\"547\" data-full-url=\"http:\/\/www.cronopio.de\/kunstimoeffentlichenraum\/wp-content\/uploads\/sites\/11\/2020\/08\/P8261562.jpg\" data-link=\"http:\/\/www.cronopio.de\/kunstimoeffentlichenraum\/kuenstler\/lebenshilfe-moedling\/olympus-digital-camera-88\/\" class=\"wp-image-547\" srcset=\"http:\/\/www.cronopio.de\/kunstimoeffentlichenraum\/wp-content\/uploads\/sites\/11\/2020\/08\/P8261562-1024x1007.jpg 1024w, http:\/\/www.cronopio.de\/kunstimoeffentlichenraum\/wp-content\/uploads\/sites\/11\/2020\/08\/P8261562-300x295.jpg 300w, http:\/\/www.cronopio.de\/kunstimoeffentlichenraum\/wp-content\/uploads\/sites\/11\/2020\/08\/P8261562-768x755.jpg 768w, http:\/\/www.cronopio.de\/kunstimoeffentlichenraum\/wp-content\/uploads\/sites\/11\/2020\/08\/P8261562-1536x1510.jpg 1536w, http:\/\/www.cronopio.de\/kunstimoeffentlichenraum\/wp-content\/uploads\/sites\/11\/2020\/08\/P8261562-2048x2013.jpg 2048w, http:\/\/www.cronopio.de\/kunstimoeffentlichenraum\/wp-content\/uploads\/sites\/11\/2020\/08\/P8261562-203x200.jpg 203w\" sizes=\"auto, (max-width: 1024px) 100vw, 1024px\" \/><\/figure><\/li><li class=\"blocks-gallery-item\"><figure><img loading=\"lazy\" decoding=\"async\" width=\"839\" height=\"879\" src=\"http:\/\/www.cronopio.de\/kunstimoeffentlichenraum\/wp-content\/uploads\/sites\/11\/2020\/08\/P8261567.jpg\" alt=\"\" data-id=\"550\" data-full-url=\"http:\/\/www.cronopio.de\/kunstimoeffentlichenraum\/wp-content\/uploads\/sites\/11\/2020\/08\/P8261567.jpg\" data-link=\"http:\/\/www.cronopio.de\/kunstimoeffentlichenraum\/kuenstler\/lebenshilfe-moedling\/olympus-digital-camera-91\/\" class=\"wp-image-550\" srcset=\"http:\/\/www.cronopio.de\/kunstimoeffentlichenraum\/wp-content\/uploads\/sites\/11\/2020\/08\/P8261567.jpg 839w, http:\/\/www.cronopio.de\/kunstimoeffentlichenraum\/wp-content\/uploads\/sites\/11\/2020\/08\/P8261567-286x300.jpg 286w, http:\/\/www.cronopio.de\/kunstimoeffentlichenraum\/wp-content\/uploads\/sites\/11\/2020\/08\/P8261567-768x805.jpg 768w, http:\/\/www.cronopio.de\/kunstimoeffentlichenraum\/wp-content\/uploads\/sites\/11\/2020\/08\/P8261567-191x200.jpg 191w\" sizes=\"auto, (max-width: 839px) 100vw, 839px\" \/><\/figure><\/li><li class=\"blocks-gallery-item\"><figure><img loading=\"lazy\" decoding=\"async\" width=\"941\" height=\"1024\" src=\"http:\/\/www.cronopio.de\/kunstimoeffentlichenraum\/wp-content\/uploads\/sites\/11\/2020\/08\/P8261575-941x1024.jpg\" alt=\"\" data-id=\"552\" data-full-url=\"http:\/\/www.cronopio.de\/kunstimoeffentlichenraum\/wp-content\/uploads\/sites\/11\/2020\/08\/P8261575.jpg\" data-link=\"http:\/\/www.cronopio.de\/kunstimoeffentlichenraum\/kuenstler\/lebenshilfe-moedling\/olympus-digital-camera-93\/\" class=\"wp-image-552\" srcset=\"http:\/\/www.cronopio.de\/kunstimoeffentlichenraum\/wp-content\/uploads\/sites\/11\/2020\/08\/P8261575-941x1024.jpg 941w, http:\/\/www.cronopio.de\/kunstimoeffentlichenraum\/wp-content\/uploads\/sites\/11\/2020\/08\/P8261575-276x300.jpg 276w, http:\/\/www.cronopio.de\/kunstimoeffentlichenraum\/wp-content\/uploads\/sites\/11\/2020\/08\/P8261575-768x836.jpg 768w, http:\/\/www.cronopio.de\/kunstimoeffentlichenraum\/wp-content\/uploads\/sites\/11\/2020\/08\/P8261575-184x200.jpg 184w, http:\/\/www.cronopio.de\/kunstimoeffentlichenraum\/wp-content\/uploads\/sites\/11\/2020\/08\/P8261575.jpg 970w\" sizes=\"auto, (max-width: 941px) 100vw, 941px\" \/><\/figure><\/li><li class=\"blocks-gallery-item\"><figure><img loading=\"lazy\" decoding=\"async\" width=\"1012\" height=\"1024\" src=\"http:\/\/www.cronopio.de\/kunstimoeffentlichenraum\/wp-content\/uploads\/sites\/11\/2020\/08\/P8261564-1012x1024.jpg\" alt=\"\" data-id=\"548\" data-full-url=\"http:\/\/www.cronopio.de\/kunstimoeffentlichenraum\/wp-content\/uploads\/sites\/11\/2020\/08\/P8261564.jpg\" data-link=\"http:\/\/www.cronopio.de\/kunstimoeffentlichenraum\/kuenstler\/lebenshilfe-moedling\/olympus-digital-camera-89\/\" class=\"wp-image-548\" srcset=\"http:\/\/www.cronopio.de\/kunstimoeffentlichenraum\/wp-content\/uploads\/sites\/11\/2020\/08\/P8261564-1012x1024.jpg 1012w, http:\/\/www.cronopio.de\/kunstimoeffentlichenraum\/wp-content\/uploads\/sites\/11\/2020\/08\/P8261564-296x300.jpg 296w, http:\/\/www.cronopio.de\/kunstimoeffentlichenraum\/wp-content\/uploads\/sites\/11\/2020\/08\/P8261564-768x777.jpg 768w, http:\/\/www.cronopio.de\/kunstimoeffentlichenraum\/wp-content\/uploads\/sites\/11\/2020\/08\/P8261564-198x200.jpg 198w, http:\/\/www.cronopio.de\/kunstimoeffentlichenraum\/wp-content\/uploads\/sites\/11\/2020\/08\/P8261564.jpg 1261w\" sizes=\"auto, (max-width: 1012px) 100vw, 1012px\" \/><\/figure><\/li><li class=\"blocks-gallery-item\"><figure><img loading=\"lazy\" decoding=\"async\" width=\"1024\" height=\"837\" src=\"http:\/\/www.cronopio.de\/kunstimoeffentlichenraum\/wp-content\/uploads\/sites\/11\/2020\/08\/P8261565-1024x837.jpg\" alt=\"\" data-id=\"549\" data-full-url=\"http:\/\/www.cronopio.de\/kunstimoeffentlichenraum\/wp-content\/uploads\/sites\/11\/2020\/08\/P8261565.jpg\" data-link=\"http:\/\/www.cronopio.de\/kunstimoeffentlichenraum\/kuenstler\/lebenshilfe-moedling\/olympus-digital-camera-90\/\" class=\"wp-image-549\" srcset=\"http:\/\/www.cronopio.de\/kunstimoeffentlichenraum\/wp-content\/uploads\/sites\/11\/2020\/08\/P8261565-1024x837.jpg 1024w, http:\/\/www.cronopio.de\/kunstimoeffentlichenraum\/wp-content\/uploads\/sites\/11\/2020\/08\/P8261565-300x245.jpg 300w, http:\/\/www.cronopio.de\/kunstimoeffentlichenraum\/wp-content\/uploads\/sites\/11\/2020\/08\/P8261565-768x628.jpg 768w, http:\/\/www.cronopio.de\/kunstimoeffentlichenraum\/wp-content\/uploads\/sites\/11\/2020\/08\/P8261565-245x200.jpg 245w, http:\/\/www.cronopio.de\/kunstimoeffentlichenraum\/wp-content\/uploads\/sites\/11\/2020\/08\/P8261565.jpg 1268w\" sizes=\"auto, (max-width: 1024px) 100vw, 1024px\" \/><\/figure><\/li><li class=\"blocks-gallery-item\"><figure><img loading=\"lazy\" decoding=\"async\" width=\"1024\" height=\"991\" src=\"http:\/\/www.cronopio.de\/kunstimoeffentlichenraum\/wp-content\/uploads\/sites\/11\/2020\/08\/P8261568-1024x991.jpg\" alt=\"\" data-id=\"551\" data-full-url=\"http:\/\/www.cronopio.de\/kunstimoeffentlichenraum\/wp-content\/uploads\/sites\/11\/2020\/08\/P8261568.jpg\" data-link=\"http:\/\/www.cronopio.de\/kunstimoeffentlichenraum\/kuenstler\/lebenshilfe-moedling\/olympus-digital-camera-92\/\" class=\"wp-image-551\" srcset=\"http:\/\/www.cronopio.de\/kunstimoeffentlichenraum\/wp-content\/uploads\/sites\/11\/2020\/08\/P8261568-1024x991.jpg 1024w, http:\/\/www.cronopio.de\/kunstimoeffentlichenraum\/wp-content\/uploads\/sites\/11\/2020\/08\/P8261568-300x290.jpg 300w, http:\/\/www.cronopio.de\/kunstimoeffentlichenraum\/wp-content\/uploads\/sites\/11\/2020\/08\/P8261568-768x743.jpg 768w, http:\/\/www.cronopio.de\/kunstimoeffentlichenraum\/wp-content\/uploads\/sites\/11\/2020\/08\/P8261568-1536x1487.jpg 1536w, http:\/\/www.cronopio.de\/kunstimoeffentlichenraum\/wp-content\/uploads\/sites\/11\/2020\/08\/P8261568-207x200.jpg 207w, http:\/\/www.cronopio.de\/kunstimoeffentlichenraum\/wp-content\/uploads\/sites\/11\/2020\/08\/P8261568.jpg 1684w\" sizes=\"auto, (max-width: 1024px) 100vw, 1024px\" \/><\/figure><\/li><\/ul><\/figure>\n","protected":false},"excerpt":{"rendered":"<p>Angebote der Lebenshilfe N\u00f6, Werkst\u00e4tte M\u00f6dlingBetreuungspl\u00e4tze: 62Mitarbeiterinnen und Mitarbeiter &#8211; Betreuungsteam: 12 Personen, p\u00e4dagogisches Fachpersonal Zusatzangebot: Nachschulische Betreuung \/ Lerntraining durch eine Lerntrainerin f\u00fcr 10,5 Stunden pro WocheFahrtendienst durch die Lebenshilfe, kostenfreiBis zu 4 Ferienaktionen j\u00e4hrlich:je eine Woche Schifahren, Urlaub am Meer, St\u00e4dtereise, Steiermark, . . .Oktoberfest und Adventmarkt mit &hellip;<\/p>\n","protected":false},"author":2,"featured_media":0,"parent":37,"menu_order":0,"comment_status":"closed","ping_status":"closed","template":"","meta":{"_crdt_document":"","_themeisle_gutenberg_block_has_review":false,"h5ap_radio_sources":[],"footnotes":""},"class_list":["post-151","page","type-page","status-publish","hentry"],"_links":{"self":[{"href":"http:\/\/www.cronopio.de\/kunstimoeffentlichenraum\/wp-json\/wp\/v2\/pages\/151","targetHints":{"allow":["GET"]}}],"collection":[{"href":"http:\/\/www.cronopio.de\/kunstimoeffentlichenraum\/wp-json\/wp\/v2\/pages"}],"about":[{"href":"http:\/\/www.cronopio.de\/kunstimoeffentlichenraum\/wp-json\/wp\/v2\/types\/page"}],"author":[{"embeddable":true,"href":"http:\/\/www.cronopio.de\/kunstimoeffentlichenraum\/wp-json\/wp\/v2\/users\/2"}],"replies":[{"embeddable":true,"href":"http:\/\/www.cronopio.de\/kunstimoeffentlichenraum\/wp-json\/wp\/v2\/comments?post=151"}],"version-history":[{"count":6,"href":"http:\/\/www.cronopio.de\/kunstimoeffentlichenraum\/wp-json\/wp\/v2\/pages\/151\/revisions"}],"predecessor-version":[{"id":560,"href":"http:\/\/www.cronopio.de\/kunstimoeffentlichenraum\/wp-json\/wp\/v2\/pages\/151\/revisions\/560"}],"up":[{"embeddable":true,"href":"http:\/\/www.cronopio.de\/kunstimoeffentlichenraum\/wp-json\/wp\/v2\/pages\/37"}],"wp:attachment":[{"href":"http:\/\/www.cronopio.de\/kunstimoeffentlichenraum\/wp-json\/wp\/v2\/media?parent=151"}],"curies":[{"name":"wp","href":"https:\/\/api.w.org\/{rel}","templated":true}]}}