{"id":149,"date":"2020-07-27T22:06:44","date_gmt":"2020-07-27T20:06:44","guid":{"rendered":"http:\/\/www.cronopio.de\/kunstimoeffentlichenraum\/?page_id=149"},"modified":"2020-08-25T21:01:28","modified_gmt":"2020-08-25T19:01:28","slug":"hubert-wilfan","status":"publish","type":"page","link":"http:\/\/www.cronopio.de\/kunstimoeffentlichenraum\/kuenstler\/hubert-wilfan\/","title":{"rendered":"Hubert Wilfan"},"content":{"rendered":"\n<div class=\"wp-block-image\"><figure class=\"alignleft size-large\"><img loading=\"lazy\" decoding=\"async\" width=\"206\" height=\"239\" src=\"http:\/\/www.cronopio.de\/kunstimoeffentlichenraum\/wp-content\/uploads\/sites\/11\/2020\/08\/wilfan.jpg\" alt=\"\" class=\"wp-image-340\" srcset=\"http:\/\/www.cronopio.de\/kunstimoeffentlichenraum\/wp-content\/uploads\/sites\/11\/2020\/08\/wilfan.jpg 206w, http:\/\/www.cronopio.de\/kunstimoeffentlichenraum\/wp-content\/uploads\/sites\/11\/2020\/08\/wilfan-172x200.jpg 172w\" sizes=\"auto, (max-width: 206px) 100vw, 206px\" \/><\/figure><\/div>\n\n\n\n<p class=\"wp-block-paragraph\">11. Februar 1922 in Feldkirchen\/K\u00e4rnten<br>\u2020 1. November 2007 in Wien<br>Hubert Wilfan besuchte das Realgymnasium und die Kunstgewerbeschule Graz.<br>Die handwerkliche Ausbildung machte er in einer Werkst\u00e4tte f\u00fcr Kirchenbildhauerei.<br>ab 1941 Kriegsdienst in Finnland<br>1945 Heirat mit Lilian Vigrestad in Oslo, 2 Kinder<br>1949\u20131952 Studium an der Akademie der bildenden K\u00fcnste in Wien bei Franz Santifaller und Fritz Wotruba<br>1952 Diplom der Akademie der bildenden K\u00fcnste in Wien<br>ab 1952 freischaffender K\u00fcnstler<br>1966\u20131982 Lehrer an der H\u00f6heren Technischen Lehranstalt in Wien 1.<br><strong>Werke:<br><\/strong>vor allem Portr\u00e4tb\u00fcsten, in welchen er in seiner eigenst\u00e4ndigen Formensprache auch psychische Elemente ausdr\u00fccken wollte: Leon Askin, Leonard Bernstein, Marc Chagall, Oskar Werner und Bruno Kreisky.<br>Design des Osloplatzes in Wien \u2013 Donaustadt<br>Denkmal von Fridtjof Nansen auf dem Campus der Universit\u00e4t Tromso in Norwegen<br>Pieta, St. Florian Wien 5. <br>Volksaltar, Ambo, Aufsatz Sakramentsh\u00e4uschen, <a href=\"http:\/\/www.cronopio.de\/kunstimoeffentlichenraum\/religioese-kunst\/othmar-statue\/\">St. Othmar als Statue vor der Pfarrkirche St. Othmar in M\u00f6dling<br><\/a>Pferdegruppe, Heiligenstadt<br>Christophorus, Grinzingerstra\u00dfe<br>Karl Fellinger, Rudolfinerhaus, Wien<br>Mitglied des Wiener K\u00fcnstlerhauses<br><strong>Auszeichnungen<\/strong>:<br>1983 Ehrenmedaille der Bundeshauptstadt Wien<br>1992 Ehrenmedaille der \u00d6sterreichisch-Norwegischen Gesellschaft f\u00fcr seine Bem\u00fchung um die kulturellen zwischenstaatlichen Beziehungen<br>1992 Goldener Lorbeer des Wiener K\u00fcnstlerhauses<br>2004 Gro\u00dfes Goldenes Ehrenzeichen des Landes K\u00e4rnten<\/p>\n","protected":false},"excerpt":{"rendered":"<p>11. Februar 1922 in Feldkirchen\/K\u00e4rnten\u2020 1. November 2007 in WienHubert Wilfan besuchte das Realgymnasium und die Kunstgewerbeschule Graz.Die handwerkliche Ausbildung machte er in einer Werkst\u00e4tte f\u00fcr Kirchenbildhauerei.ab 1941 Kriegsdienst in Finnland1945 Heirat mit Lilian Vigrestad in Oslo, 2 Kinder1949\u20131952 Studium an der Akademie der bildenden K\u00fcnste in Wien bei Franz &hellip;<\/p>\n","protected":false},"author":2,"featured_media":0,"parent":37,"menu_order":0,"comment_status":"closed","ping_status":"closed","template":"","meta":{"_crdt_document":"","_themeisle_gutenberg_block_has_review":false,"h5ap_radio_sources":[],"footnotes":""},"class_list":["post-149","page","type-page","status-publish","hentry"],"_links":{"self":[{"href":"http:\/\/www.cronopio.de\/kunstimoeffentlichenraum\/wp-json\/wp\/v2\/pages\/149","targetHints":{"allow":["GET"]}}],"collection":[{"href":"http:\/\/www.cronopio.de\/kunstimoeffentlichenraum\/wp-json\/wp\/v2\/pages"}],"about":[{"href":"http:\/\/www.cronopio.de\/kunstimoeffentlichenraum\/wp-json\/wp\/v2\/types\/page"}],"author":[{"embeddable":true,"href":"http:\/\/www.cronopio.de\/kunstimoeffentlichenraum\/wp-json\/wp\/v2\/users\/2"}],"replies":[{"embeddable":true,"href":"http:\/\/www.cronopio.de\/kunstimoeffentlichenraum\/wp-json\/wp\/v2\/comments?post=149"}],"version-history":[{"count":2,"href":"http:\/\/www.cronopio.de\/kunstimoeffentlichenraum\/wp-json\/wp\/v2\/pages\/149\/revisions"}],"predecessor-version":[{"id":342,"href":"http:\/\/www.cronopio.de\/kunstimoeffentlichenraum\/wp-json\/wp\/v2\/pages\/149\/revisions\/342"}],"up":[{"embeddable":true,"href":"http:\/\/www.cronopio.de\/kunstimoeffentlichenraum\/wp-json\/wp\/v2\/pages\/37"}],"wp:attachment":[{"href":"http:\/\/www.cronopio.de\/kunstimoeffentlichenraum\/wp-json\/wp\/v2\/media?parent=149"}],"curies":[{"name":"wp","href":"https:\/\/api.w.org\/{rel}","templated":true}]}}

<div class="wp-block-image"><figure class="alignleft size-large"><img loading="lazy" decoding="async" width="206" height="239" src="http://www.cronopio.de/kunstimoeffentlichenraum/wp-content/uploads/sites/11/2020/08/wilfan.jpg" alt="" class="wp-image-340" srcset="http://www.cronopio.de/kunstimoeffentlichenraum/wp-content/uploads/sites/11/2020/08/wilfan.jpg 206w, http://www.cronopio.de/kunstimoeffentlichenraum/wp-content/uploads/sites/11/2020/08/wilfan-172x200.jpg 172w" sizes="auto, (max-width: 206px) 100vw, 206px" /></figure></div>



<p class="wp-block-paragraph">11. Februar 1922 in Feldkirchen/Kärnten<br>† 1. November 2007 in Wien<br>Hubert Wilfan besuchte das Realgymnasium und die Kunstgewerbeschule Graz.<br>Die handwerkliche Ausbildung machte er in einer Werkstätte für Kirchenbildhauerei.<br>ab 1941 Kriegsdienst in Finnland<br>1945 Heirat mit Lilian Vigrestad in Oslo, 2 Kinder<br>1949–1952 Studium an der Akademie der bildenden Künste in Wien bei Franz Santifaller und Fritz Wotruba<br>1952 Diplom der Akademie der bildenden Künste in Wien<br>ab 1952 freischaffender Künstler<br>1966–1982 Lehrer an der Höheren Technischen Lehranstalt in Wien 1.<br><strong>Werke:<br></strong>vor allem Porträtbüsten, in welchen er in seiner eigenständigen Formensprache auch psychische Elemente ausdrücken wollte: Leon Askin, Leonard Bernstein, Marc Chagall, Oskar Werner und Bruno Kreisky.<br>Design des Osloplatzes in Wien – Donaustadt<br>Denkmal von Fridtjof Nansen auf dem Campus der Universität Tromso in Norwegen<br>Pieta, St. Florian Wien 5. <br>Volksaltar, Ambo, Aufsatz Sakramentshäuschen, <a href="http://www.cronopio.de/kunstimoeffentlichenraum/religioese-kunst/othmar-statue/">St. Othmar als Statue vor der Pfarrkirche St. Othmar in Mödling<br></a>Pferdegruppe, Heiligenstadt<br>Christophorus, Grinzingerstraße<br>Karl Fellinger, Rudolfinerhaus, Wien<br>Mitglied des Wiener Künstlerhauses<br><strong>Auszeichnungen</strong>:<br>1983 Ehrenmedaille der Bundeshauptstadt Wien<br>1992 Ehrenmedaille der Österreichisch-Norwegischen Gesellschaft für seine Bemühung um die kulturellen zwischenstaatlichen Beziehungen<br>1992 Goldener Lorbeer des Wiener Künstlerhauses<br>2004 Großes Goldenes Ehrenzeichen des Landes Kärnten</p>

<p>11. Februar 1922 in Feldkirchen/Kärnten† 1. November 2007 in WienHubert Wilfan besuchte das Realgymnasium und die Kunstgewerbeschule Graz.Die handwerkliche Ausbildung machte er in einer Werkstätte für Kirchenbildhauerei.ab 1941 Kriegsdienst in Finnland1945 Heirat mit Lilian Vigrestad in Oslo, 2 Kinder1949–1952 Studium an der Akademie der bildenden Künste in Wien bei Franz &hellip;</p>
