{"id":145,"date":"2020-07-27T22:06:04","date_gmt":"2020-07-27T20:06:04","guid":{"rendered":"http:\/\/www.cronopio.de\/kunstimoeffentlichenraum\/?page_id=145"},"modified":"2020-08-28T21:24:55","modified_gmt":"2020-08-28T19:24:55","slug":"ingeborg-stoess","status":"publish","type":"page","link":"http:\/\/www.cronopio.de\/kunstimoeffentlichenraum\/kuenstler\/ingeborg-stoess\/","title":{"rendered":"Ingeborg St\u00f6\u00df"},"content":{"rendered":"\n<div class=\"wp-block-image\"><figure class=\"alignleft size-large\"><img loading=\"lazy\" decoding=\"async\" width=\"203\" height=\"233\" src=\"http:\/\/www.cronopio.de\/kunstimoeffentlichenraum\/wp-content\/uploads\/sites\/11\/2020\/08\/grafik.png\" alt=\"\" class=\"wp-image-295\" srcset=\"http:\/\/www.cronopio.de\/kunstimoeffentlichenraum\/wp-content\/uploads\/sites\/11\/2020\/08\/grafik.png 203w, http:\/\/www.cronopio.de\/kunstimoeffentlichenraum\/wp-content\/uploads\/sites\/11\/2020\/08\/grafik-174x200.png 174w\" sizes=\"auto, (max-width: 203px) 100vw, 203px\" \/><\/figure><\/div>\n\n\n\n<p class=\"wp-block-paragraph\">*12.6.1943 in Pratsch bei Znaim<br>Vater: Sattler, Kriegsdienst, Kriegsgefangenschaft in Russland bis 1947, verstorben 1948<br>Mutter nach 1945 Alleinerzieherin der Kinder, verstorben 98-j\u00e4hrig in M\u00f6dling<br>1945 Vertreibung der Familie aus M\u00e4hren<br>Unterkunft in Hollabrunn, Besuch der 1.-3. Volksschulklasse<br>Infolge einer Anstellung des Gro\u00dfvaters als G\u00e4rtner in St. Gabriel\/Ma. Enzersdorf \u00dcbersiedlung der Familie nach M\u00f6dling.<br>4. Klasse Volksschule Babenbergergasse<br>Unterstufe des Bundesrealgymnasiums Eisentorgasse: Kunsterziehung bei Helene Kirsch, Tochter von Hugo Kirsch<br>Handelsschule M\u00f6dling<br>W\u00e4hrend der Unterrichtsstunden zeichnete sie heimlich ihre Mitsch\u00fclerinnen.<br>Bestandene Aufnahmspr\u00fcfung an der Graphischen Lehr- und Versuchsanstalt in Wien, aber sie besuchte diese Schule nicht.<br>1959 B\u00fcroanstellung mit kaufm\u00e4nnischer T\u00e4tigkeit in Wien<br>1965 Anstellung in der BH M\u00f6dling\/KFZ-Strafabteilung<br>1968 Heirat nach Brunn\/Gebirge<br>1969\/71 nach der Geburt der Kinder Hausfrau<br>1985 Kauf des Pfarrheims St. Othmar, Kirchengase 6 und eigenh\u00e4ndiger Umbau und Renovierung bis 1990<\/p>\n\n\n\n<p class=\"wp-block-paragraph\"><strong>K\u00fcnstlerische T\u00e4tigkeiten:<br><\/strong>Autodidaktin. \u00d6lbilder, Aquarelle, ab 1968 modellieren mit Ton \u2013 Modelle sind ihre Kinder<\/p>\n\n\n\n<p class=\"wp-block-paragraph\"><strong>Kursbesuche<\/strong>:<br>ao. H\u00f6rerin an der Akademie der bildenden K\u00fcnste in Wien mit Praktikum bei Akad. Bildhauer Mag. Sander<br>K\u00fcnstlerische VHS Wien, Lazarettgasse bei Akad. Bildhauer<br>Mag. Soukop<br>VHS St\u00f6bergasse bei Akad. Bildhauer Prof. Riedl<br>VHS M\u00f6dling bei Akad. Maler Prof. Colnago<br>Schnitzkurs: Schule Geissler-Moroder im Lechtal\/Tirol<br>VHS Baden Bronzeguss<br>VHS Liesing Schnitzen, Aquarell, Aktzeichnen<\/p>\n\n\n\n<p class=\"wp-block-paragraph\"><strong>Bekannte Werke:<br><\/strong>Beethoven-Maske in Ton, pr\u00e4sentiert am 24.6.2009, heute in der Beethoven-Gedenkst\u00e4tte im Hafnerhaus in M\u00f6dling<\/p>\n\n\n\n<p class=\"wp-block-paragraph\"><strong>Beethoven-B\u00fcste:<br><\/strong>2016: Die einstige Beethoven-B\u00fcste in Bronze von Prof. Hugo Kirsch in der Badstra\u00dfe vor dem Hafnerhaus geht infolge<br>Diebstahls verloren.<br>30.6.2017: feierliche Enth\u00fcllung der <a href=\"http:\/\/www.cronopio.de\/kunstimoeffentlichenraum\/metallplastiken\/beethoven-denkmal\/\">neuen B\u00fcste<\/a> von Ingeborg St\u00f6ss.<\/p>\n\n\n\n<figure class=\"wp-block-gallery aligncenter columns-3 wp-block-gallery-1 is-layout-flex wp-block-gallery-is-layout-flex\"><ul class=\"blocks-gallery-grid\"><li class=\"blocks-gallery-item\"><figure><img loading=\"lazy\" decoding=\"async\" width=\"725\" height=\"1024\" src=\"http:\/\/www.cronopio.de\/kunstimoeffentlichenraum\/wp-content\/uploads\/sites\/11\/2020\/08\/P8261548-725x1024.jpg\" alt=\"\" data-id=\"541\" data-full-url=\"http:\/\/www.cronopio.de\/kunstimoeffentlichenraum\/wp-content\/uploads\/sites\/11\/2020\/08\/P8261548-scaled.jpg\" data-link=\"http:\/\/www.cronopio.de\/kunstimoeffentlichenraum\/kuenstler\/ingeborg-stoess\/olympus-digital-camera-84\/\" class=\"wp-image-541\" srcset=\"http:\/\/www.cronopio.de\/kunstimoeffentlichenraum\/wp-content\/uploads\/sites\/11\/2020\/08\/P8261548-725x1024.jpg 725w, http:\/\/www.cronopio.de\/kunstimoeffentlichenraum\/wp-content\/uploads\/sites\/11\/2020\/08\/P8261548-212x300.jpg 212w, http:\/\/www.cronopio.de\/kunstimoeffentlichenraum\/wp-content\/uploads\/sites\/11\/2020\/08\/P8261548-768x1085.jpg 768w, http:\/\/www.cronopio.de\/kunstimoeffentlichenraum\/wp-content\/uploads\/sites\/11\/2020\/08\/P8261548-1087x1536.jpg 1087w, http:\/\/www.cronopio.de\/kunstimoeffentlichenraum\/wp-content\/uploads\/sites\/11\/2020\/08\/P8261548-1450x2048.jpg 1450w, http:\/\/www.cronopio.de\/kunstimoeffentlichenraum\/wp-content\/uploads\/sites\/11\/2020\/08\/P8261548-142x200.jpg 142w, http:\/\/www.cronopio.de\/kunstimoeffentlichenraum\/wp-content\/uploads\/sites\/11\/2020\/08\/P8261548-scaled.jpg 1812w\" sizes=\"auto, (max-width: 725px) 100vw, 725px\" \/><figcaption class=\"blocks-gallery-item__caption\"><br><br><br>Medaillon \u201eG\u00e4nseliesl\u201c<\/figcaption><\/figure><\/li><li class=\"blocks-gallery-item\"><figure><img loading=\"lazy\" decoding=\"async\" width=\"908\" height=\"1024\" src=\"http:\/\/www.cronopio.de\/kunstimoeffentlichenraum\/wp-content\/uploads\/sites\/11\/2020\/08\/P8281642-908x1024.jpg\" alt=\"\" data-id=\"542\" data-full-url=\"http:\/\/www.cronopio.de\/kunstimoeffentlichenraum\/wp-content\/uploads\/sites\/11\/2020\/08\/P8281642.jpg\" data-link=\"http:\/\/www.cronopio.de\/kunstimoeffentlichenraum\/kuenstler\/ingeborg-stoess\/olympus-digital-camera-85\/\" class=\"wp-image-542\" srcset=\"http:\/\/www.cronopio.de\/kunstimoeffentlichenraum\/wp-content\/uploads\/sites\/11\/2020\/08\/P8281642-908x1024.jpg 908w, http:\/\/www.cronopio.de\/kunstimoeffentlichenraum\/wp-content\/uploads\/sites\/11\/2020\/08\/P8281642-266x300.jpg 266w, http:\/\/www.cronopio.de\/kunstimoeffentlichenraum\/wp-content\/uploads\/sites\/11\/2020\/08\/P8281642-768x866.jpg 768w, http:\/\/www.cronopio.de\/kunstimoeffentlichenraum\/wp-content\/uploads\/sites\/11\/2020\/08\/P8281642-1361x1536.jpg 1361w, http:\/\/www.cronopio.de\/kunstimoeffentlichenraum\/wp-content\/uploads\/sites\/11\/2020\/08\/P8281642-1815x2048.jpg 1815w, http:\/\/www.cronopio.de\/kunstimoeffentlichenraum\/wp-content\/uploads\/sites\/11\/2020\/08\/P8281642-177x200.jpg 177w, http:\/\/www.cronopio.de\/kunstimoeffentlichenraum\/wp-content\/uploads\/sites\/11\/2020\/08\/P8281642.jpg 1833w\" sizes=\"auto, (max-width: 908px) 100vw, 908px\" \/><figcaption class=\"blocks-gallery-item__caption\">Studie<\/figcaption><\/figure><\/li><li class=\"blocks-gallery-item\"><figure><img loading=\"lazy\" decoding=\"async\" width=\"1024\" height=\"774\" src=\"http:\/\/www.cronopio.de\/kunstimoeffentlichenraum\/wp-content\/uploads\/sites\/11\/2020\/08\/P8281643-1024x774.jpg\" alt=\"\" data-id=\"543\" data-full-url=\"http:\/\/www.cronopio.de\/kunstimoeffentlichenraum\/wp-content\/uploads\/sites\/11\/2020\/08\/P8281643-scaled.jpg\" data-link=\"http:\/\/www.cronopio.de\/kunstimoeffentlichenraum\/kuenstler\/ingeborg-stoess\/olympus-digital-camera-86\/\" class=\"wp-image-543\" srcset=\"http:\/\/www.cronopio.de\/kunstimoeffentlichenraum\/wp-content\/uploads\/sites\/11\/2020\/08\/P8281643-1024x774.jpg 1024w, http:\/\/www.cronopio.de\/kunstimoeffentlichenraum\/wp-content\/uploads\/sites\/11\/2020\/08\/P8281643-300x227.jpg 300w, http:\/\/www.cronopio.de\/kunstimoeffentlichenraum\/wp-content\/uploads\/sites\/11\/2020\/08\/P8281643-768x580.jpg 768w, http:\/\/www.cronopio.de\/kunstimoeffentlichenraum\/wp-content\/uploads\/sites\/11\/2020\/08\/P8281643-1536x1161.jpg 1536w, http:\/\/www.cronopio.de\/kunstimoeffentlichenraum\/wp-content\/uploads\/sites\/11\/2020\/08\/P8281643-2048x1548.jpg 2048w, http:\/\/www.cronopio.de\/kunstimoeffentlichenraum\/wp-content\/uploads\/sites\/11\/2020\/08\/P8281643-265x200.jpg 265w\" sizes=\"auto, (max-width: 1024px) 100vw, 1024px\" \/><figcaption class=\"blocks-gallery-item__caption\">Verlorene Heimat<\/figcaption><\/figure><\/li><\/ul><\/figure>\n","protected":false},"excerpt":{"rendered":"<p>*12.6.1943 in Pratsch bei ZnaimVater: Sattler, Kriegsdienst, Kriegsgefangenschaft in Russland bis 1947, verstorben 1948Mutter nach 1945 Alleinerzieherin der Kinder, verstorben 98-j\u00e4hrig in M\u00f6dling1945 Vertreibung der Familie aus M\u00e4hrenUnterkunft in Hollabrunn, Besuch der 1.-3. VolksschulklasseInfolge einer Anstellung des Gro\u00dfvaters als G\u00e4rtner in St. Gabriel\/Ma. Enzersdorf \u00dcbersiedlung der Familie nach M\u00f6dling.4. Klasse &hellip;<\/p>\n","protected":false},"author":2,"featured_media":0,"parent":37,"menu_order":0,"comment_status":"closed","ping_status":"closed","template":"","meta":{"_crdt_document":"","_themeisle_gutenberg_block_has_review":false,"h5ap_radio_sources":[],"footnotes":""},"class_list":["post-145","page","type-page","status-publish","hentry"],"_links":{"self":[{"href":"http:\/\/www.cronopio.de\/kunstimoeffentlichenraum\/wp-json\/wp\/v2\/pages\/145","targetHints":{"allow":["GET"]}}],"collection":[{"href":"http:\/\/www.cronopio.de\/kunstimoeffentlichenraum\/wp-json\/wp\/v2\/pages"}],"about":[{"href":"http:\/\/www.cronopio.de\/kunstimoeffentlichenraum\/wp-json\/wp\/v2\/types\/page"}],"author":[{"embeddable":true,"href":"http:\/\/www.cronopio.de\/kunstimoeffentlichenraum\/wp-json\/wp\/v2\/users\/2"}],"replies":[{"embeddable":true,"href":"http:\/\/www.cronopio.de\/kunstimoeffentlichenraum\/wp-json\/wp\/v2\/comments?post=145"}],"version-history":[{"count":5,"href":"http:\/\/www.cronopio.de\/kunstimoeffentlichenraum\/wp-json\/wp\/v2\/pages\/145\/revisions"}],"predecessor-version":[{"id":545,"href":"http:\/\/www.cronopio.de\/kunstimoeffentlichenraum\/wp-json\/wp\/v2\/pages\/145\/revisions\/545"}],"up":[{"embeddable":true,"href":"http:\/\/www.cronopio.de\/kunstimoeffentlichenraum\/wp-json\/wp\/v2\/pages\/37"}],"wp:attachment":[{"href":"http:\/\/www.cronopio.de\/kunstimoeffentlichenraum\/wp-json\/wp\/v2\/media?parent=145"}],"curies":[{"name":"wp","href":"https:\/\/api.w.org\/{rel}","templated":true}]}}

Ingeborg Stöß

<div class="wp-block-image"><figure class="alignleft size-large"><img loading="lazy" decoding="async" width="203" height="233" src="http://www.cronopio.de/kunstimoeffentlichenraum/wp-content/uploads/sites/11/2020/08/grafik.png" alt="" class="wp-image-295" srcset="http://www.cronopio.de/kunstimoeffentlichenraum/wp-content/uploads/sites/11/2020/08/grafik.png 203w, http://www.cronopio.de/kunstimoeffentlichenraum/wp-content/uploads/sites/11/2020/08/grafik-174x200.png 174w" sizes="auto, (max-width: 203px) 100vw, 203px" /></figure></div>



<p class="wp-block-paragraph">*12.6.1943 in Pratsch bei Znaim<br>Vater: Sattler, Kriegsdienst, Kriegsgefangenschaft in Russland bis 1947, verstorben 1948<br>Mutter nach 1945 Alleinerzieherin der Kinder, verstorben 98-jährig in Mödling<br>1945 Vertreibung der Familie aus Mähren<br>Unterkunft in Hollabrunn, Besuch der 1.-3. Volksschulklasse<br>Infolge einer Anstellung des Großvaters als Gärtner in St. Gabriel/Ma. Enzersdorf Übersiedlung der Familie nach Mödling.<br>4. Klasse Volksschule Babenbergergasse<br>Unterstufe des Bundesrealgymnasiums Eisentorgasse: Kunsterziehung bei Helene Kirsch, Tochter von Hugo Kirsch<br>Handelsschule Mödling<br>Während der Unterrichtsstunden zeichnete sie heimlich ihre Mitschülerinnen.<br>Bestandene Aufnahmsprüfung an der Graphischen Lehr- und Versuchsanstalt in Wien, aber sie besuchte diese Schule nicht.<br>1959 Büroanstellung mit kaufmännischer Tätigkeit in Wien<br>1965 Anstellung in der BH Mödling/KFZ-Strafabteilung<br>1968 Heirat nach Brunn/Gebirge<br>1969/71 nach der Geburt der Kinder Hausfrau<br>1985 Kauf des Pfarrheims St. Othmar, Kirchengase 6 und eigenhändiger Umbau und Renovierung bis 1990</p>



<p class="wp-block-paragraph"><strong>Künstlerische Tätigkeiten:<br></strong>Autodidaktin. Ölbilder, Aquarelle, ab 1968 modellieren mit Ton – Modelle sind ihre Kinder</p>



<p class="wp-block-paragraph"><strong>Kursbesuche</strong>:<br>ao. Hörerin an der Akademie der bildenden Künste in Wien mit Praktikum bei Akad. Bildhauer Mag. Sander<br>Künstlerische VHS Wien, Lazarettgasse bei Akad. Bildhauer<br>Mag. Soukop<br>VHS Stöbergasse bei Akad. Bildhauer Prof. Riedl<br>VHS Mödling bei Akad. Maler Prof. Colnago<br>Schnitzkurs: Schule Geissler-Moroder im Lechtal/Tirol<br>VHS Baden Bronzeguss<br>VHS Liesing Schnitzen, Aquarell, Aktzeichnen</p>



<p class="wp-block-paragraph"><strong>Bekannte Werke:<br></strong>Beethoven-Maske in Ton, präsentiert am 24.6.2009, heute in der Beethoven-Gedenkstätte im Hafnerhaus in Mödling</p>



<p class="wp-block-paragraph"><strong>Beethoven-Büste:<br></strong>2016: Die einstige Beethoven-Büste in Bronze von Prof. Hugo Kirsch in der Badstraße vor dem Hafnerhaus geht infolge<br>Diebstahls verloren.<br>30.6.2017: feierliche Enthüllung der <a href="http://www.cronopio.de/kunstimoeffentlichenraum/metallplastiken/beethoven-denkmal/">neuen Büste</a> von Ingeborg Stöss.</p>



<figure class="wp-block-gallery aligncenter columns-3 wp-block-gallery-1 is-layout-flex wp-block-gallery-is-layout-flex"><ul class="blocks-gallery-grid"><li class="blocks-gallery-item"><figure><img loading="lazy" decoding="async" width="725" height="1024" src="http://www.cronopio.de/kunstimoeffentlichenraum/wp-content/uploads/sites/11/2020/08/P8261548-725x1024.jpg" alt="" data-id="541" data-full-url="http://www.cronopio.de/kunstimoeffentlichenraum/wp-content/uploads/sites/11/2020/08/P8261548-scaled.jpg" data-link="http://www.cronopio.de/kunstimoeffentlichenraum/kuenstler/ingeborg-stoess/olympus-digital-camera-84/" class="wp-image-541" srcset="http://www.cronopio.de/kunstimoeffentlichenraum/wp-content/uploads/sites/11/2020/08/P8261548-725x1024.jpg 725w, http://www.cronopio.de/kunstimoeffentlichenraum/wp-content/uploads/sites/11/2020/08/P8261548-212x300.jpg 212w, http://www.cronopio.de/kunstimoeffentlichenraum/wp-content/uploads/sites/11/2020/08/P8261548-768x1085.jpg 768w, http://www.cronopio.de/kunstimoeffentlichenraum/wp-content/uploads/sites/11/2020/08/P8261548-1087x1536.jpg 1087w, http://www.cronopio.de/kunstimoeffentlichenraum/wp-content/uploads/sites/11/2020/08/P8261548-1450x2048.jpg 1450w, http://www.cronopio.de/kunstimoeffentlichenraum/wp-content/uploads/sites/11/2020/08/P8261548-142x200.jpg 142w, http://www.cronopio.de/kunstimoeffentlichenraum/wp-content/uploads/sites/11/2020/08/P8261548-scaled.jpg 1812w" sizes="auto, (max-width: 725px) 100vw, 725px" /><figcaption class="blocks-gallery-item__caption"><br><br><br>Medaillon „Gänseliesl“</figcaption></figure></li><li class="blocks-gallery-item"><figure><img loading="lazy" decoding="async" width="908" height="1024" src="http://www.cronopio.de/kunstimoeffentlichenraum/wp-content/uploads/sites/11/2020/08/P8281642-908x1024.jpg" alt="" data-id="542" data-full-url="http://www.cronopio.de/kunstimoeffentlichenraum/wp-content/uploads/sites/11/2020/08/P8281642.jpg" data-link="http://www.cronopio.de/kunstimoeffentlichenraum/kuenstler/ingeborg-stoess/olympus-digital-camera-85/" class="wp-image-542" srcset="http://www.cronopio.de/kunstimoeffentlichenraum/wp-content/uploads/sites/11/2020/08/P8281642-908x1024.jpg 908w, http://www.cronopio.de/kunstimoeffentlichenraum/wp-content/uploads/sites/11/2020/08/P8281642-266x300.jpg 266w, http://www.cronopio.de/kunstimoeffentlichenraum/wp-content/uploads/sites/11/2020/08/P8281642-768x866.jpg 768w, http://www.cronopio.de/kunstimoeffentlichenraum/wp-content/uploads/sites/11/2020/08/P8281642-1361x1536.jpg 1361w, http://www.cronopio.de/kunstimoeffentlichenraum/wp-content/uploads/sites/11/2020/08/P8281642-1815x2048.jpg 1815w, http://www.cronopio.de/kunstimoeffentlichenraum/wp-content/uploads/sites/11/2020/08/P8281642-177x200.jpg 177w, http://www.cronopio.de/kunstimoeffentlichenraum/wp-content/uploads/sites/11/2020/08/P8281642.jpg 1833w" sizes="auto, (max-width: 908px) 100vw, 908px" /><figcaption class="blocks-gallery-item__caption">Studie</figcaption></figure></li><li class="blocks-gallery-item"><figure><img loading="lazy" decoding="async" width="1024" height="774" src="http://www.cronopio.de/kunstimoeffentlichenraum/wp-content/uploads/sites/11/2020/08/P8281643-1024x774.jpg" alt="" data-id="543" data-full-url="http://www.cronopio.de/kunstimoeffentlichenraum/wp-content/uploads/sites/11/2020/08/P8281643-scaled.jpg" data-link="http://www.cronopio.de/kunstimoeffentlichenraum/kuenstler/ingeborg-stoess/olympus-digital-camera-86/" class="wp-image-543" srcset="http://www.cronopio.de/kunstimoeffentlichenraum/wp-content/uploads/sites/11/2020/08/P8281643-1024x774.jpg 1024w, http://www.cronopio.de/kunstimoeffentlichenraum/wp-content/uploads/sites/11/2020/08/P8281643-300x227.jpg 300w, http://www.cronopio.de/kunstimoeffentlichenraum/wp-content/uploads/sites/11/2020/08/P8281643-768x580.jpg 768w, http://www.cronopio.de/kunstimoeffentlichenraum/wp-content/uploads/sites/11/2020/08/P8281643-1536x1161.jpg 1536w, http://www.cronopio.de/kunstimoeffentlichenraum/wp-content/uploads/sites/11/2020/08/P8281643-2048x1548.jpg 2048w, http://www.cronopio.de/kunstimoeffentlichenraum/wp-content/uploads/sites/11/2020/08/P8281643-265x200.jpg 265w" sizes="auto, (max-width: 1024px) 100vw, 1024px" /><figcaption class="blocks-gallery-item__caption">Verlorene Heimat</figcaption></figure></li></ul></figure>

<p>*12.6.1943 in Pratsch bei ZnaimVater: Sattler, Kriegsdienst, Kriegsgefangenschaft in Russland bis 1947, verstorben 1948Mutter nach 1945 Alleinerzieherin der Kinder, verstorben 98-jährig in Mödling1945 Vertreibung der Familie aus MährenUnterkunft in Hollabrunn, Besuch der 1.-3. VolksschulklasseInfolge einer Anstellung des Großvaters als Gärtner in St. Gabriel/Ma. Enzersdorf Übersiedlung der Familie nach Mödling.4. Klasse &hellip;</p>
