{"id":129,"date":"2020-07-27T22:03:12","date_gmt":"2020-07-27T20:03:12","guid":{"rendered":"http:\/\/www.cronopio.de\/kunstimoeffentlichenraum\/?page_id=129"},"modified":"2020-08-28T21:48:48","modified_gmt":"2020-08-28T19:48:48","slug":"gundi-dietz","status":"publish","type":"page","link":"http:\/\/www.cronopio.de\/kunstimoeffentlichenraum\/kuenstler\/gundi-dietz\/","title":{"rendered":"Gundi Dietz"},"content":{"rendered":"\n<div class=\"wp-block-image\"><figure class=\"alignleft size-large\"><img loading=\"lazy\" decoding=\"async\" width=\"500\" height=\"245\" src=\"http:\/\/www.cronopio.de\/kunstimoeffentlichenraum\/wp-content\/uploads\/sites\/11\/2020\/08\/dietz1.jpg\" alt=\"\" class=\"wp-image-356\" srcset=\"http:\/\/www.cronopio.de\/kunstimoeffentlichenraum\/wp-content\/uploads\/sites\/11\/2020\/08\/dietz1.jpg 500w, http:\/\/www.cronopio.de\/kunstimoeffentlichenraum\/wp-content\/uploads\/sites\/11\/2020\/08\/dietz1-300x147.jpg 300w, http:\/\/www.cronopio.de\/kunstimoeffentlichenraum\/wp-content\/uploads\/sites\/11\/2020\/08\/dietz1-408x200.jpg 408w\" sizes=\"auto, (max-width: 500px) 100vw, 500px\" \/><\/figure><\/div>\n\n\n\n<p class=\"wp-block-paragraph\">Gundi Dietz wurde in Wien geboren, sie lebt und arbeitet in M\u00f6dling. Nach Ausbildung zur Modedesignerin schloss sie 1969 ihr Studium der keramischen Plastik an der Hochschule f\u00fcr angewandte Kunst in Wien ab und besuchte auch die Meisterklasse f\u00fcr Gestaltungslehre. Von 1971 bis 1972 unterrichtet sie als Kunsterzieherin am Bundesgymnasium Keimgasse in M\u00f6dling. Ab 1973 arbeitet Gundi Dietz als freischaffende K\u00fcnstlerin.<\/p>\n\n\n\n<p class=\"wp-block-paragraph\">1982 wurde sie Mitglied der AIC \u2013 Acad\u00e9mie Internationale de la C\u00e9ramique, Genf. Es folgte in Berlin und Los Angeles eine Ausbildung f\u00fcr Gesichts- und K\u00f6rperabg\u00fcsse. &nbsp;Es entstehen Arbeiten unter anderem mit Pers\u00f6nlichkeiten wie dem italienischen Regisseur Federico Fellini, Pop-Ikone Annie Lennox, S\u00e4nger Falco, Dirigent Herbert von Karajan und vielen anderen. Mit der traditionsreichen Wiener Porzellanmanufaktur Augarten besteht eine jahrelange und enge Zusammenarbeit.<\/p>\n\n\n\n<p class=\"wp-block-paragraph\">Seit Beginn ihrer k\u00fcnstlerischen T\u00e4tigkeit nutzt Gundi Dietz neben Metall und Stein haupts\u00e4chlich das Material Porzellan f\u00fcr ihre k\u00fcnstlerische Auseinandersetzung. Vom winzigen Netsuke und der au\u00dfergew\u00f6hnlichen, in allen Farben schillernden K\u00e4ferkollektion \u00fcber Plastiken in Gr\u00f6\u00dfen, die f\u00fcr frei geformte Porzellankunstwerke technisch wie formal einzigartig sind, bis hin zu Skulpturen in Marmor, Aluminium und Bronze reicht ihr k\u00fcnstlerisches Spektrum.<\/p>\n\n\n\n<p class=\"wp-block-paragraph\">Ihre Gesch\u00f6pfe zeigen das Erleben, Wissen und Erkennen, Verstehen und Interpretieren von kulturellen und individuellen Erfahrungen der K\u00fcnstlerin. Gundi Dietz besch\u00e4ftigt sich mit einer Welt, in der Raum und Zeit nicht v\u00f6llig zum gegenw\u00e4rtigen Moment geh\u00f6ren, sondern auch Teil von Vergangenheit und Zukunft sind. In ihren Werken nehmen wir Stimmungen wahr, die sich au\u00dferhalb der Zeit befinden.<\/p>\n\n\n\n<p class=\"wp-block-paragraph\"><strong>Auszeichnungen<\/strong><\/p>\n\n\n\n<p class=\"wp-block-paragraph\">1982 F\u00f6rderungspreis des Landes Nieder\u00f6sterreich f\u00fcr Kunst<\/p>\n\n\n\n<p class=\"wp-block-paragraph\">1982 Mitglied AIC \u2013 Acad\u00e9mie Internationale de la C\u00e9ramique, Genf <\/p>\n\n\n\n<p class=\"wp-block-paragraph\">1983 Preis der Stadt Wien f\u00fcr Bildende Kunst \u00a0<\/p>\n\n\n\n<p class=\"wp-block-paragraph\">1983 Mitgliedschaft am K\u00fcstlerhaus Wien<\/p>\n\n\n\n<p class=\"wp-block-paragraph\">1984\/85 Romstipendium, Gelegenheit zur Arbeit bei Federico Fellini<\/p>\n\n\n\n<p class=\"wp-block-paragraph\">1993 Silberne Ehrennadel des Landes Nieder\u00f6sterreich<\/p>\n\n\n\n<p class=\"wp-block-paragraph\">2001 Verleihung des Berufstitels Professor<\/p>\n\n\n\n<p class=\"wp-block-paragraph\">2009 Goldene Ehrenmedaille &#8211; K\u00fcnstlerhaus Wien<br>\u00a0\u00a0\u00a0\u00a0\u00a0\u00a0\u00a0\u00a0 Grand Prix World Exhibition for Miniatur Ceramics, Zagreb<\/p>\n\n\n\n<figure class=\"wp-block-gallery columns-3 wp-block-gallery-1 is-layout-flex wp-block-gallery-is-layout-flex\"><ul class=\"blocks-gallery-grid\"><li class=\"blocks-gallery-item\"><figure><img loading=\"lazy\" decoding=\"async\" width=\"1024\" height=\"768\" src=\"http:\/\/www.cronopio.de\/kunstimoeffentlichenraum\/wp-content\/uploads\/sites\/11\/2020\/08\/P8261587-1024x768.jpg\" alt=\"\" data-id=\"561\" data-full-url=\"http:\/\/www.cronopio.de\/kunstimoeffentlichenraum\/wp-content\/uploads\/sites\/11\/2020\/08\/P8261587-scaled.jpg\" data-link=\"http:\/\/www.cronopio.de\/kunstimoeffentlichenraum\/kuenstler\/gundi-dietz\/olympus-digital-camera-94\/\" class=\"wp-image-561\" srcset=\"http:\/\/www.cronopio.de\/kunstimoeffentlichenraum\/wp-content\/uploads\/sites\/11\/2020\/08\/P8261587-1024x768.jpg 1024w, http:\/\/www.cronopio.de\/kunstimoeffentlichenraum\/wp-content\/uploads\/sites\/11\/2020\/08\/P8261587-300x225.jpg 300w, http:\/\/www.cronopio.de\/kunstimoeffentlichenraum\/wp-content\/uploads\/sites\/11\/2020\/08\/P8261587-768x576.jpg 768w, http:\/\/www.cronopio.de\/kunstimoeffentlichenraum\/wp-content\/uploads\/sites\/11\/2020\/08\/P8261587-1536x1152.jpg 1536w, http:\/\/www.cronopio.de\/kunstimoeffentlichenraum\/wp-content\/uploads\/sites\/11\/2020\/08\/P8261587-2048x1536.jpg 2048w, http:\/\/www.cronopio.de\/kunstimoeffentlichenraum\/wp-content\/uploads\/sites\/11\/2020\/08\/P8261587-267x200.jpg 267w\" sizes=\"auto, (max-width: 1024px) 100vw, 1024px\" \/><\/figure><\/li><li class=\"blocks-gallery-item\"><figure><img loading=\"lazy\" decoding=\"async\" width=\"698\" height=\"1024\" src=\"http:\/\/www.cronopio.de\/kunstimoeffentlichenraum\/wp-content\/uploads\/sites\/11\/2020\/08\/P8261591-698x1024.jpg\" alt=\"\" data-id=\"562\" data-full-url=\"http:\/\/www.cronopio.de\/kunstimoeffentlichenraum\/wp-content\/uploads\/sites\/11\/2020\/08\/P8261591-scaled.jpg\" data-link=\"http:\/\/www.cronopio.de\/kunstimoeffentlichenraum\/kuenstler\/gundi-dietz\/olympus-digital-camera-95\/\" class=\"wp-image-562\" srcset=\"http:\/\/www.cronopio.de\/kunstimoeffentlichenraum\/wp-content\/uploads\/sites\/11\/2020\/08\/P8261591-698x1024.jpg 698w, http:\/\/www.cronopio.de\/kunstimoeffentlichenraum\/wp-content\/uploads\/sites\/11\/2020\/08\/P8261591-204x300.jpg 204w, http:\/\/www.cronopio.de\/kunstimoeffentlichenraum\/wp-content\/uploads\/sites\/11\/2020\/08\/P8261591-768x1127.jpg 768w, http:\/\/www.cronopio.de\/kunstimoeffentlichenraum\/wp-content\/uploads\/sites\/11\/2020\/08\/P8261591-1047x1536.jpg 1047w, http:\/\/www.cronopio.de\/kunstimoeffentlichenraum\/wp-content\/uploads\/sites\/11\/2020\/08\/P8261591-1395x2048.jpg 1395w, http:\/\/www.cronopio.de\/kunstimoeffentlichenraum\/wp-content\/uploads\/sites\/11\/2020\/08\/P8261591-136x200.jpg 136w, http:\/\/www.cronopio.de\/kunstimoeffentlichenraum\/wp-content\/uploads\/sites\/11\/2020\/08\/P8261591-scaled.jpg 1744w\" sizes=\"auto, (max-width: 698px) 100vw, 698px\" \/><\/figure><\/li><li class=\"blocks-gallery-item\"><figure><img loading=\"lazy\" decoding=\"async\" width=\"1024\" height=\"838\" src=\"http:\/\/www.cronopio.de\/kunstimoeffentlichenraum\/wp-content\/uploads\/sites\/11\/2020\/08\/P8261595-1024x838.jpg\" alt=\"\" data-id=\"563\" data-full-url=\"http:\/\/www.cronopio.de\/kunstimoeffentlichenraum\/wp-content\/uploads\/sites\/11\/2020\/08\/P8261595-scaled.jpg\" data-link=\"http:\/\/www.cronopio.de\/kunstimoeffentlichenraum\/kuenstler\/gundi-dietz\/olympus-digital-camera-96\/\" class=\"wp-image-563\" srcset=\"http:\/\/www.cronopio.de\/kunstimoeffentlichenraum\/wp-content\/uploads\/sites\/11\/2020\/08\/P8261595-1024x838.jpg 1024w, http:\/\/www.cronopio.de\/kunstimoeffentlichenraum\/wp-content\/uploads\/sites\/11\/2020\/08\/P8261595-300x245.jpg 300w, http:\/\/www.cronopio.de\/kunstimoeffentlichenraum\/wp-content\/uploads\/sites\/11\/2020\/08\/P8261595-768x628.jpg 768w, http:\/\/www.cronopio.de\/kunstimoeffentlichenraum\/wp-content\/uploads\/sites\/11\/2020\/08\/P8261595-1536x1257.jpg 1536w, http:\/\/www.cronopio.de\/kunstimoeffentlichenraum\/wp-content\/uploads\/sites\/11\/2020\/08\/P8261595-2048x1676.jpg 2048w, http:\/\/www.cronopio.de\/kunstimoeffentlichenraum\/wp-content\/uploads\/sites\/11\/2020\/08\/P8261595-244x200.jpg 244w\" sizes=\"auto, (max-width: 1024px) 100vw, 1024px\" \/><\/figure><\/li><\/ul><\/figure>\n","protected":false},"excerpt":{"rendered":"<p>Gundi Dietz wurde in Wien geboren, sie lebt und arbeitet in M\u00f6dling. Nach Ausbildung zur Modedesignerin schloss sie 1969 ihr Studium der keramischen Plastik an der Hochschule f\u00fcr angewandte Kunst in Wien ab und besuchte auch die Meisterklasse f\u00fcr Gestaltungslehre. Von 1971 bis 1972 unterrichtet sie als Kunsterzieherin am Bundesgymnasium &hellip;<\/p>\n","protected":false},"author":2,"featured_media":0,"parent":37,"menu_order":0,"comment_status":"closed","ping_status":"closed","template":"","meta":{"_crdt_document":"","_themeisle_gutenberg_block_has_review":false,"h5ap_radio_sources":[],"footnotes":""},"class_list":["post-129","page","type-page","status-publish","hentry"],"_links":{"self":[{"href":"http:\/\/www.cronopio.de\/kunstimoeffentlichenraum\/wp-json\/wp\/v2\/pages\/129","targetHints":{"allow":["GET"]}}],"collection":[{"href":"http:\/\/www.cronopio.de\/kunstimoeffentlichenraum\/wp-json\/wp\/v2\/pages"}],"about":[{"href":"http:\/\/www.cronopio.de\/kunstimoeffentlichenraum\/wp-json\/wp\/v2\/types\/page"}],"author":[{"embeddable":true,"href":"http:\/\/www.cronopio.de\/kunstimoeffentlichenraum\/wp-json\/wp\/v2\/users\/2"}],"replies":[{"embeddable":true,"href":"http:\/\/www.cronopio.de\/kunstimoeffentlichenraum\/wp-json\/wp\/v2\/comments?post=129"}],"version-history":[{"count":3,"href":"http:\/\/www.cronopio.de\/kunstimoeffentlichenraum\/wp-json\/wp\/v2\/pages\/129\/revisions"}],"predecessor-version":[{"id":564,"href":"http:\/\/www.cronopio.de\/kunstimoeffentlichenraum\/wp-json\/wp\/v2\/pages\/129\/revisions\/564"}],"up":[{"embeddable":true,"href":"http:\/\/www.cronopio.de\/kunstimoeffentlichenraum\/wp-json\/wp\/v2\/pages\/37"}],"wp:attachment":[{"href":"http:\/\/www.cronopio.de\/kunstimoeffentlichenraum\/wp-json\/wp\/v2\/media?parent=129"}],"curies":[{"name":"wp","href":"https:\/\/api.w.org\/{rel}","templated":true}]}}

<div class="wp-block-image"><figure class="alignleft size-large"><img loading="lazy" decoding="async" width="500" height="245" src="http://www.cronopio.de/kunstimoeffentlichenraum/wp-content/uploads/sites/11/2020/08/dietz1.jpg" alt="" class="wp-image-356" srcset="http://www.cronopio.de/kunstimoeffentlichenraum/wp-content/uploads/sites/11/2020/08/dietz1.jpg 500w, http://www.cronopio.de/kunstimoeffentlichenraum/wp-content/uploads/sites/11/2020/08/dietz1-300x147.jpg 300w, http://www.cronopio.de/kunstimoeffentlichenraum/wp-content/uploads/sites/11/2020/08/dietz1-408x200.jpg 408w" sizes="auto, (max-width: 500px) 100vw, 500px" /></figure></div>



<p class="wp-block-paragraph">Gundi Dietz wurde in Wien geboren, sie lebt und arbeitet in Mödling. Nach Ausbildung zur Modedesignerin schloss sie 1969 ihr Studium der keramischen Plastik an der Hochschule für angewandte Kunst in Wien ab und besuchte auch die Meisterklasse für Gestaltungslehre. Von 1971 bis 1972 unterrichtet sie als Kunsterzieherin am Bundesgymnasium Keimgasse in Mödling. Ab 1973 arbeitet Gundi Dietz als freischaffende Künstlerin.</p>



<p class="wp-block-paragraph">1982 wurde sie Mitglied der AIC – Académie Internationale de la Céramique, Genf. Es folgte in Berlin und Los Angeles eine Ausbildung für Gesichts- und Körperabgüsse. &nbsp;Es entstehen Arbeiten unter anderem mit Persönlichkeiten wie dem italienischen Regisseur Federico Fellini, Pop-Ikone Annie Lennox, Sänger Falco, Dirigent Herbert von Karajan und vielen anderen. Mit der traditionsreichen Wiener Porzellanmanufaktur Augarten besteht eine jahrelange und enge Zusammenarbeit.</p>



<p class="wp-block-paragraph">Seit Beginn ihrer künstlerischen Tätigkeit nutzt Gundi Dietz neben Metall und Stein hauptsächlich das Material Porzellan für ihre künstlerische Auseinandersetzung. Vom winzigen Netsuke und der außergewöhnlichen, in allen Farben schillernden Käferkollektion über Plastiken in Größen, die für frei geformte Porzellankunstwerke technisch wie formal einzigartig sind, bis hin zu Skulpturen in Marmor, Aluminium und Bronze reicht ihr künstlerisches Spektrum.</p>



<p class="wp-block-paragraph">Ihre Geschöpfe zeigen das Erleben, Wissen und Erkennen, Verstehen und Interpretieren von kulturellen und individuellen Erfahrungen der Künstlerin. Gundi Dietz beschäftigt sich mit einer Welt, in der Raum und Zeit nicht völlig zum gegenwärtigen Moment gehören, sondern auch Teil von Vergangenheit und Zukunft sind. In ihren Werken nehmen wir Stimmungen wahr, die sich außerhalb der Zeit befinden.</p>



<p class="wp-block-paragraph"><strong>Auszeichnungen</strong></p>



<p class="wp-block-paragraph">1982 Förderungspreis des Landes Niederösterreich für Kunst</p>



<p class="wp-block-paragraph">1982 Mitglied AIC – Académie Internationale de la Céramique, Genf </p>



<p class="wp-block-paragraph">1983 Preis der Stadt Wien für Bildende Kunst  </p>



<p class="wp-block-paragraph">1983 Mitgliedschaft am Küstlerhaus Wien</p>



<p class="wp-block-paragraph">1984/85 Romstipendium, Gelegenheit zur Arbeit bei Federico Fellini</p>



<p class="wp-block-paragraph">1993 Silberne Ehrennadel des Landes Niederösterreich</p>



<p class="wp-block-paragraph">2001 Verleihung des Berufstitels Professor</p>



<p class="wp-block-paragraph">2009 Goldene Ehrenmedaille &#8211; Künstlerhaus Wien<br>         Grand Prix World Exhibition for Miniatur Ceramics, Zagreb</p>



<figure class="wp-block-gallery columns-3 wp-block-gallery-1 is-layout-flex wp-block-gallery-is-layout-flex"><ul class="blocks-gallery-grid"><li class="blocks-gallery-item"><figure><img loading="lazy" decoding="async" width="1024" height="768" src="http://www.cronopio.de/kunstimoeffentlichenraum/wp-content/uploads/sites/11/2020/08/P8261587-1024x768.jpg" alt="" data-id="561" data-full-url="http://www.cronopio.de/kunstimoeffentlichenraum/wp-content/uploads/sites/11/2020/08/P8261587-scaled.jpg" data-link="http://www.cronopio.de/kunstimoeffentlichenraum/kuenstler/gundi-dietz/olympus-digital-camera-94/" class="wp-image-561" srcset="http://www.cronopio.de/kunstimoeffentlichenraum/wp-content/uploads/sites/11/2020/08/P8261587-1024x768.jpg 1024w, http://www.cronopio.de/kunstimoeffentlichenraum/wp-content/uploads/sites/11/2020/08/P8261587-300x225.jpg 300w, http://www.cronopio.de/kunstimoeffentlichenraum/wp-content/uploads/sites/11/2020/08/P8261587-768x576.jpg 768w, http://www.cronopio.de/kunstimoeffentlichenraum/wp-content/uploads/sites/11/2020/08/P8261587-1536x1152.jpg 1536w, http://www.cronopio.de/kunstimoeffentlichenraum/wp-content/uploads/sites/11/2020/08/P8261587-2048x1536.jpg 2048w, http://www.cronopio.de/kunstimoeffentlichenraum/wp-content/uploads/sites/11/2020/08/P8261587-267x200.jpg 267w" sizes="auto, (max-width: 1024px) 100vw, 1024px" /></figure></li><li class="blocks-gallery-item"><figure><img loading="lazy" decoding="async" width="698" height="1024" src="http://www.cronopio.de/kunstimoeffentlichenraum/wp-content/uploads/sites/11/2020/08/P8261591-698x1024.jpg" alt="" data-id="562" data-full-url="http://www.cronopio.de/kunstimoeffentlichenraum/wp-content/uploads/sites/11/2020/08/P8261591-scaled.jpg" data-link="http://www.cronopio.de/kunstimoeffentlichenraum/kuenstler/gundi-dietz/olympus-digital-camera-95/" class="wp-image-562" srcset="http://www.cronopio.de/kunstimoeffentlichenraum/wp-content/uploads/sites/11/2020/08/P8261591-698x1024.jpg 698w, http://www.cronopio.de/kunstimoeffentlichenraum/wp-content/uploads/sites/11/2020/08/P8261591-204x300.jpg 204w, http://www.cronopio.de/kunstimoeffentlichenraum/wp-content/uploads/sites/11/2020/08/P8261591-768x1127.jpg 768w, http://www.cronopio.de/kunstimoeffentlichenraum/wp-content/uploads/sites/11/2020/08/P8261591-1047x1536.jpg 1047w, http://www.cronopio.de/kunstimoeffentlichenraum/wp-content/uploads/sites/11/2020/08/P8261591-1395x2048.jpg 1395w, http://www.cronopio.de/kunstimoeffentlichenraum/wp-content/uploads/sites/11/2020/08/P8261591-136x200.jpg 136w, http://www.cronopio.de/kunstimoeffentlichenraum/wp-content/uploads/sites/11/2020/08/P8261591-scaled.jpg 1744w" sizes="auto, (max-width: 698px) 100vw, 698px" /></figure></li><li class="blocks-gallery-item"><figure><img loading="lazy" decoding="async" width="1024" height="838" src="http://www.cronopio.de/kunstimoeffentlichenraum/wp-content/uploads/sites/11/2020/08/P8261595-1024x838.jpg" alt="" data-id="563" data-full-url="http://www.cronopio.de/kunstimoeffentlichenraum/wp-content/uploads/sites/11/2020/08/P8261595-scaled.jpg" data-link="http://www.cronopio.de/kunstimoeffentlichenraum/kuenstler/gundi-dietz/olympus-digital-camera-96/" class="wp-image-563" srcset="http://www.cronopio.de/kunstimoeffentlichenraum/wp-content/uploads/sites/11/2020/08/P8261595-1024x838.jpg 1024w, http://www.cronopio.de/kunstimoeffentlichenraum/wp-content/uploads/sites/11/2020/08/P8261595-300x245.jpg 300w, http://www.cronopio.de/kunstimoeffentlichenraum/wp-content/uploads/sites/11/2020/08/P8261595-768x628.jpg 768w, http://www.cronopio.de/kunstimoeffentlichenraum/wp-content/uploads/sites/11/2020/08/P8261595-1536x1257.jpg 1536w, http://www.cronopio.de/kunstimoeffentlichenraum/wp-content/uploads/sites/11/2020/08/P8261595-2048x1676.jpg 2048w, http://www.cronopio.de/kunstimoeffentlichenraum/wp-content/uploads/sites/11/2020/08/P8261595-244x200.jpg 244w" sizes="auto, (max-width: 1024px) 100vw, 1024px" /></figure></li></ul></figure>

<p>Gundi Dietz wurde in Wien geboren, sie lebt und arbeitet in Mödling. Nach Ausbildung zur Modedesignerin schloss sie 1969 ihr Studium der keramischen Plastik an der Hochschule für angewandte Kunst in Wien ab und besuchte auch die Meisterklasse für Gestaltungslehre. Von 1971 bis 1972 unterrichtet sie als Kunsterzieherin am Bundesgymnasium &hellip;</p>
