{"id":125,"date":"2020-07-27T22:02:18","date_gmt":"2020-07-27T20:02:18","guid":{"rendered":"http:\/\/www.cronopio.de\/kunstimoeffentlichenraum\/?page_id=125"},"modified":"2020-08-28T20:51:05","modified_gmt":"2020-08-28T18:51:05","slug":"eduard-diem","status":"publish","type":"page","link":"http:\/\/www.cronopio.de\/kunstimoeffentlichenraum\/kuenstler\/eduard-diem\/","title":{"rendered":"Eduard Diem"},"content":{"rendered":"\n<div class=\"wp-block-image\"><figure class=\"alignleft size-large\"><img loading=\"lazy\" decoding=\"async\" width=\"270\" height=\"306\" src=\"http:\/\/www.cronopio.de\/kunstimoeffentlichenraum\/wp-content\/uploads\/sites\/11\/2020\/07\/grafik-3.png\" alt=\"\" class=\"wp-image-282\" srcset=\"http:\/\/www.cronopio.de\/kunstimoeffentlichenraum\/wp-content\/uploads\/sites\/11\/2020\/07\/grafik-3.png 270w, http:\/\/www.cronopio.de\/kunstimoeffentlichenraum\/wp-content\/uploads\/sites\/11\/2020\/07\/grafik-3-265x300.png 265w, http:\/\/www.cronopio.de\/kunstimoeffentlichenraum\/wp-content\/uploads\/sites\/11\/2020\/07\/grafik-3-176x200.png 176w\" sizes=\"auto, (max-width: 270px) 100vw, 270px\" \/><\/figure><\/div>\n\n\n\n<p class=\"wp-block-paragraph\">*9. April 1929 in Peigarten bei Haugsdorf\/N\u00d6<\/p>\n\n\n\n<p class=\"wp-block-paragraph\">Eduard Diem lebt und arbeitet in Wien, 13. Bezirk<\/p>\n\n\n\n<p class=\"wp-block-paragraph\"><strong>K\u00fcnstlerische Ausbildung:<\/strong><br>Gastsch\u00fcler an der Akademie der bildenden K\u00fcnste in Wien<br>Studienreisen in Europa und Nordafrika<br>Seit 1960 zahlreiche Ausstellungen in Wien und den Bundesl\u00e4ndern. Ausstellungsbeteiligungen in \u00d6sterreich, D\u00e4nemark, Schweden, \u010cSSR, BRD, Amerika, Kanada, UdSSR, Japan, Frankreich, Ungarn und Portugal. Mitarbeit und Management bei internationalen Gro\u00dfausstellungen von Picasso, Dal\u00ed, Henri Moore und Marini.<\/p>\n\n\n\n<p class=\"wp-block-paragraph\">Die Werke Diems sind im Besitz vieler \u00f6ffentlicher und privater Sammlungen.<br>Entwurf zahlreicher Briefmarken.<\/p>\n\n\n\n<p class=\"wp-block-paragraph\">1999: Gewinner des vom M\u00f6dlinger K\u00fcnstlerbund ausgeschriebenen Wettbewerbs f\u00fcr den Kreisverkehr Wienerstra\u00dfe-Grenzgasse: <a href=\"http:\/\/www.cronopio.de\/kunstimoeffentlichenraum\/metallplastiken\/edelstahlfoehre\/\">Edelstahlf\u00f6hre<\/a><\/p>\n\n\n\n<p class=\"wp-block-paragraph\"><strong>Ehrungen:<\/strong><br>1971 Diplom f\u00fcr hervorragende Leistung auf dem Gebiet der bildenden Kunst<br>1983 Wiener Festwochenpreis f\u00fcr Plastik<\/p>\n\n\n\n<p class=\"wp-block-paragraph\"><strong>Mitgliedschaften:<br><\/strong>Berufsverband der bildenden K\u00fcnstler \u00d6sterreichs<br>M\u00f6dlinger K\u00fcnstlerbund<br>Internationaler Club Art Diagonal und Art Contact<\/p>\n\n\n\n<figure class=\"wp-block-gallery aligncenter columns-2 wp-block-gallery-1 is-layout-flex wp-block-gallery-is-layout-flex\"><ul class=\"blocks-gallery-grid\"><li class=\"blocks-gallery-item\"><figure><img loading=\"lazy\" decoding=\"async\" width=\"300\" height=\"289\" src=\"http:\/\/www.cronopio.de\/kunstimoeffentlichenraum\/wp-content\/uploads\/sites\/11\/2020\/08\/P8281640-300x289.jpg\" alt=\"\" data-id=\"507\" class=\"wp-image-507\" srcset=\"http:\/\/www.cronopio.de\/kunstimoeffentlichenraum\/wp-content\/uploads\/sites\/11\/2020\/08\/P8281640-300x289.jpg 300w, http:\/\/www.cronopio.de\/kunstimoeffentlichenraum\/wp-content\/uploads\/sites\/11\/2020\/08\/P8281640-1024x985.jpg 1024w, http:\/\/www.cronopio.de\/kunstimoeffentlichenraum\/wp-content\/uploads\/sites\/11\/2020\/08\/P8281640-768x739.jpg 768w, http:\/\/www.cronopio.de\/kunstimoeffentlichenraum\/wp-content\/uploads\/sites\/11\/2020\/08\/P8281640-1536x1477.jpg 1536w, http:\/\/www.cronopio.de\/kunstimoeffentlichenraum\/wp-content\/uploads\/sites\/11\/2020\/08\/P8281640-208x200.jpg 208w, http:\/\/www.cronopio.de\/kunstimoeffentlichenraum\/wp-content\/uploads\/sites\/11\/2020\/08\/P8281640.jpg 1940w\" sizes=\"auto, (max-width: 300px) 100vw, 300px\" \/><\/figure><\/li><li class=\"blocks-gallery-item\"><figure><img loading=\"lazy\" decoding=\"async\" width=\"170\" height=\"300\" src=\"http:\/\/www.cronopio.de\/kunstimoeffentlichenraum\/wp-content\/uploads\/sites\/11\/2020\/08\/P8281638-170x300.jpg\" alt=\"\" data-id=\"506\" class=\"wp-image-506\" srcset=\"http:\/\/www.cronopio.de\/kunstimoeffentlichenraum\/wp-content\/uploads\/sites\/11\/2020\/08\/P8281638-170x300.jpg 170w, http:\/\/www.cronopio.de\/kunstimoeffentlichenraum\/wp-content\/uploads\/sites\/11\/2020\/08\/P8281638-580x1024.jpg 580w, http:\/\/www.cronopio.de\/kunstimoeffentlichenraum\/wp-content\/uploads\/sites\/11\/2020\/08\/P8281638-768x1357.jpg 768w, http:\/\/www.cronopio.de\/kunstimoeffentlichenraum\/wp-content\/uploads\/sites\/11\/2020\/08\/P8281638-869x1536.jpg 869w, http:\/\/www.cronopio.de\/kunstimoeffentlichenraum\/wp-content\/uploads\/sites\/11\/2020\/08\/P8281638-1159x2048.jpg 1159w, http:\/\/www.cronopio.de\/kunstimoeffentlichenraum\/wp-content\/uploads\/sites\/11\/2020\/08\/P8281638-113x200.jpg 113w, http:\/\/www.cronopio.de\/kunstimoeffentlichenraum\/wp-content\/uploads\/sites\/11\/2020\/08\/P8281638-scaled.jpg 1449w\" sizes=\"auto, (max-width: 170px) 100vw, 170px\" \/><\/figure><\/li><\/ul><\/figure>\n\n\n\n<p class=\"has-text-align-center wp-block-paragraph\">Auszeichnungen f\u00fcr verdiente Mitglieder des M\u00f6dlinger K\u00fcnstlerbundes<\/p>\n\n\n\n<div class=\"wp-block-themeisle-blocks-advanced-columns has-1-columns has-desktop-equal-layout has-tablet-equal-layout has-mobile-equal-layout has-default-gap has-vertical-unset\" id=\"wp-block-themeisle-blocks-advanced-columns-d84d88a1\"><div class=\"wp-block-themeisle-blocks-advanced-columns-overlay\"><\/div><div class=\"innerblocks-wrap\">\n<div class=\"wp-block-themeisle-blocks-advanced-column\" id=\"wp-block-themeisle-blocks-advanced-column-34c01136\"><\/div>\n<\/div><\/div>\n","protected":false},"excerpt":{"rendered":"<p>*9. April 1929 in Peigarten bei Haugsdorf\/N\u00d6 Eduard Diem lebt und arbeitet in Wien, 13. Bezirk K\u00fcnstlerische Ausbildung:Gastsch\u00fcler an der Akademie der bildenden K\u00fcnste in WienStudienreisen in Europa und NordafrikaSeit 1960 zahlreiche Ausstellungen in Wien und den Bundesl\u00e4ndern. Ausstellungsbeteiligungen in \u00d6sterreich, D\u00e4nemark, Schweden, \u010cSSR, BRD, Amerika, Kanada, UdSSR, Japan, Frankreich, &hellip;<\/p>\n","protected":false},"author":2,"featured_media":0,"parent":37,"menu_order":0,"comment_status":"closed","ping_status":"closed","template":"","meta":{"_crdt_document":"","_themeisle_gutenberg_block_has_review":false,"h5ap_radio_sources":[],"footnotes":""},"class_list":["post-125","page","type-page","status-publish","hentry"],"_links":{"self":[{"href":"http:\/\/www.cronopio.de\/kunstimoeffentlichenraum\/wp-json\/wp\/v2\/pages\/125","targetHints":{"allow":["GET"]}}],"collection":[{"href":"http:\/\/www.cronopio.de\/kunstimoeffentlichenraum\/wp-json\/wp\/v2\/pages"}],"about":[{"href":"http:\/\/www.cronopio.de\/kunstimoeffentlichenraum\/wp-json\/wp\/v2\/types\/page"}],"author":[{"embeddable":true,"href":"http:\/\/www.cronopio.de\/kunstimoeffentlichenraum\/wp-json\/wp\/v2\/users\/2"}],"replies":[{"embeddable":true,"href":"http:\/\/www.cronopio.de\/kunstimoeffentlichenraum\/wp-json\/wp\/v2\/comments?post=125"}],"version-history":[{"count":7,"href":"http:\/\/www.cronopio.de\/kunstimoeffentlichenraum\/wp-json\/wp\/v2\/pages\/125\/revisions"}],"predecessor-version":[{"id":512,"href":"http:\/\/www.cronopio.de\/kunstimoeffentlichenraum\/wp-json\/wp\/v2\/pages\/125\/revisions\/512"}],"up":[{"embeddable":true,"href":"http:\/\/www.cronopio.de\/kunstimoeffentlichenraum\/wp-json\/wp\/v2\/pages\/37"}],"wp:attachment":[{"href":"http:\/\/www.cronopio.de\/kunstimoeffentlichenraum\/wp-json\/wp\/v2\/media?parent=125"}],"curies":[{"name":"wp","href":"https:\/\/api.w.org\/{rel}","templated":true}]}}

<div class="wp-block-image"><figure class="alignleft size-large"><img loading="lazy" decoding="async" width="270" height="306" src="http://www.cronopio.de/kunstimoeffentlichenraum/wp-content/uploads/sites/11/2020/07/grafik-3.png" alt="" class="wp-image-282" srcset="http://www.cronopio.de/kunstimoeffentlichenraum/wp-content/uploads/sites/11/2020/07/grafik-3.png 270w, http://www.cronopio.de/kunstimoeffentlichenraum/wp-content/uploads/sites/11/2020/07/grafik-3-265x300.png 265w, http://www.cronopio.de/kunstimoeffentlichenraum/wp-content/uploads/sites/11/2020/07/grafik-3-176x200.png 176w" sizes="auto, (max-width: 270px) 100vw, 270px" /></figure></div>



<p class="wp-block-paragraph">*9. April 1929 in Peigarten bei Haugsdorf/NÖ</p>



<p class="wp-block-paragraph">Eduard Diem lebt und arbeitet in Wien, 13. Bezirk</p>



<p class="wp-block-paragraph"><strong>Künstlerische Ausbildung:</strong><br>Gastschüler an der Akademie der bildenden Künste in Wien<br>Studienreisen in Europa und Nordafrika<br>Seit 1960 zahlreiche Ausstellungen in Wien und den Bundesländern. Ausstellungsbeteiligungen in Österreich, Dänemark, Schweden, ČSSR, BRD, Amerika, Kanada, UdSSR, Japan, Frankreich, Ungarn und Portugal. Mitarbeit und Management bei internationalen Großausstellungen von Picasso, Dalí, Henri Moore und Marini.</p>



<p class="wp-block-paragraph">Die Werke Diems sind im Besitz vieler öffentlicher und privater Sammlungen.<br>Entwurf zahlreicher Briefmarken.</p>



<p class="wp-block-paragraph">1999: Gewinner des vom Mödlinger Künstlerbund ausgeschriebenen Wettbewerbs für den Kreisverkehr Wienerstraße-Grenzgasse: <a href="http://www.cronopio.de/kunstimoeffentlichenraum/metallplastiken/edelstahlfoehre/">Edelstahlföhre</a></p>



<p class="wp-block-paragraph"><strong>Ehrungen:</strong><br>1971 Diplom für hervorragende Leistung auf dem Gebiet der bildenden Kunst<br>1983 Wiener Festwochenpreis für Plastik</p>



<p class="wp-block-paragraph"><strong>Mitgliedschaften:<br></strong>Berufsverband der bildenden Künstler Österreichs<br>Mödlinger Künstlerbund<br>Internationaler Club Art Diagonal und Art Contact</p>



<figure class="wp-block-gallery aligncenter columns-2 wp-block-gallery-1 is-layout-flex wp-block-gallery-is-layout-flex"><ul class="blocks-gallery-grid"><li class="blocks-gallery-item"><figure><img loading="lazy" decoding="async" width="300" height="289" src="http://www.cronopio.de/kunstimoeffentlichenraum/wp-content/uploads/sites/11/2020/08/P8281640-300x289.jpg" alt="" data-id="507" class="wp-image-507" srcset="http://www.cronopio.de/kunstimoeffentlichenraum/wp-content/uploads/sites/11/2020/08/P8281640-300x289.jpg 300w, http://www.cronopio.de/kunstimoeffentlichenraum/wp-content/uploads/sites/11/2020/08/P8281640-1024x985.jpg 1024w, http://www.cronopio.de/kunstimoeffentlichenraum/wp-content/uploads/sites/11/2020/08/P8281640-768x739.jpg 768w, http://www.cronopio.de/kunstimoeffentlichenraum/wp-content/uploads/sites/11/2020/08/P8281640-1536x1477.jpg 1536w, http://www.cronopio.de/kunstimoeffentlichenraum/wp-content/uploads/sites/11/2020/08/P8281640-208x200.jpg 208w, http://www.cronopio.de/kunstimoeffentlichenraum/wp-content/uploads/sites/11/2020/08/P8281640.jpg 1940w" sizes="auto, (max-width: 300px) 100vw, 300px" /></figure></li><li class="blocks-gallery-item"><figure><img loading="lazy" decoding="async" width="170" height="300" src="http://www.cronopio.de/kunstimoeffentlichenraum/wp-content/uploads/sites/11/2020/08/P8281638-170x300.jpg" alt="" data-id="506" class="wp-image-506" srcset="http://www.cronopio.de/kunstimoeffentlichenraum/wp-content/uploads/sites/11/2020/08/P8281638-170x300.jpg 170w, http://www.cronopio.de/kunstimoeffentlichenraum/wp-content/uploads/sites/11/2020/08/P8281638-580x1024.jpg 580w, http://www.cronopio.de/kunstimoeffentlichenraum/wp-content/uploads/sites/11/2020/08/P8281638-768x1357.jpg 768w, http://www.cronopio.de/kunstimoeffentlichenraum/wp-content/uploads/sites/11/2020/08/P8281638-869x1536.jpg 869w, http://www.cronopio.de/kunstimoeffentlichenraum/wp-content/uploads/sites/11/2020/08/P8281638-1159x2048.jpg 1159w, http://www.cronopio.de/kunstimoeffentlichenraum/wp-content/uploads/sites/11/2020/08/P8281638-113x200.jpg 113w, http://www.cronopio.de/kunstimoeffentlichenraum/wp-content/uploads/sites/11/2020/08/P8281638-scaled.jpg 1449w" sizes="auto, (max-width: 170px) 100vw, 170px" /></figure></li></ul></figure>



<p class="has-text-align-center wp-block-paragraph">Auszeichnungen für verdiente Mitglieder des Mödlinger Künstlerbundes</p>



<div class="wp-block-themeisle-blocks-advanced-columns has-1-columns has-desktop-equal-layout has-tablet-equal-layout has-mobile-equal-layout has-default-gap has-vertical-unset" id="wp-block-themeisle-blocks-advanced-columns-d84d88a1"><div class="wp-block-themeisle-blocks-advanced-columns-overlay"></div><div class="innerblocks-wrap">
<div class="wp-block-themeisle-blocks-advanced-column" id="wp-block-themeisle-blocks-advanced-column-34c01136"></div>
</div></div>

<p>*9. April 1929 in Peigarten bei Haugsdorf/NÖ Eduard Diem lebt und arbeitet in Wien, 13. Bezirk Künstlerische Ausbildung:Gastschüler an der Akademie der bildenden Künste in WienStudienreisen in Europa und NordafrikaSeit 1960 zahlreiche Ausstellungen in Wien und den Bundesländern. Ausstellungsbeteiligungen in Österreich, Dänemark, Schweden, ČSSR, BRD, Amerika, Kanada, UdSSR, Japan, Frankreich, &hellip;</p>
