{"id":73,"date":"2016-07-01T18:21:21","date_gmt":"2016-07-01T16:21:21","guid":{"rendered":"http:\/\/www.cronopio.de\/instrumentenausstellung\/?page_id=73"},"modified":"2018-08-15T23:22:15","modified_gmt":"2018-08-15T21:22:15","slug":"barockvioline","status":"publish","type":"page","link":"http:\/\/www.cronopio.de\/instrumentenausstellung\/instrumentenfamilien\/saiteninstrumente\/barockvioline\/","title":{"rendered":"Barockvioline"},"content":{"rendered":"<table style=\"border-color: white; width: 100%;\">\n<colgroup>\n<col width=\"\" \/>\n<col width=\"\" \/>\n<col width=\"400px\" \/> <\/colgroup>\n<tbody>\n<tr>\n<td><\/td>\n<td>\n<\/td>\n<td style=\"text-align: right;\"><iframe src=\"https:\/\/www.youtube.com\/embed\/3G7vJXYlNbE\" allowfullscreen><\/iframe><br \/>\n<i><strong>Barockvioline, Barockcello, Theorbe und Cembalo<\/strong><br \/>Dario Castello, Sonata prima (1629)<br \/>Ausf\u00fchrende: Elizabeth Blumenstock, Voices of Music<\/i>\n<\/td>\n<\/tr>\n<\/tbody>\n<\/table>\n<p>Die Barockvioline hat bereits ann\u00e4hernd die Form und Bauweise der modernen Violine. Die wesentlichen Unterschiede sind folgende:<\/p>\n<figure id=\"attachment_632\" aria-describedby=\"caption-attachment-632\" style=\"width: 300px\" class=\"wp-caption alignleft\"><a href=\"http:\/\/www.cronopio.de\/instrumentenausstellung\/wp-content\/uploads\/sites\/2\/2016\/07\/violine-barock-klassisch.png\"><img loading=\"lazy\" decoding=\"async\" class=\"size-medium wp-image-632\" src=\"http:\/\/www.cronopio.de\/instrumentenausstellung\/wp-content\/uploads\/sites\/2\/2016\/07\/violine-barock-klassisch-300x163.png\" alt=\"Unterschiede zwischen barocker und klassischer Violine\" width=\"300\" height=\"163\" srcset=\"http:\/\/www.cronopio.de\/instrumentenausstellung\/wp-content\/uploads\/sites\/2\/2016\/07\/violine-barock-klassisch-300x163.png 300w, http:\/\/www.cronopio.de\/instrumentenausstellung\/wp-content\/uploads\/sites\/2\/2016\/07\/violine-barock-klassisch.png 762w\" sizes=\"auto, (max-width: 300px) 100vw, 300px\" \/><\/a><figcaption id=\"caption-attachment-632\" class=\"wp-caption-text\">Unterschiede zwischen barocker und klassischer Violine.<\/figcaption><\/figure>\n<ul>\n<li>Hals und Griffbrett der Barockvioline sind breiter und ca. 2 cm k\u00fcrzer.<\/li>\n<li>Der Steg ist flacher und steht n\u00e4her am Saitenhalter, wodurch die Saitenspannung geringer ist.<\/li>\n<li>Der Hals ist nicht nach hinten ab\u00adge\u00adwinkelt, sondern gerade.<\/li>\n<li>Die Neigung des Griffbretts ist flacher.<\/li>\n<li>Die geringere W\u00f6lbung des Stegs er\u00adleich\u00adtert das Spiel von Akkorden, weil der Bogen zum Erreichen aller Saiten einen geringeren Weg zur\u00fccklegen muss.<\/li>\n<li>Der Bassbalken ist etwas schmaler und k\u00fcrzer, oft nicht separat an der Decke befestigt, sondern aus dieser herausgearbeitet.<\/li>\n<li>Das Gesamtgewicht ist geringer.<\/li>\n<li>Die Stange des barocken Violinbogens zeigt eine st\u00e4rkere Au\u00dfenw\u00f6lbung, die Spitze ist oft langgestreckt und zart (\u201eSchwanenhals\u201c).<\/li>\n<li>Der Klang ist etwas leiser und silbriger.<\/li>\n<\/ul>\n<h4>Haltung:<\/h4>\n<figure id=\"attachment_660\" aria-describedby=\"caption-attachment-660\" style=\"width: 300px\" class=\"wp-caption alignright\"><a href=\"http:\/\/www.cronopio.de\/instrumentenausstellung\/wp-content\/uploads\/sites\/2\/2016\/06\/Barockvioline_Leyster.jpg\" target=\"_blank\"><img loading=\"lazy\" decoding=\"async\" class=\"wp-image-660 size-medium\" src=\"http:\/\/www.cronopio.de\/instrumentenausstellung\/wp-content\/uploads\/sites\/2\/2016\/06\/Barockvioline_Leyster-300x202.jpg\" alt=\"Judith Leyster: Musicerend gezelschap\" width=\"300\" height=\"202\" srcset=\"http:\/\/www.cronopio.de\/instrumentenausstellung\/wp-content\/uploads\/sites\/2\/2016\/06\/Barockvioline_Leyster-300x202.jpg 300w, http:\/\/www.cronopio.de\/instrumentenausstellung\/wp-content\/uploads\/sites\/2\/2016\/06\/Barockvioline_Leyster-768x517.jpg 768w, http:\/\/www.cronopio.de\/instrumentenausstellung\/wp-content\/uploads\/sites\/2\/2016\/06\/Barockvioline_Leyster.jpg 897w\" sizes=\"auto, (max-width: 300px) 100vw, 300px\" \/><\/a><figcaption id=\"caption-attachment-660\" class=\"wp-caption-text\">Judith Leyster (1609-1660): Musicerend gezelschap, 1631\/33<\/figcaption><\/figure>\n<p>In der ersten H\u00e4lfte des 17. Jahrhunderts wurde die Violine meist an der Brust abgest\u00fctzt. Da die linke Hand nicht nur die Saiten greifen, sondern auch das Instrument halten musste, waren Lagenwechsel nur mit spezieller Technik m\u00f6glich.<\/p>\n<figure id=\"attachment_631\" aria-describedby=\"caption-attachment-631\" style=\"width: 255px\" class=\"wp-caption alignleft\"><a href=\"http:\/\/www.cronopio.de\/instrumentenausstellung\/wp-content\/uploads\/sites\/2\/2016\/07\/veracini.jpg\"><img loading=\"lazy\" decoding=\"async\" class=\"size-medium wp-image-631\" src=\"http:\/\/www.cronopio.de\/instrumentenausstellung\/wp-content\/uploads\/sites\/2\/2016\/07\/veracini-255x300.jpg\" alt=\"Geigenhaltung auf dem Schl\u00fcsselbein\" width=\"255\" height=\"300\" srcset=\"http:\/\/www.cronopio.de\/instrumentenausstellung\/wp-content\/uploads\/sites\/2\/2016\/07\/veracini-255x300.jpg 255w, http:\/\/www.cronopio.de\/instrumentenausstellung\/wp-content\/uploads\/sites\/2\/2016\/07\/veracini.jpg 578w\" sizes=\"auto, (max-width: 255px) 100vw, 255px\" \/><\/a><figcaption id=\"caption-attachment-631\" class=\"wp-caption-text\">Franz Ferdinand Richter (geb. 1693): Bildnis des Violinvirtuosen<br \/>Francesco Maria Veracini<\/figcaption><\/figure>\n<p>Um 1700 etablierte sich die Lage auf dem Schl\u00fcsselbein. Noch immer hatte die linke Hand die doppelte Aufgabe, die Saiten zu greifen und die Violine zu halten, aber jetzt bestand die M\u00f6glichkeit, tempor\u00e4r das Instrument zwischen Kinn und Schl\u00fcsselbein &#8222;einzuklemmen&#8220; und damit die Hand zu entlasten, so dass Lagenwechsel leichter fielen.<\/p>\n<table style=\"border-color: white;\" border=\"0\" width=\"100%\">\n<tbody>\n<tr>\n<td style=\"text-align: left;\">&lt;<br \/>\n<a href=\"http:\/\/www.cronopio.de\/instrumentenausstellung\/instrumentenfamilien\/saiteninstrumente\/geigenfamilie\/\">Geigenfamilie<\/a><\/td>\n<td style=\"text-align: center;\">^<br \/>\n<a href=\"http:\/\/www.cronopio.de\/instrumentenausstellung\/saiteninstrumente\/\">Saiteninstrumente<\/a><\/td>\n<td style=\"text-align: right;\">&gt;<br \/>\n<a href=\"http:\/\/www.cronopio.de\/instrumentenausstellung\/instrumentenfamilien\/saiteninstrumente\/viola-da-gamba\/\">Viola da Gamba<\/a><\/td>\n<\/tr>\n<\/tbody>\n<\/table>\n","protected":false},"excerpt":{"rendered":"<p>Hintergrundinformationen zu Barockvioline und Viola da Gamba<\/p>\n","protected":false},"author":1,"featured_media":0,"parent":362,"menu_order":3,"comment_status":"closed","ping_status":"closed","template":"","meta":{"_crdt_document":"","_themeisle_gutenberg_block_has_review":false,"h5ap_radio_sources":[],"footnotes":""},"class_list":["post-73","page","type-page","status-publish","hentry"],"_links":{"self":[{"href":"http:\/\/www.cronopio.de\/instrumentenausstellung\/wp-json\/wp\/v2\/pages\/73","targetHints":{"allow":["GET"]}}],"collection":[{"href":"http:\/\/www.cronopio.de\/instrumentenausstellung\/wp-json\/wp\/v2\/pages"}],"about":[{"href":"http:\/\/www.cronopio.de\/instrumentenausstellung\/wp-json\/wp\/v2\/types\/page"}],"author":[{"embeddable":true,"href":"http:\/\/www.cronopio.de\/instrumentenausstellung\/wp-json\/wp\/v2\/users\/1"}],"replies":[{"embeddable":true,"href":"http:\/\/www.cronopio.de\/instrumentenausstellung\/wp-json\/wp\/v2\/comments?post=73"}],"version-history":[{"count":13,"href":"http:\/\/www.cronopio.de\/instrumentenausstellung\/wp-json\/wp\/v2\/pages\/73\/revisions"}],"predecessor-version":[{"id":1663,"href":"http:\/\/www.cronopio.de\/instrumentenausstellung\/wp-json\/wp\/v2\/pages\/73\/revisions\/1663"}],"up":[{"embeddable":true,"href":"http:\/\/www.cronopio.de\/instrumentenausstellung\/wp-json\/wp\/v2\/pages\/362"}],"wp:attachment":[{"href":"http:\/\/www.cronopio.de\/instrumentenausstellung\/wp-json\/wp\/v2\/media?parent=73"}],"curies":[{"name":"wp","href":"https:\/\/api.w.org\/{rel}","templated":true}]}}

<table style="border-color: white; width: 100%;">
<colgroup>
<col width="" />
<col width="" />
<col width="400px" /> </colgroup>
<tbody>
<tr>
<td></td>
<td>
</td>
<td style="text-align: right;"><iframe src="https://www.youtube.com/embed/3G7vJXYlNbE" allowfullscreen></iframe><br />
<i><strong>Barockvioline, Barockcello, Theorbe und Cembalo</strong><br />Dario Castello, Sonata prima (1629)<br />Ausführende: Elizabeth Blumenstock, Voices of Music</i>
</td>
</tr>
</tbody>
</table>
<p>Die Barockvioline hat bereits annähernd die Form und Bauweise der modernen Violine. Die wesentlichen Unterschiede sind folgende:</p>
<figure id="attachment_632" aria-describedby="caption-attachment-632" style="width: 300px" class="wp-caption alignleft"><a href="http://www.cronopio.de/instrumentenausstellung/wp-content/uploads/sites/2/2016/07/violine-barock-klassisch.png"><img loading="lazy" decoding="async" class="size-medium wp-image-632" src="http://www.cronopio.de/instrumentenausstellung/wp-content/uploads/sites/2/2016/07/violine-barock-klassisch-300x163.png" alt="Unterschiede zwischen barocker und klassischer Violine" width="300" height="163" srcset="http://www.cronopio.de/instrumentenausstellung/wp-content/uploads/sites/2/2016/07/violine-barock-klassisch-300x163.png 300w, http://www.cronopio.de/instrumentenausstellung/wp-content/uploads/sites/2/2016/07/violine-barock-klassisch.png 762w" sizes="auto, (max-width: 300px) 100vw, 300px" /></a><figcaption id="caption-attachment-632" class="wp-caption-text">Unterschiede zwischen barocker und klassischer Violine.</figcaption></figure>
<ul>
<li>Hals und Griffbrett der Barockvioline sind breiter und ca. 2 cm kürzer.</li>
<li>Der Steg ist flacher und steht näher am Saitenhalter, wodurch die Saitenspannung geringer ist.</li>
<li>Der Hals ist nicht nach hinten ab­ge­winkelt, sondern gerade.</li>
<li>Die Neigung des Griffbretts ist flacher.</li>
<li>Die geringere Wölbung des Stegs er­leich­tert das Spiel von Akkorden, weil der Bogen zum Erreichen aller Saiten einen geringeren Weg zurücklegen muss.</li>
<li>Der Bassbalken ist etwas schmaler und kürzer, oft nicht separat an der Decke befestigt, sondern aus dieser herausgearbeitet.</li>
<li>Das Gesamtgewicht ist geringer.</li>
<li>Die Stange des barocken Violinbogens zeigt eine stärkere Außenwölbung, die Spitze ist oft langgestreckt und zart („Schwanenhals“).</li>
<li>Der Klang ist etwas leiser und silbriger.</li>
</ul>
<h4>Haltung:</h4>
<figure id="attachment_660" aria-describedby="caption-attachment-660" style="width: 300px" class="wp-caption alignright"><a href="http://www.cronopio.de/instrumentenausstellung/wp-content/uploads/sites/2/2016/06/Barockvioline_Leyster.jpg" target="_blank"><img loading="lazy" decoding="async" class="wp-image-660 size-medium" src="http://www.cronopio.de/instrumentenausstellung/wp-content/uploads/sites/2/2016/06/Barockvioline_Leyster-300x202.jpg" alt="Judith Leyster: Musicerend gezelschap" width="300" height="202" srcset="http://www.cronopio.de/instrumentenausstellung/wp-content/uploads/sites/2/2016/06/Barockvioline_Leyster-300x202.jpg 300w, http://www.cronopio.de/instrumentenausstellung/wp-content/uploads/sites/2/2016/06/Barockvioline_Leyster-768x517.jpg 768w, http://www.cronopio.de/instrumentenausstellung/wp-content/uploads/sites/2/2016/06/Barockvioline_Leyster.jpg 897w" sizes="auto, (max-width: 300px) 100vw, 300px" /></a><figcaption id="caption-attachment-660" class="wp-caption-text">Judith Leyster (1609-1660): Musicerend gezelschap, 1631/33</figcaption></figure>
<p>In der ersten Hälfte des 17. Jahrhunderts wurde die Violine meist an der Brust abgestützt. Da die linke Hand nicht nur die Saiten greifen, sondern auch das Instrument halten musste, waren Lagenwechsel nur mit spezieller Technik möglich.</p>
<figure id="attachment_631" aria-describedby="caption-attachment-631" style="width: 255px" class="wp-caption alignleft"><a href="http://www.cronopio.de/instrumentenausstellung/wp-content/uploads/sites/2/2016/07/veracini.jpg"><img loading="lazy" decoding="async" class="size-medium wp-image-631" src="http://www.cronopio.de/instrumentenausstellung/wp-content/uploads/sites/2/2016/07/veracini-255x300.jpg" alt="Geigenhaltung auf dem Schlüsselbein" width="255" height="300" srcset="http://www.cronopio.de/instrumentenausstellung/wp-content/uploads/sites/2/2016/07/veracini-255x300.jpg 255w, http://www.cronopio.de/instrumentenausstellung/wp-content/uploads/sites/2/2016/07/veracini.jpg 578w" sizes="auto, (max-width: 255px) 100vw, 255px" /></a><figcaption id="caption-attachment-631" class="wp-caption-text">Franz Ferdinand Richter (geb. 1693): Bildnis des Violinvirtuosen<br />Francesco Maria Veracini</figcaption></figure>
<p>Um 1700 etablierte sich die Lage auf dem Schlüsselbein. Noch immer hatte die linke Hand die doppelte Aufgabe, die Saiten zu greifen und die Violine zu halten, aber jetzt bestand die Möglichkeit, temporär das Instrument zwischen Kinn und Schlüsselbein &#8222;einzuklemmen&#8220; und damit die Hand zu entlasten, so dass Lagenwechsel leichter fielen.</p>
<table style="border-color: white;" border="0" width="100%">
<tbody>
<tr>
<td style="text-align: left;">&lt;<br />
<a href="http://www.cronopio.de/instrumentenausstellung/instrumentenfamilien/saiteninstrumente/geigenfamilie/">Geigenfamilie</a></td>
<td style="text-align: center;">^<br />
<a href="http://www.cronopio.de/instrumentenausstellung/saiteninstrumente/">Saiteninstrumente</a></td>
<td style="text-align: right;">&gt;<br />
<a href="http://www.cronopio.de/instrumentenausstellung/instrumentenfamilien/saiteninstrumente/viola-da-gamba/">Viola da Gamba</a></td>
</tr>
</tbody>
</table>
