{"id":262,"date":"2016-06-30T22:40:54","date_gmt":"2016-06-30T20:40:54","guid":{"rendered":"http:\/\/www.cronopio.de\/instrumentenausstellung\/?page_id=262"},"modified":"2018-08-15T23:22:16","modified_gmt":"2018-08-15T21:22:16","slug":"harfe","status":"publish","type":"page","link":"http:\/\/www.cronopio.de\/instrumentenausstellung\/instrumentenfamilien\/saiteninstrumente\/harfe\/","title":{"rendered":"Harfe"},"content":{"rendered":"<table style=\"border-color: white; width: 100%;\">\n<colgroup>\n<col width=\"33%\" \/>\n<col width=\"33%\" \/>\n<col width=\"33%\" \/> <\/colgroup>\n<tbody>\n<tr>\n<td><\/td>\n<td>\n<\/td>\n<td style=\"text-align: right;\"><audio controls><source src=\"http:\/\/www.cronopio.de\/instrumentenausstellung\/wp-content\/uploads\/sites\/2\/2016\/07\/harfe.mp3\" type=\"audio\/mpeg\">Your browser does not support the audio element.<\/audio><br \/>\n<i><strong>Gotische Harfe<\/strong><\/br>Wizlav von R\u00fcgen, Loibere risen<\/br>Ausf\u00fchrende: Eva Stangler-Alpers<\/i>\n<\/td>\n<\/tr>\n<\/tbody>\n<\/table>\n<p>Die Harfe ist <strong>eines der \u00e4ltesten Instrumente<\/strong> \u00fcberhaupt: Schon auf Abbildungen in \u00c4gypten und Mesopotamien um 3000 v.Chr. findet man einfache Bogenharfen.<\/p>\n<p>In Europa tauchen Harfen um 800 n.Chr. in <strong>Irland<\/strong> auf. Aus dem keltischen Raum sind 3 Harfen aus der Zeit um 1500 erhalten. In der Gotik wurden kleine <strong>Scho\u00dfharfen<\/strong> verwendet, die der Spieler mit sich tragen konnte. Sie waren diatonisch gestimmt, mussten also auf die jeweils verwendete Tonart gestimmt werden. <\/p>\n<p>In der Folge wurden die Instrumente gr\u00f6\u00dfer, die Form des Korpus entwickelte sich hin zu gew\u00f6lbten Klangk\u00f6rpern. Ein <strong>Hakensystem<\/strong> wurde entwickelt, mit dem sich die Saiten mit einem Griff der linken Hand um einen Halbton verk\u00fcrzen lassen, was das Spiel in allen Tonarten erm\u00f6glicht. Schlie\u00dflich wurde im Jahr 1720 f\u00fcr das Umstimmen ein <strong>Pedalmechanismus<\/strong> erfunden und somit der Grundstein f\u00fcr die Entwicklung der heutigen Konzertharfe gelegt.<\/p>\n<div style=\"overflow-y:hidden; overflow-x:auto\">\n<table width=100%>\n<tbody>\n<tr>\n<td>\n<figure id=\"attachment_1198\" aria-describedby=\"caption-attachment-1198\" style=\"width: 213px\" class=\"wp-caption aligncenter\"><a href=\"http:\/\/www.cronopio.de\/instrumentenausstellung\/wp-content\/uploads\/sites\/2\/2016\/06\/codex-1448-schalmei-1.jpg\"><img loading=\"lazy\" decoding=\"async\" src=\"http:\/\/www.cronopio.de\/instrumentenausstellung\/wp-content\/uploads\/sites\/2\/2016\/06\/codex-1448-schalmei-1-213x300.jpg\" alt=\"Musiker mit Harfe und Schalmei, Detail aus dem Manuskript \u201eCum superius sufficienter pro iuvenum\u201c, 1448\" width=\"213\" height=\"300\" class=\"size-medium wp-image-1198\" srcset=\"http:\/\/www.cronopio.de\/instrumentenausstellung\/wp-content\/uploads\/sites\/2\/2016\/06\/codex-1448-schalmei-1-213x300.jpg 213w, http:\/\/www.cronopio.de\/instrumentenausstellung\/wp-content\/uploads\/sites\/2\/2016\/06\/codex-1448-schalmei-1.jpg 414w\" sizes=\"auto, (max-width: 213px) 100vw, 213px\" \/><\/a><figcaption id=\"caption-attachment-1198\" class=\"wp-caption-text\">Musiker mit Harfe und Schalmei, Detail aus dem Manuskript \u201eCum superius sufficienter pro iuvenum\u201c, 1448<\/figcaption><\/figure>\n<\/td>\n<td>\n<figure id=\"attachment_1199\" aria-describedby=\"caption-attachment-1199\" style=\"width: 224px\" class=\"wp-caption aligncenter\"><a href=\"http:\/\/www.cronopio.de\/instrumentenausstellung\/wp-content\/uploads\/sites\/2\/2016\/06\/Harfe_SM-1.jpg\"><img loading=\"lazy\" decoding=\"async\" src=\"http:\/\/www.cronopio.de\/instrumentenausstellung\/wp-content\/uploads\/sites\/2\/2016\/06\/Harfe_SM-1-224x300.jpg\" alt=\"Musiker mit Harfen, Miniatur aus den Cantigas de Santa Maria, 13. Jahrhundert.\" width=\"224\" height=\"300\" class=\"size-medium wp-image-1199\" srcset=\"http:\/\/www.cronopio.de\/instrumentenausstellung\/wp-content\/uploads\/sites\/2\/2016\/06\/Harfe_SM-1-224x300.jpg 224w, http:\/\/www.cronopio.de\/instrumentenausstellung\/wp-content\/uploads\/sites\/2\/2016\/06\/Harfe_SM-1.jpg 430w\" sizes=\"auto, (max-width: 224px) 100vw, 224px\" \/><\/a><figcaption id=\"caption-attachment-1199\" class=\"wp-caption-text\">Musiker mit Harfen, Miniatur aus den Cantigas de Santa Maria, 13. Jahrhundert.<\/figcaption><\/figure>\n<\/td>\n<td>\n<figure id=\"attachment_1701\" aria-describedby=\"caption-attachment-1701\" style=\"width: 300px\" class=\"wp-caption aligncenter\"><a href=\"http:\/\/www.cronopio.de\/instrumentenausstellung\/wp-content\/uploads\/sites\/2\/2016\/06\/imgp2995.jpg\"><img loading=\"lazy\" decoding=\"async\" src=\"http:\/\/www.cronopio.de\/instrumentenausstellung\/wp-content\/uploads\/sites\/2\/2016\/06\/imgp2995-300x294.jpg\" alt=\"Nachbau einer gotischen Harfe.\" width=\"300\" height=\"294\" class=\"size-medium wp-image-1701\" srcset=\"http:\/\/www.cronopio.de\/instrumentenausstellung\/wp-content\/uploads\/sites\/2\/2016\/06\/imgp2995-300x294.jpg 300w, http:\/\/www.cronopio.de\/instrumentenausstellung\/wp-content\/uploads\/sites\/2\/2016\/06\/imgp2995-768x752.jpg 768w, http:\/\/www.cronopio.de\/instrumentenausstellung\/wp-content\/uploads\/sites\/2\/2016\/06\/imgp2995-1024x1003.jpg 1024w, http:\/\/www.cronopio.de\/instrumentenausstellung\/wp-content\/uploads\/sites\/2\/2016\/06\/imgp2995-1440x1411.jpg 1440w\" sizes=\"auto, (max-width: 300px) 100vw, 300px\" \/><\/a><figcaption id=\"caption-attachment-1701\" class=\"wp-caption-text\">Nachbau einer gotischen Harfe.<\/figcaption><\/figure>\n<\/td>\n<\/tr>\n<tr>\n<td>\n<figure id=\"attachment_1200\" aria-describedby=\"caption-attachment-1200\" style=\"width: 283px\" class=\"wp-caption aligncenter\"><a href=\"http:\/\/www.cronopio.de\/instrumentenausstellung\/wp-content\/uploads\/sites\/2\/2016\/06\/heidelberger_totentanz1488_0008_harfe-1.jpg\"><img loading=\"lazy\" decoding=\"async\" src=\"http:\/\/www.cronopio.de\/instrumentenausstellung\/wp-content\/uploads\/sites\/2\/2016\/06\/heidelberger_totentanz1488_0008_harfe-1-283x300.jpg\" alt=\"Tod mit Harfe, Illustration aus dem Heidelberger Totentanz (\u201eDer doten dantz mit figuren, clage vnd antwort schon, von allen staten der werlt\u201c), ca. 1488.\" width=\"283\" height=\"300\" class=\"size-medium wp-image-1200\" srcset=\"http:\/\/www.cronopio.de\/instrumentenausstellung\/wp-content\/uploads\/sites\/2\/2016\/06\/heidelberger_totentanz1488_0008_harfe-1-283x300.jpg 283w, http:\/\/www.cronopio.de\/instrumentenausstellung\/wp-content\/uploads\/sites\/2\/2016\/06\/heidelberger_totentanz1488_0008_harfe-1-768x815.jpg 768w, http:\/\/www.cronopio.de\/instrumentenausstellung\/wp-content\/uploads\/sites\/2\/2016\/06\/heidelberger_totentanz1488_0008_harfe-1-965x1024.jpg 965w, http:\/\/www.cronopio.de\/instrumentenausstellung\/wp-content\/uploads\/sites\/2\/2016\/06\/heidelberger_totentanz1488_0008_harfe-1-1357x1440.jpg 1357w, http:\/\/www.cronopio.de\/instrumentenausstellung\/wp-content\/uploads\/sites\/2\/2016\/06\/heidelberger_totentanz1488_0008_harfe-1.jpg 1489w\" sizes=\"auto, (max-width: 283px) 100vw, 283px\" \/><\/a><figcaption id=\"caption-attachment-1200\" class=\"wp-caption-text\">Tod mit Harfe, Illustration aus dem Heidelberger Totentanz (\u201eDer doten dantz mit figuren, clage vnd antwort schon, von allen staten der werlt\u201c), ca. 1488.<\/figcaption><\/figure>\n<\/td>\n<td>\n<figure id=\"attachment_1203\" aria-describedby=\"caption-attachment-1203\" style=\"width: 291px\" class=\"wp-caption aligncenter\"><a href=\"http:\/\/www.cronopio.de\/instrumentenausstellung\/wp-content\/uploads\/sites\/2\/2016\/06\/schwegel_david2.jpg\"><img loading=\"lazy\" decoding=\"async\" src=\"http:\/\/www.cronopio.de\/instrumentenausstellung\/wp-content\/uploads\/sites\/2\/2016\/06\/schwegel_david2-291x300.jpg\" alt=\"K\u00f6nig David mit Harfe und Musiker mit Fidel sowie Schwegel und Glocke, Kreuzfahrer-Bibel (Maciejowski-Bibel), Paris um 1240\" width=\"291\" height=\"300\" class=\"size-medium wp-image-1203\" srcset=\"http:\/\/www.cronopio.de\/instrumentenausstellung\/wp-content\/uploads\/sites\/2\/2016\/06\/schwegel_david2-291x300.jpg 291w, http:\/\/www.cronopio.de\/instrumentenausstellung\/wp-content\/uploads\/sites\/2\/2016\/06\/schwegel_david2-768x791.jpg 768w, http:\/\/www.cronopio.de\/instrumentenausstellung\/wp-content\/uploads\/sites\/2\/2016\/06\/schwegel_david2.jpg 806w\" sizes=\"auto, (max-width: 291px) 100vw, 291px\" \/><\/a><figcaption id=\"caption-attachment-1203\" class=\"wp-caption-text\">K\u00f6nig David mit Harfe und Musiker mit Fidel sowie Schwegel und Glocke, Kreuzfahrer-Bibel (Maciejowski-Bibel), Paris um 1240<\/figcaption><\/figure>\n<\/td>\n<td>\n<figure id=\"attachment_1194\" aria-describedby=\"caption-attachment-1194\" style=\"width: 277px\" class=\"wp-caption aligncenter\"><a href=\"http:\/\/www.cronopio.de\/instrumentenausstellung\/wp-content\/uploads\/sites\/2\/2016\/06\/harfe_aegypten.jpg\"><img loading=\"lazy\" decoding=\"async\" src=\"http:\/\/www.cronopio.de\/instrumentenausstellung\/wp-content\/uploads\/sites\/2\/2016\/06\/harfe_aegypten-277x300.jpg\" alt=\"T\u00e4nzerinnen und Musikantin mit Harfe, Grabmal des Nacht, Theben, ca. 1400 v.Chr.\" width=\"277\" height=\"300\" class=\"size-medium wp-image-1194\" srcset=\"http:\/\/www.cronopio.de\/instrumentenausstellung\/wp-content\/uploads\/sites\/2\/2016\/06\/harfe_aegypten-277x300.jpg 277w, http:\/\/www.cronopio.de\/instrumentenausstellung\/wp-content\/uploads\/sites\/2\/2016\/06\/harfe_aegypten.jpg 464w\" sizes=\"auto, (max-width: 277px) 100vw, 277px\" \/><\/a><figcaption id=\"caption-attachment-1194\" class=\"wp-caption-text\">T\u00e4nzerinnen und Musikantin mit Harfe, Grabmal des Nacht, Theben,<br \/>ca. 1400 v.Chr.<\/figcaption><\/figure><\/p>\n<\/td>\n<\/tr>\n<\/tbody>\n<\/table>\n<\/div>\n<table style=\"width:100%;\">\n<colgroup>\n<col width=\"33%\">\n<col width=\"33%\">\n<col width=\"33%\"> <\/colgroup>\n<tbody>\n<tr>\n<td style=\"text-align:left\">&lt;<br \/><a href=\"http:\/\/www.cronopio.de\/instrumentenausstellung\/instrumentenfamilien\/saiteninstrumente\/streichpsalter\/\">Streichpsalter<\/td>\n<td style=\"text-align:center\">^<br \/>\n<a href=\"http:\/\/www.cronopio.de\/instrumentenausstellung\/saiteninstrumente\/\">Saiteninstrumente<\/a><\/td>\n<td style=\"text-align:right\">&gt;<br \/>\n<a href=\"http:\/\/www.cronopio.de\/instrumentenausstellung\/instrumentenfamilien\/saiteninstrumente\/tambourin-de-bearn\/\">Tambourin de B\u00e9arn<\/a><\/td>\n<\/tr>\n<\/tbody>\n<\/table>\n","protected":false},"excerpt":{"rendered":"<p>Your browser does not support the audio element. Gotische HarfeWizlav von R\u00fcgen, Loibere risenAusf\u00fchrende: Eva Stangler-Alpers Die Harfe ist eines der \u00e4ltesten Instrumente \u00fcberhaupt: Schon auf Abbildungen in \u00c4gypten und Mesopotamien um 3000 v.Chr. findet man einfache Bogenharfen. In Europa tauchen Harfen um 800 n.Chr. in Irland auf. Aus dem &hellip;<\/p>\n","protected":false},"author":1,"featured_media":0,"parent":362,"menu_order":5,"comment_status":"closed","ping_status":"closed","template":"","meta":{"_crdt_document":"","_themeisle_gutenberg_block_has_review":false,"h5ap_radio_sources":[],"footnotes":""},"class_list":["post-262","page","type-page","status-publish","hentry"],"_links":{"self":[{"href":"http:\/\/www.cronopio.de\/instrumentenausstellung\/wp-json\/wp\/v2\/pages\/262","targetHints":{"allow":["GET"]}}],"collection":[{"href":"http:\/\/www.cronopio.de\/instrumentenausstellung\/wp-json\/wp\/v2\/pages"}],"about":[{"href":"http:\/\/www.cronopio.de\/instrumentenausstellung\/wp-json\/wp\/v2\/types\/page"}],"author":[{"embeddable":true,"href":"http:\/\/www.cronopio.de\/instrumentenausstellung\/wp-json\/wp\/v2\/users\/1"}],"replies":[{"embeddable":true,"href":"http:\/\/www.cronopio.de\/instrumentenausstellung\/wp-json\/wp\/v2\/comments?post=262"}],"version-history":[{"count":15,"href":"http:\/\/www.cronopio.de\/instrumentenausstellung\/wp-json\/wp\/v2\/pages\/262\/revisions"}],"predecessor-version":[{"id":1704,"href":"http:\/\/www.cronopio.de\/instrumentenausstellung\/wp-json\/wp\/v2\/pages\/262\/revisions\/1704"}],"up":[{"embeddable":true,"href":"http:\/\/www.cronopio.de\/instrumentenausstellung\/wp-json\/wp\/v2\/pages\/362"}],"wp:attachment":[{"href":"http:\/\/www.cronopio.de\/instrumentenausstellung\/wp-json\/wp\/v2\/media?parent=262"}],"curies":[{"name":"wp","href":"https:\/\/api.w.org\/{rel}","templated":true}]}}

<table style="border-color: white; width: 100%;">
<colgroup>
<col width="33%" />
<col width="33%" />
<col width="33%" /> </colgroup>
<tbody>
<tr>
<td></td>
<td>
</td>
<td style="text-align: right;"><audio controls><source src="http://www.cronopio.de/instrumentenausstellung/wp-content/uploads/sites/2/2016/07/harfe.mp3" type="audio/mpeg">Your browser does not support the audio element.</audio><br />
<i><strong>Gotische Harfe</strong></br>Wizlav von Rügen, Loibere risen</br>Ausführende: Eva Stangler-Alpers</i>
</td>
</tr>
</tbody>
</table>
<p>Die Harfe ist <strong>eines der ältesten Instrumente</strong> überhaupt: Schon auf Abbildungen in Ägypten und Mesopotamien um 3000 v.Chr. findet man einfache Bogenharfen.</p>
<p>In Europa tauchen Harfen um 800 n.Chr. in <strong>Irland</strong> auf. Aus dem keltischen Raum sind 3 Harfen aus der Zeit um 1500 erhalten. In der Gotik wurden kleine <strong>Schoßharfen</strong> verwendet, die der Spieler mit sich tragen konnte. Sie waren diatonisch gestimmt, mussten also auf die jeweils verwendete Tonart gestimmt werden. </p>
<p>In der Folge wurden die Instrumente größer, die Form des Korpus entwickelte sich hin zu gewölbten Klangkörpern. Ein <strong>Hakensystem</strong> wurde entwickelt, mit dem sich die Saiten mit einem Griff der linken Hand um einen Halbton verkürzen lassen, was das Spiel in allen Tonarten ermöglicht. Schließlich wurde im Jahr 1720 für das Umstimmen ein <strong>Pedalmechanismus</strong> erfunden und somit der Grundstein für die Entwicklung der heutigen Konzertharfe gelegt.</p>
<div style="overflow-y:hidden; overflow-x:auto">
<table width=100%>
<tbody>
<tr>
<td>
<figure id="attachment_1198" aria-describedby="caption-attachment-1198" style="width: 213px" class="wp-caption aligncenter"><a href="http://www.cronopio.de/instrumentenausstellung/wp-content/uploads/sites/2/2016/06/codex-1448-schalmei-1.jpg"><img loading="lazy" decoding="async" src="http://www.cronopio.de/instrumentenausstellung/wp-content/uploads/sites/2/2016/06/codex-1448-schalmei-1-213x300.jpg" alt="Musiker mit Harfe und Schalmei, Detail aus dem Manuskript „Cum superius sufficienter pro iuvenum“, 1448" width="213" height="300" class="size-medium wp-image-1198" srcset="http://www.cronopio.de/instrumentenausstellung/wp-content/uploads/sites/2/2016/06/codex-1448-schalmei-1-213x300.jpg 213w, http://www.cronopio.de/instrumentenausstellung/wp-content/uploads/sites/2/2016/06/codex-1448-schalmei-1.jpg 414w" sizes="auto, (max-width: 213px) 100vw, 213px" /></a><figcaption id="caption-attachment-1198" class="wp-caption-text">Musiker mit Harfe und Schalmei, Detail aus dem Manuskript „Cum superius sufficienter pro iuvenum“, 1448</figcaption></figure>
</td>
<td>
<figure id="attachment_1199" aria-describedby="caption-attachment-1199" style="width: 224px" class="wp-caption aligncenter"><a href="http://www.cronopio.de/instrumentenausstellung/wp-content/uploads/sites/2/2016/06/Harfe_SM-1.jpg"><img loading="lazy" decoding="async" src="http://www.cronopio.de/instrumentenausstellung/wp-content/uploads/sites/2/2016/06/Harfe_SM-1-224x300.jpg" alt="Musiker mit Harfen, Miniatur aus den Cantigas de Santa Maria, 13. Jahrhundert." width="224" height="300" class="size-medium wp-image-1199" srcset="http://www.cronopio.de/instrumentenausstellung/wp-content/uploads/sites/2/2016/06/Harfe_SM-1-224x300.jpg 224w, http://www.cronopio.de/instrumentenausstellung/wp-content/uploads/sites/2/2016/06/Harfe_SM-1.jpg 430w" sizes="auto, (max-width: 224px) 100vw, 224px" /></a><figcaption id="caption-attachment-1199" class="wp-caption-text">Musiker mit Harfen, Miniatur aus den Cantigas de Santa Maria, 13. Jahrhundert.</figcaption></figure>
</td>
<td>
<figure id="attachment_1701" aria-describedby="caption-attachment-1701" style="width: 300px" class="wp-caption aligncenter"><a href="http://www.cronopio.de/instrumentenausstellung/wp-content/uploads/sites/2/2016/06/imgp2995.jpg"><img loading="lazy" decoding="async" src="http://www.cronopio.de/instrumentenausstellung/wp-content/uploads/sites/2/2016/06/imgp2995-300x294.jpg" alt="Nachbau einer gotischen Harfe." width="300" height="294" class="size-medium wp-image-1701" srcset="http://www.cronopio.de/instrumentenausstellung/wp-content/uploads/sites/2/2016/06/imgp2995-300x294.jpg 300w, http://www.cronopio.de/instrumentenausstellung/wp-content/uploads/sites/2/2016/06/imgp2995-768x752.jpg 768w, http://www.cronopio.de/instrumentenausstellung/wp-content/uploads/sites/2/2016/06/imgp2995-1024x1003.jpg 1024w, http://www.cronopio.de/instrumentenausstellung/wp-content/uploads/sites/2/2016/06/imgp2995-1440x1411.jpg 1440w" sizes="auto, (max-width: 300px) 100vw, 300px" /></a><figcaption id="caption-attachment-1701" class="wp-caption-text">Nachbau einer gotischen Harfe.</figcaption></figure>
</td>
</tr>
<tr>
<td>
<figure id="attachment_1200" aria-describedby="caption-attachment-1200" style="width: 283px" class="wp-caption aligncenter"><a href="http://www.cronopio.de/instrumentenausstellung/wp-content/uploads/sites/2/2016/06/heidelberger_totentanz1488_0008_harfe-1.jpg"><img loading="lazy" decoding="async" src="http://www.cronopio.de/instrumentenausstellung/wp-content/uploads/sites/2/2016/06/heidelberger_totentanz1488_0008_harfe-1-283x300.jpg" alt="Tod mit Harfe, Illustration aus dem Heidelberger Totentanz („Der doten dantz mit figuren, clage vnd antwort schon, von allen staten der werlt“), ca. 1488." width="283" height="300" class="size-medium wp-image-1200" srcset="http://www.cronopio.de/instrumentenausstellung/wp-content/uploads/sites/2/2016/06/heidelberger_totentanz1488_0008_harfe-1-283x300.jpg 283w, http://www.cronopio.de/instrumentenausstellung/wp-content/uploads/sites/2/2016/06/heidelberger_totentanz1488_0008_harfe-1-768x815.jpg 768w, http://www.cronopio.de/instrumentenausstellung/wp-content/uploads/sites/2/2016/06/heidelberger_totentanz1488_0008_harfe-1-965x1024.jpg 965w, http://www.cronopio.de/instrumentenausstellung/wp-content/uploads/sites/2/2016/06/heidelberger_totentanz1488_0008_harfe-1-1357x1440.jpg 1357w, http://www.cronopio.de/instrumentenausstellung/wp-content/uploads/sites/2/2016/06/heidelberger_totentanz1488_0008_harfe-1.jpg 1489w" sizes="auto, (max-width: 283px) 100vw, 283px" /></a><figcaption id="caption-attachment-1200" class="wp-caption-text">Tod mit Harfe, Illustration aus dem Heidelberger Totentanz („Der doten dantz mit figuren, clage vnd antwort schon, von allen staten der werlt“), ca. 1488.</figcaption></figure>
</td>
<td>
<figure id="attachment_1203" aria-describedby="caption-attachment-1203" style="width: 291px" class="wp-caption aligncenter"><a href="http://www.cronopio.de/instrumentenausstellung/wp-content/uploads/sites/2/2016/06/schwegel_david2.jpg"><img loading="lazy" decoding="async" src="http://www.cronopio.de/instrumentenausstellung/wp-content/uploads/sites/2/2016/06/schwegel_david2-291x300.jpg" alt="König David mit Harfe und Musiker mit Fidel sowie Schwegel und Glocke, Kreuzfahrer-Bibel (Maciejowski-Bibel), Paris um 1240" width="291" height="300" class="size-medium wp-image-1203" srcset="http://www.cronopio.de/instrumentenausstellung/wp-content/uploads/sites/2/2016/06/schwegel_david2-291x300.jpg 291w, http://www.cronopio.de/instrumentenausstellung/wp-content/uploads/sites/2/2016/06/schwegel_david2-768x791.jpg 768w, http://www.cronopio.de/instrumentenausstellung/wp-content/uploads/sites/2/2016/06/schwegel_david2.jpg 806w" sizes="auto, (max-width: 291px) 100vw, 291px" /></a><figcaption id="caption-attachment-1203" class="wp-caption-text">König David mit Harfe und Musiker mit Fidel sowie Schwegel und Glocke, Kreuzfahrer-Bibel (Maciejowski-Bibel), Paris um 1240</figcaption></figure>
</td>
<td>
<figure id="attachment_1194" aria-describedby="caption-attachment-1194" style="width: 277px" class="wp-caption aligncenter"><a href="http://www.cronopio.de/instrumentenausstellung/wp-content/uploads/sites/2/2016/06/harfe_aegypten.jpg"><img loading="lazy" decoding="async" src="http://www.cronopio.de/instrumentenausstellung/wp-content/uploads/sites/2/2016/06/harfe_aegypten-277x300.jpg" alt="Tänzerinnen und Musikantin mit Harfe, Grabmal des Nacht, Theben, ca. 1400 v.Chr." width="277" height="300" class="size-medium wp-image-1194" srcset="http://www.cronopio.de/instrumentenausstellung/wp-content/uploads/sites/2/2016/06/harfe_aegypten-277x300.jpg 277w, http://www.cronopio.de/instrumentenausstellung/wp-content/uploads/sites/2/2016/06/harfe_aegypten.jpg 464w" sizes="auto, (max-width: 277px) 100vw, 277px" /></a><figcaption id="caption-attachment-1194" class="wp-caption-text">Tänzerinnen und Musikantin mit Harfe, Grabmal des Nacht, Theben,<br />ca. 1400 v.Chr.</figcaption></figure></p>
</td>
</tr>
</tbody>
</table>
</div>
<table style="width:100%;">
<colgroup>
<col width="33%">
<col width="33%">
<col width="33%"> </colgroup>
<tbody>
<tr>
<td style="text-align:left">&lt;<br /><a href="http://www.cronopio.de/instrumentenausstellung/instrumentenfamilien/saiteninstrumente/streichpsalter/">Streichpsalter</td>
<td style="text-align:center">^<br />
<a href="http://www.cronopio.de/instrumentenausstellung/saiteninstrumente/">Saiteninstrumente</a></td>
<td style="text-align:right">&gt;<br />
<a href="http://www.cronopio.de/instrumentenausstellung/instrumentenfamilien/saiteninstrumente/tambourin-de-bearn/">Tambourin de Béarn</a></td>
</tr>
</tbody>
</table>

<p>Your browser does not support the audio element. Gotische HarfeWizlav von Rügen, Loibere risenAusführende: Eva Stangler-Alpers Die Harfe ist eines der ältesten Instrumente überhaupt: Schon auf Abbildungen in Ägypten und Mesopotamien um 3000 v.Chr. findet man einfache Bogenharfen. In Europa tauchen Harfen um 800 n.Chr. in Irland auf. Aus dem &hellip;</p>
