{"id":1307,"date":"2016-08-05T19:37:48","date_gmt":"2016-08-05T17:37:48","guid":{"rendered":"http:\/\/www.cronopio.de\/instrumentenausstellung\/?page_id=1307"},"modified":"2018-08-15T23:22:15","modified_gmt":"2018-08-15T21:22:15","slug":"rebec","status":"publish","type":"page","link":"http:\/\/www.cronopio.de\/instrumentenausstellung\/ausstellung\/rebec\/","title":{"rendered":"Rebec"},"content":{"rendered":"<div style=\"overflow-y:hidden; overflow-x:auto\">\n<table style=\"border-color: white; width: 100%;\">\n<colgroup>\n<col width=\"33%\" \/>\n<col width=\"33%\" \/>\n<col width=\"33%\" \/> <\/colgroup>\n<tbody>\n<tr>\n<td><a href=\"http:\/\/www.cronopio.de\/instrumentenausstellung\/instrumentenfamilien\/saiteninstrumente\/fruehe-streichinstrumente\/\"><u>Mehr Infos<\/u><\/a> zum Instrument<\/td>\n<td><\/td>\n<td><\/td>\n<td style=\"text-align: right;\"><audio controls=\"controls\"><source src=\"http:\/\/www.cronopio.de\/instrumentenausstellung\/wp-content\/uploads\/sites\/2\/2016\/07\/rebec.mp3\" type=\"audio\/mpeg\" \/>Your browser does not support the audio element.<\/audio><br \/>\n<i><strong>Rebec und Rankett<\/strong><br \/>\nMoniot d&#8217;Arras, Ce fue en mai (1235)<br \/>\nAusf\u00fchrende: Gertraud Umlauft, Ulrich Alpers<\/i><\/td>\n<\/tr>\n<\/tbody>\n<\/table>\n<\/div>\n<table width=\"100%\">\n<colgroup>\n<col width=\"5%\" \/>\n<col width=\"90%\" \/>\n<col width=\"5%\" \/> <\/colgroup>\n<tbody>\n<tr>\n<td valign=\"middle\">\n<p style=\"font-size: 40pt; text-align: center;\"><a href=\"http:\/\/www.cronopio.de\/instrumentenausstellung\/ausstellung\/fideln\/\">\u2190<\/a><\/p>\n<\/td>\n<td><a href=\"http:\/\/www.cronopio.de\/instrumentenausstellung\/wp-content\/uploads\/sites\/2\/2016\/08\/imgp2961.jpg\"><img loading=\"lazy\" decoding=\"async\" class=\"aligncenter size-medium wp-image-1470\" src=\"http:\/\/www.cronopio.de\/instrumentenausstellung\/wp-content\/uploads\/sites\/2\/2016\/08\/imgp2961-188x300.jpg\" alt=\"Rebec\" width=\"188\" height=\"300\" srcset=\"http:\/\/www.cronopio.de\/instrumentenausstellung\/wp-content\/uploads\/sites\/2\/2016\/08\/imgp2961-188x300.jpg 188w, http:\/\/www.cronopio.de\/instrumentenausstellung\/wp-content\/uploads\/sites\/2\/2016\/08\/imgp2961-768x1223.jpg 768w, http:\/\/www.cronopio.de\/instrumentenausstellung\/wp-content\/uploads\/sites\/2\/2016\/08\/imgp2961-643x1024.jpg 643w, http:\/\/www.cronopio.de\/instrumentenausstellung\/wp-content\/uploads\/sites\/2\/2016\/08\/imgp2961-904x1440.jpg 904w\" sizes=\"auto, (max-width: 188px) 100vw, 188px\" \/><\/a><\/td>\n<td valign=\"middle\">\n<p style=\"font-size: 40pt; text-align: center;\"><a href=\"http:\/\/www.cronopio.de\/instrumentenausstellung\/ausstellung\/kniefidel\/\">\u2192<\/a><\/p>\n<\/td>\n<\/tr>\n<\/tbody>\n<\/table>\n<p style=\"text-align: center;\"><strong>Rebec<\/strong><br \/>\nDer Corpus ist aus einem l\u00f6ffelf\u00f6rmigen St\u00fcck Mahagoni herausgearbeitet, die Decke ist aus Fichtenholz und besitzt c-f\u00f6rmige Schalll\u00f6cher, der massive, ebene Hals mit hakenf\u00f6rmigem Wirbelkasten nimmt kleine Wirbel aus Ahorn auf. Das massive Griffbrett ist aus Ahorn.<br \/>\nDer Saitenhalter ist mit einem St\u00fcck einer dicken Darmsaite direkt am Corpus befestigt.<br \/>\nDas Instrument hat weder Stimmstock noch Bassbalken, was ihm einen sehr feinen Klang verleiht.<br \/>\n3 Darmsaiten laufen \u00fcber einen niedrigen, schwach gebogenen Steg.<br \/>\nGestrichen wird mit einem kleinen Bogen mit Steckfrosch oder mit fix gespannter Form eines Bogensegments.<br \/>\nQuintstimmung: c&#8216; &#8211; g&#8216; &#8211; d&#8220;<br \/>\nGebaut von Gertraud Umlauft, Anfang der 1980er Jahre<\/p>\n","protected":false},"excerpt":{"rendered":"<p>Mehr Infos zum Instrument Your browser does not support the audio element. Rebec und Rankett Moniot d&#8217;Arras, Ce fue en mai (1235) Ausf\u00fchrende: Gertraud Umlauft, Ulrich Alpers \u2190 \u2192 Rebec Der Corpus ist aus einem l\u00f6ffelf\u00f6rmigen St\u00fcck Mahagoni herausgearbeitet, die Decke ist aus Fichtenholz und besitzt c-f\u00f6rmige Schalll\u00f6cher, der massive, &hellip;<\/p>\n","protected":false},"author":2,"featured_media":0,"parent":641,"menu_order":18,"comment_status":"closed","ping_status":"closed","template":"","meta":{"_crdt_document":"","_themeisle_gutenberg_block_has_review":false,"h5ap_radio_sources":[],"footnotes":""},"class_list":["post-1307","page","type-page","status-publish","hentry"],"_links":{"self":[{"href":"http:\/\/www.cronopio.de\/instrumentenausstellung\/wp-json\/wp\/v2\/pages\/1307","targetHints":{"allow":["GET"]}}],"collection":[{"href":"http:\/\/www.cronopio.de\/instrumentenausstellung\/wp-json\/wp\/v2\/pages"}],"about":[{"href":"http:\/\/www.cronopio.de\/instrumentenausstellung\/wp-json\/wp\/v2\/types\/page"}],"author":[{"embeddable":true,"href":"http:\/\/www.cronopio.de\/instrumentenausstellung\/wp-json\/wp\/v2\/users\/2"}],"replies":[{"embeddable":true,"href":"http:\/\/www.cronopio.de\/instrumentenausstellung\/wp-json\/wp\/v2\/comments?post=1307"}],"version-history":[{"count":11,"href":"http:\/\/www.cronopio.de\/instrumentenausstellung\/wp-json\/wp\/v2\/pages\/1307\/revisions"}],"predecessor-version":[{"id":1634,"href":"http:\/\/www.cronopio.de\/instrumentenausstellung\/wp-json\/wp\/v2\/pages\/1307\/revisions\/1634"}],"up":[{"embeddable":true,"href":"http:\/\/www.cronopio.de\/instrumentenausstellung\/wp-json\/wp\/v2\/pages\/641"}],"wp:attachment":[{"href":"http:\/\/www.cronopio.de\/instrumentenausstellung\/wp-json\/wp\/v2\/media?parent=1307"}],"curies":[{"name":"wp","href":"https:\/\/api.w.org\/{rel}","templated":true}]}}

<div style="overflow-y:hidden; overflow-x:auto">
<table style="border-color: white; width: 100%;">
<colgroup>
<col width="33%" />
<col width="33%" />
<col width="33%" /> </colgroup>
<tbody>
<tr>
<td><a href="http://www.cronopio.de/instrumentenausstellung/instrumentenfamilien/saiteninstrumente/fruehe-streichinstrumente/"><u>Mehr Infos</u></a> zum Instrument</td>
<td></td>
<td></td>
<td style="text-align: right;"><audio controls="controls"><source src="http://www.cronopio.de/instrumentenausstellung/wp-content/uploads/sites/2/2016/07/rebec.mp3" type="audio/mpeg" />Your browser does not support the audio element.</audio><br />
<i><strong>Rebec und Rankett</strong><br />
Moniot d&#8217;Arras, Ce fue en mai (1235)<br />
Ausführende: Gertraud Umlauft, Ulrich Alpers</i></td>
</tr>
</tbody>
</table>
</div>
<table width="100%">
<colgroup>
<col width="5%" />
<col width="90%" />
<col width="5%" /> </colgroup>
<tbody>
<tr>
<td valign="middle">
<p style="font-size: 40pt; text-align: center;"><a href="http://www.cronopio.de/instrumentenausstellung/ausstellung/fideln/">←</a></p>
</td>
<td><a href="http://www.cronopio.de/instrumentenausstellung/wp-content/uploads/sites/2/2016/08/imgp2961.jpg"><img loading="lazy" decoding="async" class="aligncenter size-medium wp-image-1470" src="http://www.cronopio.de/instrumentenausstellung/wp-content/uploads/sites/2/2016/08/imgp2961-188x300.jpg" alt="Rebec" width="188" height="300" srcset="http://www.cronopio.de/instrumentenausstellung/wp-content/uploads/sites/2/2016/08/imgp2961-188x300.jpg 188w, http://www.cronopio.de/instrumentenausstellung/wp-content/uploads/sites/2/2016/08/imgp2961-768x1223.jpg 768w, http://www.cronopio.de/instrumentenausstellung/wp-content/uploads/sites/2/2016/08/imgp2961-643x1024.jpg 643w, http://www.cronopio.de/instrumentenausstellung/wp-content/uploads/sites/2/2016/08/imgp2961-904x1440.jpg 904w" sizes="auto, (max-width: 188px) 100vw, 188px" /></a></td>
<td valign="middle">
<p style="font-size: 40pt; text-align: center;"><a href="http://www.cronopio.de/instrumentenausstellung/ausstellung/kniefidel/">→</a></p>
</td>
</tr>
</tbody>
</table>
<p style="text-align: center;"><strong>Rebec</strong><br />
Der Corpus ist aus einem löffelförmigen Stück Mahagoni herausgearbeitet, die Decke ist aus Fichtenholz und besitzt c-förmige Schalllöcher, der massive, ebene Hals mit hakenförmigem Wirbelkasten nimmt kleine Wirbel aus Ahorn auf. Das massive Griffbrett ist aus Ahorn.<br />
Der Saitenhalter ist mit einem Stück einer dicken Darmsaite direkt am Corpus befestigt.<br />
Das Instrument hat weder Stimmstock noch Bassbalken, was ihm einen sehr feinen Klang verleiht.<br />
3 Darmsaiten laufen über einen niedrigen, schwach gebogenen Steg.<br />
Gestrichen wird mit einem kleinen Bogen mit Steckfrosch oder mit fix gespannter Form eines Bogensegments.<br />
Quintstimmung: c&#8216; &#8211; g&#8216; &#8211; d&#8220;<br />
Gebaut von Gertraud Umlauft, Anfang der 1980er Jahre</p>

<p>Mehr Infos zum Instrument Your browser does not support the audio element. Rebec und Rankett Moniot d&#8217;Arras, Ce fue en mai (1235) Ausführende: Gertraud Umlauft, Ulrich Alpers ← → Rebec Der Corpus ist aus einem löffelförmigen Stück Mahagoni herausgearbeitet, die Decke ist aus Fichtenholz und besitzt c-förmige Schalllöcher, der massive, &hellip;</p>
