{"id":99,"date":"2018-08-22T14:28:04","date_gmt":"2018-08-22T12:28:04","guid":{"rendered":"http:\/\/www.cronopio.de\/grosse-komponisten-in-moedling\/?page_id=99"},"modified":"2018-09-14T22:43:42","modified_gmt":"2018-09-14T20:43:42","slug":"norbert-sprongl","status":"publish","type":"page","link":"http:\/\/www.cronopio.de\/grosse-komponisten-in-moedling\/norbert-sprongl\/","title":{"rendered":"Norbert Sprongl"},"content":{"rendered":"<div class=\"wp-block-image\">\n<figure class=\"alignleft\"><img loading=\"lazy\" decoding=\"async\" width=\"201\" height=\"300\" src=\"http:\/\/www.cronopio.de\/grosse-komponisten-in-moedling\/wp-content\/uploads\/sites\/7\/2018\/09\/Prof.NorbertSprongljung-201x300.jpg\" alt=\"\" class=\"wp-image-862\" srcset=\"http:\/\/www.cronopio.de\/grosse-komponisten-in-moedling\/wp-content\/uploads\/sites\/7\/2018\/09\/Prof.NorbertSprongljung-201x300.jpg 201w, http:\/\/www.cronopio.de\/grosse-komponisten-in-moedling\/wp-content\/uploads\/sites\/7\/2018\/09\/Prof.NorbertSprongljung-768x1147.jpg 768w, http:\/\/www.cronopio.de\/grosse-komponisten-in-moedling\/wp-content\/uploads\/sites\/7\/2018\/09\/Prof.NorbertSprongljung-686x1024.jpg 686w, http:\/\/www.cronopio.de\/grosse-komponisten-in-moedling\/wp-content\/uploads\/sites\/7\/2018\/09\/Prof.NorbertSprongljung-134x200.jpg 134w\" sizes=\"auto, (max-width: 201px) 100vw, 201px\" \/><\/figure>\n<\/div>\n\n\n<p class=\"wp-block-paragraph\">*30.4.1892 Obermarkersdorf bei Retz<br\/>\u202026.4.1983 M\u00f6dling (begr. in Gaaden)<br\/><\/p>\n\n\n\n<p class=\"wp-block-paragraph\">Norbert Sprongl entstammte einem musikalischen Elternhaus:<br\/>Vater Ladislaus, ein F\u00f6rster in adeligen Diensten, spielte in seiner Freizeit Tanzmusik von Strau\u00df, Lanner und Zierer am Klavier, der Bruder der Mutter komponierte.<br\/><\/p>\n\n\n\n<p class=\"wp-block-paragraph\">Bedingt durch den Beruf des Vaters verbrachte Sprongl seine Kindheit in der Oststeiermark und in Westungarn (heute Burgenland).<\/p>\n\n\n\n<p class=\"wp-block-paragraph\"><strong>Ausbildung<\/strong>:<br\/>ab 1903 Internat in Graz, B\u00fcrgerschule, Staatliche Lehrerbildungsanstalt, Matura<br\/>Klavier-, Violin- und Orgelunterricht<\/p>\n\n\n\n<p class=\"wp-block-paragraph\"><strong>Berufliche Laufbahn:<\/strong><\/p>\n\n\n\n<ul class=\"wp-block-list\"><li> ab 1911 Lehrer im Bezirk Tulln<\/li><li> ab 1915 Anstellung als Lehrer in Wien<\/li><li> 1915\u201318 Kriegsteilnehmer<\/li><li> 1918\u201345 Lehrer an Wiener Volksschulen<\/li><li> 1923\/33 nebenberufliches Studium an der Wiener Musikakademie:<ul><li> Komposition bei Joseph Marx<\/li><li> Musikgeschichte bei Robert Lach<\/li><li> Klavier bei Norbert Kahrer und Franz Moser<\/li><\/ul><\/li><li> 1933 Diplompr\u00fcfung in Komposition<\/li><\/ul>\n\n\n\n<p class=\"wp-block-paragraph\">Bald stellten sich nationale und internationale Erfolge ein:<\/p>\n\n\n\n<ul class=\"wp-block-list\"><li> 1934 Liederabend in Paris<\/li><li> 1936 Gro\u00dfer Saal des Wiener Musikvereins: Auff\u00fchrung des Klavierkonzerts op.20<\/li><\/ul>\n\n\n\n<p class=\"wp-block-paragraph\">Ab 1947 lebte Norbert Sprongl in M\u00f6dling als freiberuflicher Komponist und Kompositionslehrer<br\/><\/p>\n\n\n\n<p class=\"wp-block-paragraph\">Mitglied des M\u00f6dlinger K\u00fcnstlerbundes<\/p>\n\n\n\n<p class=\"wp-block-paragraph\">1959 Gr\u00fcnder der Arbeitsgemeinschaft N\u00d6 Komponisten, Leitung bis 1972<br\/><\/p>\n\n\n\n<p class=\"wp-block-paragraph\">Auff\u00fchrungen von Sprongls Werken fanden in M\u00fcnchen, London, Budapest, Hannover, Br\u00fcssel, Mailand, Rom und nat\u00fcrlich in seiner Heimat statt.<\/p>\n\n\n\n<p class=\"wp-block-paragraph\">Ehrungen und Auszeichnungen:<\/p>\n\n\n\n<ul class=\"wp-block-list\"><li> 1956 Berufstitel Professor<\/li><li> 1962 Kulturpreis des Landes Nieder\u00f6sterreich<\/li><li> 1962 Ehrenplakette f\u00fcr Wissenschaft und Kunst<\/li><li> 1962 Ehrenring der Stadt M\u00f6dling<\/li><li> 1967 Goldenes Ehrenzeichen f. Verdienste um das Land N\u00d6<\/li><li> 1968 \u00d6sterr. Ehrenzeichen f. Wissenschaft u. Kunst<\/li><li> 1970 Ehrenmedaille in Silber der Stadt Wien<\/li><li> 1971 Mozartmedaille der Mozartgemeinde Wien<\/li><li> Ehrenmitglied d. \u00f6sterr. Gesellschaft f. zeitgen\u00f6ssische Musik<\/li><li> Ehrenmitglied d. Mozartgemeinde Wien<\/li><li> Ehrenmitglied des M\u00f6dlinger M\u00e4nnergesangsvereins 1848<\/li><\/ul>\n\n\n\n<p class=\"wp-block-paragraph\">Werke:<\/p>\n\n\n\n<ul class=\"wp-block-list\"><li>4 Symphonien<\/li><li>4 Klavierkonzerte<\/li><li>2 Violinkonzerte<\/li><li>72 Kammermusikwerke f\u00fcr verschiedene Besetzungen<\/li><li>ca. 100 Klavierst\u00fccke<\/li><li>Suiten<\/li><li>Serenaden<\/li><li>Lieder<\/li><li>Ch\u00f6re<\/li><\/ul>\n\n\n\n<ul class=\"wp-block-gallery columns-3 wp-block-gallery-1 is-layout-flex wp-block-gallery-is-layout-flex\"><li class=\"blocks-gallery-item\"><figure><a href=\"http:\/\/www.cronopio.de\/grosse-komponisten-in-moedling\/norbert-sprongl\/elternvonnorbertsprongl\/\"><img loading=\"lazy\" decoding=\"async\" width=\"2080\" height=\"3280\" src=\"http:\/\/www.cronopio.de\/grosse-komponisten-in-moedling\/wp-content\/uploads\/sites\/7\/2018\/09\/ElternvonNorbertSprongl.jpg\" alt=\"Norbert Sprongls Eltern\" data-id=\"868\" data-link=\"http:\/\/www.cronopio.de\/grosse-komponisten-in-moedling\/norbert-sprongl\/elternvonnorbertsprongl\/\" class=\"wp-image-868\" srcset=\"http:\/\/www.cronopio.de\/grosse-komponisten-in-moedling\/wp-content\/uploads\/sites\/7\/2018\/09\/ElternvonNorbertSprongl.jpg 2080w, http:\/\/www.cronopio.de\/grosse-komponisten-in-moedling\/wp-content\/uploads\/sites\/7\/2018\/09\/ElternvonNorbertSprongl-190x300.jpg 190w, http:\/\/www.cronopio.de\/grosse-komponisten-in-moedling\/wp-content\/uploads\/sites\/7\/2018\/09\/ElternvonNorbertSprongl-768x1211.jpg 768w, http:\/\/www.cronopio.de\/grosse-komponisten-in-moedling\/wp-content\/uploads\/sites\/7\/2018\/09\/ElternvonNorbertSprongl-649x1024.jpg 649w, http:\/\/www.cronopio.de\/grosse-komponisten-in-moedling\/wp-content\/uploads\/sites\/7\/2018\/09\/ElternvonNorbertSprongl-127x200.jpg 127w\" sizes=\"auto, (max-width: 2080px) 100vw, 2080px\" \/><\/a><figcaption>Norbert Sprongls Eltern<\/figcaption><\/figure><\/li><li class=\"blocks-gallery-item\"><figure><a href=\"http:\/\/www.cronopio.de\/grosse-komponisten-in-moedling\/norbert-sprongl\/sprongl-gr-musikverein-1936\/\"><img loading=\"lazy\" decoding=\"async\" width=\"1211\" height=\"1616\" src=\"http:\/\/www.cronopio.de\/grosse-komponisten-in-moedling\/wp-content\/uploads\/sites\/7\/2018\/09\/Sprongl-Gr.Musikverein-1936.jpg\" alt=\"Konzert von Sprongl im gro\u00dfen Saal des Wiener Musikvereins\" data-id=\"871\" data-link=\"http:\/\/www.cronopio.de\/grosse-komponisten-in-moedling\/norbert-sprongl\/sprongl-gr-musikverein-1936\/\" class=\"wp-image-871\" srcset=\"http:\/\/www.cronopio.de\/grosse-komponisten-in-moedling\/wp-content\/uploads\/sites\/7\/2018\/09\/Sprongl-Gr.Musikverein-1936.jpg 1211w, http:\/\/www.cronopio.de\/grosse-komponisten-in-moedling\/wp-content\/uploads\/sites\/7\/2018\/09\/Sprongl-Gr.Musikverein-1936-225x300.jpg 225w, http:\/\/www.cronopio.de\/grosse-komponisten-in-moedling\/wp-content\/uploads\/sites\/7\/2018\/09\/Sprongl-Gr.Musikverein-1936-768x1025.jpg 768w, http:\/\/www.cronopio.de\/grosse-komponisten-in-moedling\/wp-content\/uploads\/sites\/7\/2018\/09\/Sprongl-Gr.Musikverein-1936-767x1024.jpg 767w, http:\/\/www.cronopio.de\/grosse-komponisten-in-moedling\/wp-content\/uploads\/sites\/7\/2018\/09\/Sprongl-Gr.Musikverein-1936-150x200.jpg 150w\" sizes=\"auto, (max-width: 1211px) 100vw, 1211px\" \/><\/a><figcaption>Konzert von Sprongl im gro\u00dfen Saal des Wiener Musikvereins<\/figcaption><\/figure><\/li><li class=\"blocks-gallery-item\"><figure><a href=\"http:\/\/www.cronopio.de\/grosse-komponisten-in-moedling\/norbert-sprongl\/auffuehrungvonn-spronglprof-ferdinandgrossmann1936\/\"><img loading=\"lazy\" decoding=\"async\" width=\"3280\" height=\"2084\" src=\"http:\/\/www.cronopio.de\/grosse-komponisten-in-moedling\/wp-content\/uploads\/sites\/7\/2018\/09\/Auff\u00fchrungvonN.SpronglProf.FerdinandGro\u00dfmann1936.jpg\" alt=\"Konzert von Sprongl im gro\u00dfen Saal des Wiener Musikvereins\" data-id=\"864\" data-link=\"http:\/\/www.cronopio.de\/grosse-komponisten-in-moedling\/norbert-sprongl\/auffuehrungvonn-spronglprof-ferdinandgrossmann1936\/\" class=\"wp-image-864\" srcset=\"http:\/\/www.cronopio.de\/grosse-komponisten-in-moedling\/wp-content\/uploads\/sites\/7\/2018\/09\/Auff\u00fchrungvonN.SpronglProf.FerdinandGro\u00dfmann1936.jpg 3280w, http:\/\/www.cronopio.de\/grosse-komponisten-in-moedling\/wp-content\/uploads\/sites\/7\/2018\/09\/Auff\u00fchrungvonN.SpronglProf.FerdinandGro\u00dfmann1936-300x191.jpg 300w, http:\/\/www.cronopio.de\/grosse-komponisten-in-moedling\/wp-content\/uploads\/sites\/7\/2018\/09\/Auff\u00fchrungvonN.SpronglProf.FerdinandGro\u00dfmann1936-768x488.jpg 768w, http:\/\/www.cronopio.de\/grosse-komponisten-in-moedling\/wp-content\/uploads\/sites\/7\/2018\/09\/Auff\u00fchrungvonN.SpronglProf.FerdinandGro\u00dfmann1936-1024x651.jpg 1024w, http:\/\/www.cronopio.de\/grosse-komponisten-in-moedling\/wp-content\/uploads\/sites\/7\/2018\/09\/Auff\u00fchrungvonN.SpronglProf.FerdinandGro\u00dfmann1936-315x200.jpg 315w\" sizes=\"auto, (max-width: 3280px) 100vw, 3280px\" \/><\/a><figcaption>Konzert von Sprongl im gro\u00dfen Saal des Wiener Musikvereins<\/figcaption><\/figure><\/li><li class=\"blocks-gallery-item\"><figure><a href=\"http:\/\/www.cronopio.de\/grosse-komponisten-in-moedling\/olympus-digital-camera-7\/\"><img loading=\"lazy\" decoding=\"async\" width=\"1000\" height=\"923\" src=\"http:\/\/www.cronopio.de\/grosse-komponisten-in-moedling\/wp-content\/uploads\/sites\/7\/2018\/09\/Sprongl1.jpg\" alt=\"Sprongls Haus in der Pfarrgasse\" data-id=\"882\" data-link=\"http:\/\/www.cronopio.de\/grosse-komponisten-in-moedling\/olympus-digital-camera-7\/\" class=\"wp-image-882\" srcset=\"http:\/\/www.cronopio.de\/grosse-komponisten-in-moedling\/wp-content\/uploads\/sites\/7\/2018\/09\/Sprongl1.jpg 1000w, http:\/\/www.cronopio.de\/grosse-komponisten-in-moedling\/wp-content\/uploads\/sites\/7\/2018\/09\/Sprongl1-300x277.jpg 300w, http:\/\/www.cronopio.de\/grosse-komponisten-in-moedling\/wp-content\/uploads\/sites\/7\/2018\/09\/Sprongl1-768x709.jpg 768w, http:\/\/www.cronopio.de\/grosse-komponisten-in-moedling\/wp-content\/uploads\/sites\/7\/2018\/09\/Sprongl1-217x200.jpg 217w\" sizes=\"auto, (max-width: 1000px) 100vw, 1000px\" \/><\/a><figcaption>Sprongls Haus in der Pfarrgasse<\/figcaption><\/figure><\/li><li class=\"blocks-gallery-item\"><figure><a href=\"http:\/\/www.cronopio.de\/grosse-komponisten-in-moedling\/norbert-sprongl\/olympus-digital-camera-8\/\"><img loading=\"lazy\" decoding=\"async\" width=\"3079\" height=\"1985\" src=\"http:\/\/www.cronopio.de\/grosse-komponisten-in-moedling\/wp-content\/uploads\/sites\/7\/2018\/09\/Sprongl2.jpg\" alt=\"\" data-id=\"874\" data-link=\"http:\/\/www.cronopio.de\/grosse-komponisten-in-moedling\/norbert-sprongl\/olympus-digital-camera-8\/\" class=\"wp-image-874\" srcset=\"http:\/\/www.cronopio.de\/grosse-komponisten-in-moedling\/wp-content\/uploads\/sites\/7\/2018\/09\/Sprongl2.jpg 3079w, http:\/\/www.cronopio.de\/grosse-komponisten-in-moedling\/wp-content\/uploads\/sites\/7\/2018\/09\/Sprongl2-300x193.jpg 300w, http:\/\/www.cronopio.de\/grosse-komponisten-in-moedling\/wp-content\/uploads\/sites\/7\/2018\/09\/Sprongl2-768x495.jpg 768w, http:\/\/www.cronopio.de\/grosse-komponisten-in-moedling\/wp-content\/uploads\/sites\/7\/2018\/09\/Sprongl2-1024x660.jpg 1024w, http:\/\/www.cronopio.de\/grosse-komponisten-in-moedling\/wp-content\/uploads\/sites\/7\/2018\/09\/Sprongl2-310x200.jpg 310w\" sizes=\"auto, (max-width: 3079px) 100vw, 3079px\" \/><\/a><\/figure><\/li><li class=\"blocks-gallery-item\"><figure><a href=\"http:\/\/www.cronopio.de\/grosse-komponisten-in-moedling\/norbert-sprongl\/sprongl-grafik-haus\/\"><img loading=\"lazy\" decoding=\"async\" width=\"662\" height=\"908\" src=\"http:\/\/www.cronopio.de\/grosse-komponisten-in-moedling\/wp-content\/uploads\/sites\/7\/2018\/09\/Sprongl-Grafik-Haus.jpg\" alt=\"Grafik von Sprongls Haus in M\u00f6dling\" data-id=\"870\" data-link=\"http:\/\/www.cronopio.de\/grosse-komponisten-in-moedling\/norbert-sprongl\/sprongl-grafik-haus\/\" class=\"wp-image-870\" srcset=\"http:\/\/www.cronopio.de\/grosse-komponisten-in-moedling\/wp-content\/uploads\/sites\/7\/2018\/09\/Sprongl-Grafik-Haus.jpg 662w, http:\/\/www.cronopio.de\/grosse-komponisten-in-moedling\/wp-content\/uploads\/sites\/7\/2018\/09\/Sprongl-Grafik-Haus-219x300.jpg 219w, http:\/\/www.cronopio.de\/grosse-komponisten-in-moedling\/wp-content\/uploads\/sites\/7\/2018\/09\/Sprongl-Grafik-Haus-146x200.jpg 146w\" sizes=\"auto, (max-width: 662px) 100vw, 662px\" \/><\/a><figcaption>Grafik von Sprongls Haus in M\u00f6dling<\/figcaption><\/figure><\/li><li class=\"blocks-gallery-item\"><figure><a href=\"http:\/\/www.cronopio.de\/grosse-komponisten-in-moedling\/norbert-sprongl\/autorenabendmarmorsaaldez-1965\/\"><img loading=\"lazy\" decoding=\"async\" width=\"2084\" height=\"3280\" src=\"http:\/\/www.cronopio.de\/grosse-komponisten-in-moedling\/wp-content\/uploads\/sites\/7\/2018\/09\/AutorenabendMarmorsaalDez.1965.jpg\" alt=\"Autorenabend 1965\" data-id=\"865\" data-link=\"http:\/\/www.cronopio.de\/grosse-komponisten-in-moedling\/norbert-sprongl\/autorenabendmarmorsaaldez-1965\/\" class=\"wp-image-865\" srcset=\"http:\/\/www.cronopio.de\/grosse-komponisten-in-moedling\/wp-content\/uploads\/sites\/7\/2018\/09\/AutorenabendMarmorsaalDez.1965.jpg 2084w, http:\/\/www.cronopio.de\/grosse-komponisten-in-moedling\/wp-content\/uploads\/sites\/7\/2018\/09\/AutorenabendMarmorsaalDez.1965-191x300.jpg 191w, http:\/\/www.cronopio.de\/grosse-komponisten-in-moedling\/wp-content\/uploads\/sites\/7\/2018\/09\/AutorenabendMarmorsaalDez.1965-768x1209.jpg 768w, http:\/\/www.cronopio.de\/grosse-komponisten-in-moedling\/wp-content\/uploads\/sites\/7\/2018\/09\/AutorenabendMarmorsaalDez.1965-651x1024.jpg 651w, http:\/\/www.cronopio.de\/grosse-komponisten-in-moedling\/wp-content\/uploads\/sites\/7\/2018\/09\/AutorenabendMarmorsaalDez.1965-127x200.jpg 127w\" sizes=\"auto, (max-width: 2084px) 100vw, 2084px\" \/><\/a><figcaption>Autorenabend 1965<\/figcaption><\/figure><\/li><li class=\"blocks-gallery-item\"><figure><a href=\"http:\/\/www.cronopio.de\/grosse-komponisten-in-moedling\/norbert-sprongl\/prof-norbertsprongl2\/\"><img loading=\"lazy\" decoding=\"async\" width=\"2044\" height=\"3272\" src=\"http:\/\/www.cronopio.de\/grosse-komponisten-in-moedling\/wp-content\/uploads\/sites\/7\/2018\/09\/Prof.NorbertSprongl2.jpg\" alt=\"\" data-id=\"869\" data-link=\"http:\/\/www.cronopio.de\/grosse-komponisten-in-moedling\/norbert-sprongl\/prof-norbertsprongl2\/\" class=\"wp-image-869\" srcset=\"http:\/\/www.cronopio.de\/grosse-komponisten-in-moedling\/wp-content\/uploads\/sites\/7\/2018\/09\/Prof.NorbertSprongl2.jpg 2044w, http:\/\/www.cronopio.de\/grosse-komponisten-in-moedling\/wp-content\/uploads\/sites\/7\/2018\/09\/Prof.NorbertSprongl2-187x300.jpg 187w, http:\/\/www.cronopio.de\/grosse-komponisten-in-moedling\/wp-content\/uploads\/sites\/7\/2018\/09\/Prof.NorbertSprongl2-768x1229.jpg 768w, http:\/\/www.cronopio.de\/grosse-komponisten-in-moedling\/wp-content\/uploads\/sites\/7\/2018\/09\/Prof.NorbertSprongl2-640x1024.jpg 640w, http:\/\/www.cronopio.de\/grosse-komponisten-in-moedling\/wp-content\/uploads\/sites\/7\/2018\/09\/Prof.NorbertSprongl2-125x200.jpg 125w\" sizes=\"auto, (max-width: 2044px) 100vw, 2044px\" \/><\/a><\/figure><\/li><li class=\"blocks-gallery-item\"><figure><a href=\"http:\/\/www.cronopio.de\/grosse-komponisten-in-moedling\/norbert-sprongl\/sprongl-2\/\"><img loading=\"lazy\" decoding=\"async\" width=\"2044\" height=\"3276\" src=\"http:\/\/www.cronopio.de\/grosse-komponisten-in-moedling\/wp-content\/uploads\/sites\/7\/2018\/09\/Sprongl.jpg\" alt=\"\" data-id=\"873\" data-link=\"http:\/\/www.cronopio.de\/grosse-komponisten-in-moedling\/norbert-sprongl\/sprongl-2\/\" class=\"wp-image-873\" srcset=\"http:\/\/www.cronopio.de\/grosse-komponisten-in-moedling\/wp-content\/uploads\/sites\/7\/2018\/09\/Sprongl.jpg 2044w, http:\/\/www.cronopio.de\/grosse-komponisten-in-moedling\/wp-content\/uploads\/sites\/7\/2018\/09\/Sprongl-187x300.jpg 187w, http:\/\/www.cronopio.de\/grosse-komponisten-in-moedling\/wp-content\/uploads\/sites\/7\/2018\/09\/Sprongl-768x1231.jpg 768w, http:\/\/www.cronopio.de\/grosse-komponisten-in-moedling\/wp-content\/uploads\/sites\/7\/2018\/09\/Sprongl-639x1024.jpg 639w, http:\/\/www.cronopio.de\/grosse-komponisten-in-moedling\/wp-content\/uploads\/sites\/7\/2018\/09\/Sprongl-125x200.jpg 125w\" sizes=\"auto, (max-width: 2044px) 100vw, 2044px\" \/><\/a><\/figure><\/li><li class=\"blocks-gallery-item\"><figure><a href=\"http:\/\/www.cronopio.de\/grosse-komponisten-in-moedling\/norbert-sprongl\/spronglhelletsgrubergrossmannrosasprongl\/\"><img loading=\"lazy\" decoding=\"async\" width=\"3092\" height=\"2040\" src=\"http:\/\/www.cronopio.de\/grosse-komponisten-in-moedling\/wp-content\/uploads\/sites\/7\/2018\/09\/SpronglHelletsgruberGro\u00dfmannRosaSprongl.jpg\" alt=\"\" data-id=\"875\" data-link=\"http:\/\/www.cronopio.de\/grosse-komponisten-in-moedling\/norbert-sprongl\/spronglhelletsgrubergrossmannrosasprongl\/\" class=\"wp-image-875\" srcset=\"http:\/\/www.cronopio.de\/grosse-komponisten-in-moedling\/wp-content\/uploads\/sites\/7\/2018\/09\/SpronglHelletsgruberGro\u00dfmannRosaSprongl.jpg 3092w, http:\/\/www.cronopio.de\/grosse-komponisten-in-moedling\/wp-content\/uploads\/sites\/7\/2018\/09\/SpronglHelletsgruberGro\u00dfmannRosaSprongl-300x198.jpg 300w, http:\/\/www.cronopio.de\/grosse-komponisten-in-moedling\/wp-content\/uploads\/sites\/7\/2018\/09\/SpronglHelletsgruberGro\u00dfmannRosaSprongl-768x507.jpg 768w, http:\/\/www.cronopio.de\/grosse-komponisten-in-moedling\/wp-content\/uploads\/sites\/7\/2018\/09\/SpronglHelletsgruberGro\u00dfmannRosaSprongl-1024x676.jpg 1024w, http:\/\/www.cronopio.de\/grosse-komponisten-in-moedling\/wp-content\/uploads\/sites\/7\/2018\/09\/SpronglHelletsgruberGro\u00dfmannRosaSprongl-303x200.jpg 303w\" sizes=\"auto, (max-width: 3092px) 100vw, 3092px\" \/><\/a><\/figure><\/li><li class=\"blocks-gallery-item\"><figure><a href=\"http:\/\/www.cronopio.de\/grosse-komponisten-in-moedling\/norbert-sprongl\/hauskonzertbeimariastubenrauchglatzgasse1190\/\"><img loading=\"lazy\" decoding=\"async\" width=\"3280\" height=\"2064\" src=\"http:\/\/www.cronopio.de\/grosse-komponisten-in-moedling\/wp-content\/uploads\/sites\/7\/2018\/09\/HauskonzertbeiMariaStubenrauchGlatzgasse1190.jpg\" alt=\"Hauskonzert bei Maria Stubenrauch\" data-id=\"867\" data-link=\"http:\/\/www.cronopio.de\/grosse-komponisten-in-moedling\/norbert-sprongl\/hauskonzertbeimariastubenrauchglatzgasse1190\/\" class=\"wp-image-867\" srcset=\"http:\/\/www.cronopio.de\/grosse-komponisten-in-moedling\/wp-content\/uploads\/sites\/7\/2018\/09\/HauskonzertbeiMariaStubenrauchGlatzgasse1190.jpg 3280w, http:\/\/www.cronopio.de\/grosse-komponisten-in-moedling\/wp-content\/uploads\/sites\/7\/2018\/09\/HauskonzertbeiMariaStubenrauchGlatzgasse1190-300x189.jpg 300w, http:\/\/www.cronopio.de\/grosse-komponisten-in-moedling\/wp-content\/uploads\/sites\/7\/2018\/09\/HauskonzertbeiMariaStubenrauchGlatzgasse1190-768x483.jpg 768w, http:\/\/www.cronopio.de\/grosse-komponisten-in-moedling\/wp-content\/uploads\/sites\/7\/2018\/09\/HauskonzertbeiMariaStubenrauchGlatzgasse1190-1024x644.jpg 1024w, http:\/\/www.cronopio.de\/grosse-komponisten-in-moedling\/wp-content\/uploads\/sites\/7\/2018\/09\/HauskonzertbeiMariaStubenrauchGlatzgasse1190-318x200.jpg 318w\" sizes=\"auto, (max-width: 3280px) 100vw, 3280px\" \/><\/a><figcaption>Hauskonzert bei Maria Stubenrauch<\/figcaption><\/figure><\/li><li class=\"blocks-gallery-item\"><figure><a href=\"http:\/\/www.cronopio.de\/grosse-komponisten-in-moedling\/norbert-sprongl\/spronglundsektionschefdr-waldstein15-4-1963imkammersaal\/\"><img loading=\"lazy\" decoding=\"async\" width=\"3288\" height=\"2072\" src=\"http:\/\/www.cronopio.de\/grosse-komponisten-in-moedling\/wp-content\/uploads\/sites\/7\/2018\/09\/SpronglundSektionschefDr.-Waldstein15.4.1963imKammersaal.jpg\" alt=\"\" data-id=\"876\" data-link=\"http:\/\/www.cronopio.de\/grosse-komponisten-in-moedling\/norbert-sprongl\/spronglundsektionschefdr-waldstein15-4-1963imkammersaal\/\" class=\"wp-image-876\" srcset=\"http:\/\/www.cronopio.de\/grosse-komponisten-in-moedling\/wp-content\/uploads\/sites\/7\/2018\/09\/SpronglundSektionschefDr.-Waldstein15.4.1963imKammersaal.jpg 3288w, http:\/\/www.cronopio.de\/grosse-komponisten-in-moedling\/wp-content\/uploads\/sites\/7\/2018\/09\/SpronglundSektionschefDr.-Waldstein15.4.1963imKammersaal-300x189.jpg 300w, http:\/\/www.cronopio.de\/grosse-komponisten-in-moedling\/wp-content\/uploads\/sites\/7\/2018\/09\/SpronglundSektionschefDr.-Waldstein15.4.1963imKammersaal-768x484.jpg 768w, http:\/\/www.cronopio.de\/grosse-komponisten-in-moedling\/wp-content\/uploads\/sites\/7\/2018\/09\/SpronglundSektionschefDr.-Waldstein15.4.1963imKammersaal-1024x645.jpg 1024w, http:\/\/www.cronopio.de\/grosse-komponisten-in-moedling\/wp-content\/uploads\/sites\/7\/2018\/09\/SpronglundSektionschefDr.-Waldstein15.4.1963imKammersaal-317x200.jpg 317w\" sizes=\"auto, (max-width: 3288px) 100vw, 3288px\" \/><\/a><\/figure><\/li><li class=\"blocks-gallery-item\"><figure><a href=\"http:\/\/www.cronopio.de\/grosse-komponisten-in-moedling\/norbert-sprongl\/berreichungehrenurkundederwr-mozartgemeindewerbagrossmannsprongl1962\/\"><img loading=\"lazy\" decoding=\"async\" width=\"3132\" height=\"2052\" src=\"http:\/\/www.cronopio.de\/grosse-komponisten-in-moedling\/wp-content\/uploads\/sites\/7\/2018\/09\/\u00dcberreichungEhrenurkundederWr.MozartgemeindeWerbaGro\u00dfmannSprongl1962.jpg\" alt=\"\u00dcberreichung der Ehrenurkunde de rWr. Mozartgemeinde durch Prof. Erik Werba, 1962\" data-id=\"877\" data-link=\"http:\/\/www.cronopio.de\/grosse-komponisten-in-moedling\/norbert-sprongl\/berreichungehrenurkundederwr-mozartgemeindewerbagrossmannsprongl1962\/\" class=\"wp-image-877\" srcset=\"http:\/\/www.cronopio.de\/grosse-komponisten-in-moedling\/wp-content\/uploads\/sites\/7\/2018\/09\/\u00dcberreichungEhrenurkundederWr.MozartgemeindeWerbaGro\u00dfmannSprongl1962.jpg 3132w, http:\/\/www.cronopio.de\/grosse-komponisten-in-moedling\/wp-content\/uploads\/sites\/7\/2018\/09\/\u00dcberreichungEhrenurkundederWr.MozartgemeindeWerbaGro\u00dfmannSprongl1962-300x197.jpg 300w, http:\/\/www.cronopio.de\/grosse-komponisten-in-moedling\/wp-content\/uploads\/sites\/7\/2018\/09\/\u00dcberreichungEhrenurkundederWr.MozartgemeindeWerbaGro\u00dfmannSprongl1962-768x503.jpg 768w, http:\/\/www.cronopio.de\/grosse-komponisten-in-moedling\/wp-content\/uploads\/sites\/7\/2018\/09\/\u00dcberreichungEhrenurkundederWr.MozartgemeindeWerbaGro\u00dfmannSprongl1962-1024x671.jpg 1024w, http:\/\/www.cronopio.de\/grosse-komponisten-in-moedling\/wp-content\/uploads\/sites\/7\/2018\/09\/\u00dcberreichungEhrenurkundederWr.MozartgemeindeWerbaGro\u00dfmannSprongl1962-305x200.jpg 305w\" sizes=\"auto, (max-width: 3132px) 100vw, 3132px\" \/><\/a><figcaption>\u00dcberreichung der Ehrenurkunde de rWr. Mozartgemeinde durch Prof. Erik Werba, 1962<\/figcaption><\/figure><\/li><li class=\"blocks-gallery-item\"><figure><a href=\"http:\/\/www.cronopio.de\/grosse-komponisten-in-moedling\/e20-26prof-spronglzuhause-kopie-2\/\"><img loading=\"lazy\" decoding=\"async\" width=\"1000\" height=\"690\" src=\"http:\/\/www.cronopio.de\/grosse-komponisten-in-moedling\/wp-content\/uploads\/sites\/7\/2018\/09\/E20-26Prof.SpronglzuHause-Kopie-1.jpg\" alt=\"Prof. Sprongl zu Hause\" data-id=\"880\" data-link=\"http:\/\/www.cronopio.de\/grosse-komponisten-in-moedling\/e20-26prof-spronglzuhause-kopie-2\/\" class=\"wp-image-880\" srcset=\"http:\/\/www.cronopio.de\/grosse-komponisten-in-moedling\/wp-content\/uploads\/sites\/7\/2018\/09\/E20-26Prof.SpronglzuHause-Kopie-1.jpg 1000w, http:\/\/www.cronopio.de\/grosse-komponisten-in-moedling\/wp-content\/uploads\/sites\/7\/2018\/09\/E20-26Prof.SpronglzuHause-Kopie-1-300x207.jpg 300w, http:\/\/www.cronopio.de\/grosse-komponisten-in-moedling\/wp-content\/uploads\/sites\/7\/2018\/09\/E20-26Prof.SpronglzuHause-Kopie-1-768x530.jpg 768w, http:\/\/www.cronopio.de\/grosse-komponisten-in-moedling\/wp-content\/uploads\/sites\/7\/2018\/09\/E20-26Prof.SpronglzuHause-Kopie-1-290x200.jpg 290w\" sizes=\"auto, (max-width: 1000px) 100vw, 1000px\" \/><\/a><figcaption>Prof. Sprongl zu Hause <\/figcaption><\/figure><\/li><\/ul>\n\n\n<div class=\"epyt-gallery\" data-currpage=\"1\" id=\"epyt_gallery_71106\"><figure class=\"wp-block-embed wp-block-embed-youtube is-type-video is-provider-youtube epyt-figure\"><div class=\"wp-block-embed__wrapper\"><iframe loading=\"lazy\"  id=\"_ytid_51311\"  width=\"1257\" height=\"707\"  data-origwidth=\"1257\" data-origheight=\"707\" src=\"https:\/\/www.youtube.com\/embed\/?enablejsapi=1&autoplay=0&cc_load_policy=0&cc_lang_pref=&iv_load_policy=1&loop=0&rel=1&fs=1&playsinline=0&autohide=2&theme=dark&color=red&controls=1&disablekb=0&\" class=\"__youtube_prefs__  no-lazyload\" title=\"YouTube player\"  data-epytgalleryid=\"epyt_gallery_71106\"  allow=\"fullscreen; accelerometer; autoplay; clipboard-write; encrypted-media; gyroscope; picture-in-picture; web-share\" referrerpolicy=\"strict-origin-when-cross-origin\" allowfullscreen data-no-lazy=\"1\" data-skipgform_ajax_framebjll=\"\"><\/iframe><\/div><\/figure><div class=\"epyt-gallery-list\"><div>Sorry, there was a YouTube error.<\/div><\/div><\/div>","protected":false},"excerpt":{"rendered":"<p>*30.4.1892 Obermarkersdorf bei Retz\u202026.4.1983 M\u00f6dling (begr. in Gaaden) Norbert Sprongl entstammte einem musikalischen Elternhaus:Vater Ladislaus, ein F\u00f6rster in adeligen Diensten, spielte in seiner Freizeit Tanzmusik von Strau\u00df, Lanner und Zierer am Klavier, der Bruder der Mutter komponierte. Bedingt durch den Beruf des Vaters verbrachte Sprongl seine Kindheit in der Oststeiermark &hellip;<\/p>\n","protected":false},"author":2,"featured_media":0,"parent":0,"menu_order":0,"comment_status":"closed","ping_status":"closed","template":"","meta":{"_crdt_document":"","_themeisle_gutenberg_block_has_review":false,"h5ap_radio_sources":[],"footnotes":""},"class_list":["post-99","page","type-page","status-publish","hentry"],"_links":{"self":[{"href":"http:\/\/www.cronopio.de\/grosse-komponisten-in-moedling\/wp-json\/wp\/v2\/pages\/99","targetHints":{"allow":["GET"]}}],"collection":[{"href":"http:\/\/www.cronopio.de\/grosse-komponisten-in-moedling\/wp-json\/wp\/v2\/pages"}],"about":[{"href":"http:\/\/www.cronopio.de\/grosse-komponisten-in-moedling\/wp-json\/wp\/v2\/types\/page"}],"author":[{"embeddable":true,"href":"http:\/\/www.cronopio.de\/grosse-komponisten-in-moedling\/wp-json\/wp\/v2\/users\/2"}],"replies":[{"embeddable":true,"href":"http:\/\/www.cronopio.de\/grosse-komponisten-in-moedling\/wp-json\/wp\/v2\/comments?post=99"}],"version-history":[{"count":11,"href":"http:\/\/www.cronopio.de\/grosse-komponisten-in-moedling\/wp-json\/wp\/v2\/pages\/99\/revisions"}],"predecessor-version":[{"id":884,"href":"http:\/\/www.cronopio.de\/grosse-komponisten-in-moedling\/wp-json\/wp\/v2\/pages\/99\/revisions\/884"}],"wp:attachment":[{"href":"http:\/\/www.cronopio.de\/grosse-komponisten-in-moedling\/wp-json\/wp\/v2\/media?parent=99"}],"curies":[{"name":"wp","href":"https:\/\/api.w.org\/{rel}","templated":true}]}}