{"id":72,"date":"2018-08-21T14:56:12","date_gmt":"2018-08-21T12:56:12","guid":{"rendered":"http:\/\/www.cronopio.de\/grosse-komponisten-in-moedling\/?page_id=72"},"modified":"2020-08-02T22:26:17","modified_gmt":"2020-08-02T20:26:17","slug":"das-hafnerhaus","status":"publish","type":"page","link":"http:\/\/www.cronopio.de\/grosse-komponisten-in-moedling\/ludwig-van-beethoven\/das-hafnerhaus\/","title":{"rendered":"Das Hafnerhaus"},"content":{"rendered":"\n<p class=\"wp-block-paragraph\">Der Name dieses pr\u00e4chtigen B\u00fcrgerhauses geht zur\u00fcck auf den Hafnermeister Jakob Tuschek, Besitzer des Hauses von 1804\u20131829. <\/p>\n\n\n\n<p class=\"wp-block-paragraph\">Das Hafnerhaus, ein <strong>Renaissancebau<\/strong> aus der 2. H\u00e4lfte des 16. Jahrhunderts, ist ein Beispiel f\u00fcr den Wohlstand und die wirtschaftliche Bl\u00fcte M\u00f6dlings in dieser Epoche.<\/p>\n\n\n\n<figure class=\"wp-block-gallery columns-2 is-cropped wp-block-gallery-1 is-layout-flex wp-block-gallery-is-layout-flex\"><ul class=\"blocks-gallery-grid\"><li class=\"blocks-gallery-item\"><figure><a href=\"http:\/\/www.cronopio.de\/grosse-komponisten-in-moedling\/ludwig-van-beethoven\/das-hafnerhaus\/hafnerhaus-aquarell\/\"><img loading=\"lazy\" decoding=\"async\" width=\"1000\" height=\"690\" src=\"http:\/\/www.cronopio.de\/grosse-komponisten-in-moedling\/wp-content\/uploads\/sites\/7\/2018\/10\/Hafnerhaus-Aquarell.jpg\" alt=\"\" data-id=\"934\" data-link=\"http:\/\/www.cronopio.de\/grosse-komponisten-in-moedling\/ludwig-van-beethoven\/das-hafnerhaus\/hafnerhaus-aquarell\/\" class=\"wp-image-934\" srcset=\"http:\/\/www.cronopio.de\/grosse-komponisten-in-moedling\/wp-content\/uploads\/sites\/7\/2018\/10\/Hafnerhaus-Aquarell.jpg 1000w, http:\/\/www.cronopio.de\/grosse-komponisten-in-moedling\/wp-content\/uploads\/sites\/7\/2018\/10\/Hafnerhaus-Aquarell-300x207.jpg 300w, http:\/\/www.cronopio.de\/grosse-komponisten-in-moedling\/wp-content\/uploads\/sites\/7\/2018\/10\/Hafnerhaus-Aquarell-768x530.jpg 768w, http:\/\/www.cronopio.de\/grosse-komponisten-in-moedling\/wp-content\/uploads\/sites\/7\/2018\/10\/Hafnerhaus-Aquarell-290x200.jpg 290w\" sizes=\"auto, (max-width: 1000px) 100vw, 1000px\" \/><\/a><figcaption class=\"blocks-gallery-item__caption\">Hafnerhaus, unbekanntes Aquarell<\/figcaption><\/figure><\/li><li class=\"blocks-gallery-item\"><figure><a href=\"http:\/\/www.cronopio.de\/grosse-komponisten-in-moedling\/hafnerhaus-nachlass-czoenig\/\"><img loading=\"lazy\" decoding=\"async\" width=\"1000\" height=\"1142\" src=\"http:\/\/www.cronopio.de\/grosse-komponisten-in-moedling\/wp-content\/uploads\/sites\/7\/2018\/10\/Hafnerhaus-Nachlass-Czoenig.jpg\" alt=\"\" data-id=\"939\" data-link=\"http:\/\/www.cronopio.de\/grosse-komponisten-in-moedling\/hafnerhaus-nachlass-czoenig\/\" class=\"wp-image-939\" srcset=\"http:\/\/www.cronopio.de\/grosse-komponisten-in-moedling\/wp-content\/uploads\/sites\/7\/2018\/10\/Hafnerhaus-Nachlass-Czoenig.jpg 1000w, http:\/\/www.cronopio.de\/grosse-komponisten-in-moedling\/wp-content\/uploads\/sites\/7\/2018\/10\/Hafnerhaus-Nachlass-Czoenig-263x300.jpg 263w, http:\/\/www.cronopio.de\/grosse-komponisten-in-moedling\/wp-content\/uploads\/sites\/7\/2018\/10\/Hafnerhaus-Nachlass-Czoenig-768x877.jpg 768w, http:\/\/www.cronopio.de\/grosse-komponisten-in-moedling\/wp-content\/uploads\/sites\/7\/2018\/10\/Hafnerhaus-Nachlass-Czoenig-897x1024.jpg 897w, http:\/\/www.cronopio.de\/grosse-komponisten-in-moedling\/wp-content\/uploads\/sites\/7\/2018\/10\/Hafnerhaus-Nachlass-Czoenig-175x200.jpg 175w\" sizes=\"auto, (max-width: 1000px) 100vw, 1000px\" \/><\/a><figcaption class=\"blocks-gallery-item__caption\">Hafnerhaus, Nachlass Czoenig<\/figcaption><\/figure><\/li><\/ul><\/figure>\n\n\n\n<p class=\"wp-block-paragraph\">Die Fassade wird durch zwei gotische Erker gegliedert. Durch den Arkadenhof gelangt man \u00fcber eine steile Stiege direkt zu den R\u00e4umlichkeiten im 1. Stock des rechten Hoftraktes, die <strong><a href=\"http:\/\/www.cronopio.de\/grosse-komponisten-in-moedling\/ludwig-van-beethoven\/\">Ludwig van Beethoven<\/a> <\/strong>bewohnte.<\/p>\n\n\n\n<p class=\"wp-block-paragraph\">F\u00fcr das Jahr 1818 ist Beethovens Aufenthalt in M\u00f6dling zwar sicher nachweisbar, nicht aber f\u00fcr das Hafnerhaus. Dokumentiert ist der Wohnungsbezug am 12. Mai 1819.<\/p>\n\n\n\n<p class=\"wp-block-paragraph\">Diese \u00dcbersiedlung aus Wien schildert der Kapellmeister Ignaz von Seyfried sehr drastisch: <em>ein viersp\u00e4nniges Fuhrwerk mit wenig Mobilien, aber einer ungeheuren Wucht an Musikalien befrachtet, setzte sich in Wien langsam in Bewegung\u2026 <\/em>Auch seinen<strong> englischen Fl\u00fcgel<\/strong> der ber\u00fchmten Klavierfirma John Broadwood &amp; Sons nahm Beethoven nach M\u00f6dling mit. Der Fl\u00fcgel befindet sich heute im Ungarischen Historischen Nationalmuseum in Budapest.<\/p>\n\n\n\n<p class=\"wp-block-paragraph\">Beethoven arbeitete im Sommer 1819 u.a. auch am Credo seiner Missa solemnis. Anton Felix Schindler schreibt dazu:<br><em>F\u00fcr die Fuga beim Credo schlug er sich im Schwei\u00dfe seines Angesichts Takt f\u00fcr Takt mit H\u00e4nd\u2018 und F\u00fc\u00dfen die Taktteile\u2026bei welcher Gelegenheit sein Hausherr ihm die Wohnung aufk\u00fcndete\u2026daher sie ihn auch \u00fcberall f\u00fcr einen Narren hielten\u2026<\/em><br><\/p>\n\n\n\n<p class=\"wp-block-paragraph\">Die Verbundenheit Beethovens mit M\u00f6dling war so eng, dass er Interesse an einem Hauskauf zeigte, allerdings zerschlugen sich diese Absichten.<\/p>\n\n\n\n<p class=\"wp-block-paragraph\">Anl\u00e4sslich Beethovens 200. Geburtstag wurde 1970 im 1. Stock des Hauses in den 3 R\u00e4umen, die Beethoven bewohnt hatte, eine <strong>Gedenkst\u00e4tte<\/strong> eingerichtet. 1996\/97 wurde von Christiane Kunze und dem B\u00fchnenbildner Leo Tichat ein Raum als Wohn- und Arbeitszimmer des Meisters so adaptiert, als h\u00e4tte der K\u00fcnstler den Raum eben erst verlassen.<\/p>\n\n\n\n<p class=\"wp-block-paragraph\">Ein markantes Ausstellungsst\u00fcck ist ein Hammerfl\u00fcgel der Wiener Firma Carl Stein aus den sp\u00e4ten Drei\u00dfigerjahren des 19. Jahrhunderts.<\/p>\n\n\n\n<p class=\"wp-block-paragraph\">Die Beethoven-Gedenkst\u00e4tte war Drehort franz\u00f6sischer und japanischer Filmproduktionen.<\/p>\n\n\n\n<figure class=\"wp-block-gallery columns-3 wp-block-gallery-2 is-layout-flex wp-block-gallery-is-layout-flex\"><ul class=\"blocks-gallery-grid\"><li class=\"blocks-gallery-item\"><figure><a href=\"http:\/\/www.cronopio.de\/grosse-komponisten-in-moedling\/ludwig-van-beethoven\/das-hafnerhaus\/beethoven\/\"><img loading=\"lazy\" decoding=\"async\" width=\"784\" height=\"1024\" src=\"http:\/\/www.cronopio.de\/grosse-komponisten-in-moedling\/wp-content\/uploads\/sites\/7\/2018\/08\/Beethoven.png\" alt=\"\" data-id=\"255\" data-link=\"http:\/\/www.cronopio.de\/grosse-komponisten-in-moedling\/ludwig-van-beethoven\/das-hafnerhaus\/beethoven\/\" class=\"wp-image-255\" srcset=\"http:\/\/www.cronopio.de\/grosse-komponisten-in-moedling\/wp-content\/uploads\/sites\/7\/2018\/08\/Beethoven.png 784w, http:\/\/www.cronopio.de\/grosse-komponisten-in-moedling\/wp-content\/uploads\/sites\/7\/2018\/08\/Beethoven-230x300.png 230w, http:\/\/www.cronopio.de\/grosse-komponisten-in-moedling\/wp-content\/uploads\/sites\/7\/2018\/08\/Beethoven-768x1003.png 768w, http:\/\/www.cronopio.de\/grosse-komponisten-in-moedling\/wp-content\/uploads\/sites\/7\/2018\/08\/Beethoven-153x200.png 153w\" sizes=\"auto, (max-width: 784px) 100vw, 784px\" \/><\/a><\/figure><\/li><li class=\"blocks-gallery-item\"><figure><a href=\"http:\/\/www.cronopio.de\/grosse-komponisten-in-moedling\/ludwig-van-beethoven\/das-hafnerhaus\/hausnummer\/\"><img loading=\"lazy\" decoding=\"async\" width=\"1433\" height=\"914\" src=\"http:\/\/www.cronopio.de\/grosse-komponisten-in-moedling\/wp-content\/uploads\/sites\/7\/2018\/08\/P4084282.jpg\" alt=\"\" data-id=\"256\" data-link=\"http:\/\/www.cronopio.de\/grosse-komponisten-in-moedling\/ludwig-van-beethoven\/das-hafnerhaus\/hausnummer\/\" class=\"wp-image-256\" srcset=\"http:\/\/www.cronopio.de\/grosse-komponisten-in-moedling\/wp-content\/uploads\/sites\/7\/2018\/08\/P4084282.jpg 1433w, http:\/\/www.cronopio.de\/grosse-komponisten-in-moedling\/wp-content\/uploads\/sites\/7\/2018\/08\/P4084282-300x191.jpg 300w, http:\/\/www.cronopio.de\/grosse-komponisten-in-moedling\/wp-content\/uploads\/sites\/7\/2018\/08\/P4084282-768x490.jpg 768w, http:\/\/www.cronopio.de\/grosse-komponisten-in-moedling\/wp-content\/uploads\/sites\/7\/2018\/08\/P4084282-1024x653.jpg 1024w, http:\/\/www.cronopio.de\/grosse-komponisten-in-moedling\/wp-content\/uploads\/sites\/7\/2018\/08\/P4084282-314x200.jpg 314w\" sizes=\"auto, (max-width: 1433px) 100vw, 1433px\" \/><\/a><\/figure><\/li><li class=\"blocks-gallery-item\"><figure><a href=\"http:\/\/www.cronopio.de\/grosse-komponisten-in-moedling\/ludwig-van-beethoven\/das-hafnerhaus\/stiasny-beethoven\/\"><img loading=\"lazy\" decoding=\"async\" width=\"1282\" height=\"730\" src=\"http:\/\/www.cronopio.de\/grosse-komponisten-in-moedling\/wp-content\/uploads\/sites\/7\/2018\/08\/Stiasny-Beethoven.png\" alt=\"\" data-id=\"257\" data-link=\"http:\/\/www.cronopio.de\/grosse-komponisten-in-moedling\/ludwig-van-beethoven\/das-hafnerhaus\/stiasny-beethoven\/\" class=\"wp-image-257\" srcset=\"http:\/\/www.cronopio.de\/grosse-komponisten-in-moedling\/wp-content\/uploads\/sites\/7\/2018\/08\/Stiasny-Beethoven.png 1282w, http:\/\/www.cronopio.de\/grosse-komponisten-in-moedling\/wp-content\/uploads\/sites\/7\/2018\/08\/Stiasny-Beethoven-300x171.png 300w, http:\/\/www.cronopio.de\/grosse-komponisten-in-moedling\/wp-content\/uploads\/sites\/7\/2018\/08\/Stiasny-Beethoven-768x437.png 768w, http:\/\/www.cronopio.de\/grosse-komponisten-in-moedling\/wp-content\/uploads\/sites\/7\/2018\/08\/Stiasny-Beethoven-1024x583.png 1024w, http:\/\/www.cronopio.de\/grosse-komponisten-in-moedling\/wp-content\/uploads\/sites\/7\/2018\/08\/Stiasny-Beethoven-351x200.png 351w\" sizes=\"auto, (max-width: 1282px) 100vw, 1282px\" \/><\/a><\/figure><\/li><\/ul><\/figure>\n","protected":false},"excerpt":{"rendered":"<p>Der Name dieses pr\u00e4chtigen B\u00fcrgerhauses geht zur\u00fcck auf den Hafnermeister Jakob Tuschek, Besitzer des Hauses von 1804\u20131829. Das Hafnerhaus, ein Renaissancebau aus der 2. H\u00e4lfte des 16. Jahrhunderts, ist ein Beispiel f\u00fcr den Wohlstand und die wirtschaftliche Bl\u00fcte M\u00f6dlings in dieser Epoche. Die Fassade wird durch zwei gotische Erker gegliedert. &hellip;<\/p>\n","protected":false},"author":2,"featured_media":0,"parent":65,"menu_order":0,"comment_status":"closed","ping_status":"closed","template":"","meta":{"_crdt_document":"","_themeisle_gutenberg_block_has_review":false,"h5ap_radio_sources":[],"footnotes":""},"class_list":["post-72","page","type-page","status-publish","hentry"],"_links":{"self":[{"href":"http:\/\/www.cronopio.de\/grosse-komponisten-in-moedling\/wp-json\/wp\/v2\/pages\/72","targetHints":{"allow":["GET"]}}],"collection":[{"href":"http:\/\/www.cronopio.de\/grosse-komponisten-in-moedling\/wp-json\/wp\/v2\/pages"}],"about":[{"href":"http:\/\/www.cronopio.de\/grosse-komponisten-in-moedling\/wp-json\/wp\/v2\/types\/page"}],"author":[{"embeddable":true,"href":"http:\/\/www.cronopio.de\/grosse-komponisten-in-moedling\/wp-json\/wp\/v2\/users\/2"}],"replies":[{"embeddable":true,"href":"http:\/\/www.cronopio.de\/grosse-komponisten-in-moedling\/wp-json\/wp\/v2\/comments?post=72"}],"version-history":[{"count":11,"href":"http:\/\/www.cronopio.de\/grosse-komponisten-in-moedling\/wp-json\/wp\/v2\/pages\/72\/revisions"}],"predecessor-version":[{"id":1047,"href":"http:\/\/www.cronopio.de\/grosse-komponisten-in-moedling\/wp-json\/wp\/v2\/pages\/72\/revisions\/1047"}],"up":[{"embeddable":true,"href":"http:\/\/www.cronopio.de\/grosse-komponisten-in-moedling\/wp-json\/wp\/v2\/pages\/65"}],"wp:attachment":[{"href":"http:\/\/www.cronopio.de\/grosse-komponisten-in-moedling\/wp-json\/wp\/v2\/media?parent=72"}],"curies":[{"name":"wp","href":"https:\/\/api.w.org\/{rel}","templated":true}]}}

<p class="wp-block-paragraph">Der Name dieses prächtigen Bürgerhauses geht zurück auf den Hafnermeister Jakob Tuschek, Besitzer des Hauses von 1804–1829. </p>



<p class="wp-block-paragraph">Das Hafnerhaus, ein <strong>Renaissancebau</strong> aus der 2. Hälfte des 16. Jahrhunderts, ist ein Beispiel für den Wohlstand und die wirtschaftliche Blüte Mödlings in dieser Epoche.</p>



<figure class="wp-block-gallery columns-2 is-cropped wp-block-gallery-1 is-layout-flex wp-block-gallery-is-layout-flex"><ul class="blocks-gallery-grid"><li class="blocks-gallery-item"><figure><a href="http://www.cronopio.de/grosse-komponisten-in-moedling/ludwig-van-beethoven/das-hafnerhaus/hafnerhaus-aquarell/"><img loading="lazy" decoding="async" width="1000" height="690" src="http://www.cronopio.de/grosse-komponisten-in-moedling/wp-content/uploads/sites/7/2018/10/Hafnerhaus-Aquarell.jpg" alt="" data-id="934" data-link="http://www.cronopio.de/grosse-komponisten-in-moedling/ludwig-van-beethoven/das-hafnerhaus/hafnerhaus-aquarell/" class="wp-image-934" srcset="http://www.cronopio.de/grosse-komponisten-in-moedling/wp-content/uploads/sites/7/2018/10/Hafnerhaus-Aquarell.jpg 1000w, http://www.cronopio.de/grosse-komponisten-in-moedling/wp-content/uploads/sites/7/2018/10/Hafnerhaus-Aquarell-300x207.jpg 300w, http://www.cronopio.de/grosse-komponisten-in-moedling/wp-content/uploads/sites/7/2018/10/Hafnerhaus-Aquarell-768x530.jpg 768w, http://www.cronopio.de/grosse-komponisten-in-moedling/wp-content/uploads/sites/7/2018/10/Hafnerhaus-Aquarell-290x200.jpg 290w" sizes="auto, (max-width: 1000px) 100vw, 1000px" /></a><figcaption class="blocks-gallery-item__caption">Hafnerhaus, unbekanntes Aquarell</figcaption></figure></li><li class="blocks-gallery-item"><figure><a href="http://www.cronopio.de/grosse-komponisten-in-moedling/hafnerhaus-nachlass-czoenig/"><img loading="lazy" decoding="async" width="1000" height="1142" src="http://www.cronopio.de/grosse-komponisten-in-moedling/wp-content/uploads/sites/7/2018/10/Hafnerhaus-Nachlass-Czoenig.jpg" alt="" data-id="939" data-link="http://www.cronopio.de/grosse-komponisten-in-moedling/hafnerhaus-nachlass-czoenig/" class="wp-image-939" srcset="http://www.cronopio.de/grosse-komponisten-in-moedling/wp-content/uploads/sites/7/2018/10/Hafnerhaus-Nachlass-Czoenig.jpg 1000w, http://www.cronopio.de/grosse-komponisten-in-moedling/wp-content/uploads/sites/7/2018/10/Hafnerhaus-Nachlass-Czoenig-263x300.jpg 263w, http://www.cronopio.de/grosse-komponisten-in-moedling/wp-content/uploads/sites/7/2018/10/Hafnerhaus-Nachlass-Czoenig-768x877.jpg 768w, http://www.cronopio.de/grosse-komponisten-in-moedling/wp-content/uploads/sites/7/2018/10/Hafnerhaus-Nachlass-Czoenig-897x1024.jpg 897w, http://www.cronopio.de/grosse-komponisten-in-moedling/wp-content/uploads/sites/7/2018/10/Hafnerhaus-Nachlass-Czoenig-175x200.jpg 175w" sizes="auto, (max-width: 1000px) 100vw, 1000px" /></a><figcaption class="blocks-gallery-item__caption">Hafnerhaus, Nachlass Czoenig</figcaption></figure></li></ul></figure>



<p class="wp-block-paragraph">Die Fassade wird durch zwei gotische Erker gegliedert. Durch den Arkadenhof gelangt man über eine steile Stiege direkt zu den Räumlichkeiten im 1. Stock des rechten Hoftraktes, die <strong><a href="http://www.cronopio.de/grosse-komponisten-in-moedling/ludwig-van-beethoven/">Ludwig van Beethoven</a> </strong>bewohnte.</p>



<p class="wp-block-paragraph">Für das Jahr 1818 ist Beethovens Aufenthalt in Mödling zwar sicher nachweisbar, nicht aber für das Hafnerhaus. Dokumentiert ist der Wohnungsbezug am 12. Mai 1819.</p>



<p class="wp-block-paragraph">Diese Übersiedlung aus Wien schildert der Kapellmeister Ignaz von Seyfried sehr drastisch: <em>ein vierspänniges Fuhrwerk mit wenig Mobilien, aber einer ungeheuren Wucht an Musikalien befrachtet, setzte sich in Wien langsam in Bewegung… </em>Auch seinen<strong> englischen Flügel</strong> der berühmten Klavierfirma John Broadwood &amp; Sons nahm Beethoven nach Mödling mit. Der Flügel befindet sich heute im Ungarischen Historischen Nationalmuseum in Budapest.</p>



<p class="wp-block-paragraph">Beethoven arbeitete im Sommer 1819 u.a. auch am Credo seiner Missa solemnis. Anton Felix Schindler schreibt dazu:<br><em>Für die Fuga beim Credo schlug er sich im Schweiße seines Angesichts Takt für Takt mit Händ‘ und Füßen die Taktteile…bei welcher Gelegenheit sein Hausherr ihm die Wohnung aufkündete…daher sie ihn auch überall für einen Narren hielten…</em><br></p>



<p class="wp-block-paragraph">Die Verbundenheit Beethovens mit Mödling war so eng, dass er Interesse an einem Hauskauf zeigte, allerdings zerschlugen sich diese Absichten.</p>



<p class="wp-block-paragraph">Anlässlich Beethovens 200. Geburtstag wurde 1970 im 1. Stock des Hauses in den 3 Räumen, die Beethoven bewohnt hatte, eine <strong>Gedenkstätte</strong> eingerichtet. 1996/97 wurde von Christiane Kunze und dem Bühnenbildner Leo Tichat ein Raum als Wohn- und Arbeitszimmer des Meisters so adaptiert, als hätte der Künstler den Raum eben erst verlassen.</p>



<p class="wp-block-paragraph">Ein markantes Ausstellungsstück ist ein Hammerflügel der Wiener Firma Carl Stein aus den späten Dreißigerjahren des 19. Jahrhunderts.</p>



<p class="wp-block-paragraph">Die Beethoven-Gedenkstätte war Drehort französischer und japanischer Filmproduktionen.</p>



<figure class="wp-block-gallery columns-3 wp-block-gallery-2 is-layout-flex wp-block-gallery-is-layout-flex"><ul class="blocks-gallery-grid"><li class="blocks-gallery-item"><figure><a href="http://www.cronopio.de/grosse-komponisten-in-moedling/ludwig-van-beethoven/das-hafnerhaus/beethoven/"><img loading="lazy" decoding="async" width="784" height="1024" src="http://www.cronopio.de/grosse-komponisten-in-moedling/wp-content/uploads/sites/7/2018/08/Beethoven.png" alt="" data-id="255" data-link="http://www.cronopio.de/grosse-komponisten-in-moedling/ludwig-van-beethoven/das-hafnerhaus/beethoven/" class="wp-image-255" srcset="http://www.cronopio.de/grosse-komponisten-in-moedling/wp-content/uploads/sites/7/2018/08/Beethoven.png 784w, http://www.cronopio.de/grosse-komponisten-in-moedling/wp-content/uploads/sites/7/2018/08/Beethoven-230x300.png 230w, http://www.cronopio.de/grosse-komponisten-in-moedling/wp-content/uploads/sites/7/2018/08/Beethoven-768x1003.png 768w, http://www.cronopio.de/grosse-komponisten-in-moedling/wp-content/uploads/sites/7/2018/08/Beethoven-153x200.png 153w" sizes="auto, (max-width: 784px) 100vw, 784px" /></a></figure></li><li class="blocks-gallery-item"><figure><a href="http://www.cronopio.de/grosse-komponisten-in-moedling/ludwig-van-beethoven/das-hafnerhaus/hausnummer/"><img loading="lazy" decoding="async" width="1433" height="914" src="http://www.cronopio.de/grosse-komponisten-in-moedling/wp-content/uploads/sites/7/2018/08/P4084282.jpg" alt="" data-id="256" data-link="http://www.cronopio.de/grosse-komponisten-in-moedling/ludwig-van-beethoven/das-hafnerhaus/hausnummer/" class="wp-image-256" srcset="http://www.cronopio.de/grosse-komponisten-in-moedling/wp-content/uploads/sites/7/2018/08/P4084282.jpg 1433w, http://www.cronopio.de/grosse-komponisten-in-moedling/wp-content/uploads/sites/7/2018/08/P4084282-300x191.jpg 300w, http://www.cronopio.de/grosse-komponisten-in-moedling/wp-content/uploads/sites/7/2018/08/P4084282-768x490.jpg 768w, http://www.cronopio.de/grosse-komponisten-in-moedling/wp-content/uploads/sites/7/2018/08/P4084282-1024x653.jpg 1024w, http://www.cronopio.de/grosse-komponisten-in-moedling/wp-content/uploads/sites/7/2018/08/P4084282-314x200.jpg 314w" sizes="auto, (max-width: 1433px) 100vw, 1433px" /></a></figure></li><li class="blocks-gallery-item"><figure><a href="http://www.cronopio.de/grosse-komponisten-in-moedling/ludwig-van-beethoven/das-hafnerhaus/stiasny-beethoven/"><img loading="lazy" decoding="async" width="1282" height="730" src="http://www.cronopio.de/grosse-komponisten-in-moedling/wp-content/uploads/sites/7/2018/08/Stiasny-Beethoven.png" alt="" data-id="257" data-link="http://www.cronopio.de/grosse-komponisten-in-moedling/ludwig-van-beethoven/das-hafnerhaus/stiasny-beethoven/" class="wp-image-257" srcset="http://www.cronopio.de/grosse-komponisten-in-moedling/wp-content/uploads/sites/7/2018/08/Stiasny-Beethoven.png 1282w, http://www.cronopio.de/grosse-komponisten-in-moedling/wp-content/uploads/sites/7/2018/08/Stiasny-Beethoven-300x171.png 300w, http://www.cronopio.de/grosse-komponisten-in-moedling/wp-content/uploads/sites/7/2018/08/Stiasny-Beethoven-768x437.png 768w, http://www.cronopio.de/grosse-komponisten-in-moedling/wp-content/uploads/sites/7/2018/08/Stiasny-Beethoven-1024x583.png 1024w, http://www.cronopio.de/grosse-komponisten-in-moedling/wp-content/uploads/sites/7/2018/08/Stiasny-Beethoven-351x200.png 351w" sizes="auto, (max-width: 1282px) 100vw, 1282px" /></a></figure></li></ul></figure>

<p>Der Name dieses prächtigen Bürgerhauses geht zurück auf den Hafnermeister Jakob Tuschek, Besitzer des Hauses von 1804–1829. Das Hafnerhaus, ein Renaissancebau aus der 2. Hälfte des 16. Jahrhunderts, ist ein Beispiel für den Wohlstand und die wirtschaftliche Blüte Mödlings in dieser Epoche. Die Fassade wird durch zwei gotische Erker gegliedert. &hellip;</p>
