{"id":54,"date":"2018-08-20T23:08:12","date_gmt":"2018-08-20T21:08:12","guid":{"rendered":"http:\/\/www.cronopio.de\/grosse-komponisten-in-moedling\/?page_id=54"},"modified":"2018-09-13T22:51:10","modified_gmt":"2018-09-13T20:51:10","slug":"die-breite-foehre","status":"publish","type":"page","link":"http:\/\/www.cronopio.de\/grosse-komponisten-in-moedling\/die-breite-foehre\/","title":{"rendered":"Die Breite F\u00f6hre"},"content":{"rendered":"\n<p class=\"wp-block-paragraph\">Vermutlich im Jahr 1542 begann am \u00f6stlichen Abhang des Anninger einer der ber\u00fchmtesten B\u00e4ume des Wienerwaldes zu wachsen \u2013 die Breite F\u00f6hre, eine \u00f6sterreichische Schwarzf\u00f6hre <em>(Pinus nigra austriaca).<\/em><\/p>\n\n\n\n<p class=\"wp-block-paragraph\">Zahlreiche ber\u00fchmte K\u00fcnstler sollen unter dieser m\u00e4chtigen Schirmf\u00f6hre geruht haben.<\/p>\n\n\n\n<p class=\"wp-block-paragraph\">Die Legende berichtet, dass auch <em>Franz Schubert <\/em>und <a href=\"http:\/\/www.cronopio.de\/grosse-komponisten-in-moedling\/ludwig-van-beethoven\/\"><em>Ludwig van Beethoven <\/em><\/a>unter der Breiten F\u00f6hre ihren Rausch ausgeschlafen und k\u00fcnstlerische Intuition gesucht haben. Es gibt auch die Behauptung, dass Schubert dies in der Krone des 5 m hohen Baumes getan h\u00e4tte?!<\/p>\n\n\n\n<ul class=\"wp-block-gallery columns-3 is-cropped wp-block-gallery-1 is-layout-flex wp-block-gallery-is-layout-flex\"><li class=\"blocks-gallery-item\"><figure><a href=\"http:\/\/www.cronopio.de\/grosse-komponisten-in-moedling\/die-breite-foehre\/breite-foehre-pilcz-1991\/\"><img loading=\"lazy\" decoding=\"async\" width=\"1595\" height=\"2235\" src=\"http:\/\/www.cronopio.de\/grosse-komponisten-in-moedling\/wp-content\/uploads\/sites\/7\/2018\/09\/Breite-F\u00f6hre-Pilcz-1991.png\" alt=\"\" data-id=\"811\" data-link=\"http:\/\/www.cronopio.de\/grosse-komponisten-in-moedling\/die-breite-foehre\/breite-foehre-pilcz-1991\/\" class=\"wp-image-811\" srcset=\"http:\/\/www.cronopio.de\/grosse-komponisten-in-moedling\/wp-content\/uploads\/sites\/7\/2018\/09\/Breite-F\u00f6hre-Pilcz-1991.png 1595w, http:\/\/www.cronopio.de\/grosse-komponisten-in-moedling\/wp-content\/uploads\/sites\/7\/2018\/09\/Breite-F\u00f6hre-Pilcz-1991-214x300.png 214w, http:\/\/www.cronopio.de\/grosse-komponisten-in-moedling\/wp-content\/uploads\/sites\/7\/2018\/09\/Breite-F\u00f6hre-Pilcz-1991-768x1076.png 768w, http:\/\/www.cronopio.de\/grosse-komponisten-in-moedling\/wp-content\/uploads\/sites\/7\/2018\/09\/Breite-F\u00f6hre-Pilcz-1991-731x1024.png 731w, http:\/\/www.cronopio.de\/grosse-komponisten-in-moedling\/wp-content\/uploads\/sites\/7\/2018\/09\/Breite-F\u00f6hre-Pilcz-1991-143x200.png 143w\" sizes=\"auto, (max-width: 1595px) 100vw, 1595px\" \/><\/a><figcaption>Karlheinz Pilcz (1991): Breite F\u00f6hre<\/figcaption><\/figure><\/li><li class=\"blocks-gallery-item\"><figure><a href=\"http:\/\/www.cronopio.de\/grosse-komponisten-in-moedling\/die-breite-foehre\/die-forelle-1990\/\"><img loading=\"lazy\" decoding=\"async\" width=\"800\" height=\"784\" src=\"http:\/\/www.cronopio.de\/grosse-komponisten-in-moedling\/wp-content\/uploads\/sites\/7\/2018\/09\/Die-Forelle-1990.png\" alt=\"\" data-id=\"813\" data-link=\"http:\/\/www.cronopio.de\/grosse-komponisten-in-moedling\/die-breite-foehre\/die-forelle-1990\/\" class=\"wp-image-813\" srcset=\"http:\/\/www.cronopio.de\/grosse-komponisten-in-moedling\/wp-content\/uploads\/sites\/7\/2018\/09\/Die-Forelle-1990.png 800w, http:\/\/www.cronopio.de\/grosse-komponisten-in-moedling\/wp-content\/uploads\/sites\/7\/2018\/09\/Die-Forelle-1990-300x294.png 300w, http:\/\/www.cronopio.de\/grosse-komponisten-in-moedling\/wp-content\/uploads\/sites\/7\/2018\/09\/Die-Forelle-1990-768x753.png 768w, http:\/\/www.cronopio.de\/grosse-komponisten-in-moedling\/wp-content\/uploads\/sites\/7\/2018\/09\/Die-Forelle-1990-204x200.png 204w\" sizes=\"auto, (max-width: 800px) 100vw, 800px\" \/><\/a><figcaption>Karlheinz Pilcz (1990): Die Forelle<\/figcaption><\/figure><\/li><li class=\"blocks-gallery-item\"><figure><a href=\"http:\/\/www.cronopio.de\/grosse-komponisten-in-moedling\/die-breite-foehre\/schubert-in-moedling\/\"><img loading=\"lazy\" decoding=\"async\" width=\"1507\" height=\"2134\" src=\"http:\/\/www.cronopio.de\/grosse-komponisten-in-moedling\/wp-content\/uploads\/sites\/7\/2018\/09\/Schubert-in-M\u00f6dling.jpg\" alt=\"\" data-id=\"812\" data-link=\"http:\/\/www.cronopio.de\/grosse-komponisten-in-moedling\/die-breite-foehre\/schubert-in-moedling\/\" class=\"wp-image-812\" srcset=\"http:\/\/www.cronopio.de\/grosse-komponisten-in-moedling\/wp-content\/uploads\/sites\/7\/2018\/09\/Schubert-in-M\u00f6dling.jpg 1507w, http:\/\/www.cronopio.de\/grosse-komponisten-in-moedling\/wp-content\/uploads\/sites\/7\/2018\/09\/Schubert-in-M\u00f6dling-212x300.jpg 212w, http:\/\/www.cronopio.de\/grosse-komponisten-in-moedling\/wp-content\/uploads\/sites\/7\/2018\/09\/Schubert-in-M\u00f6dling-768x1088.jpg 768w, http:\/\/www.cronopio.de\/grosse-komponisten-in-moedling\/wp-content\/uploads\/sites\/7\/2018\/09\/Schubert-in-M\u00f6dling-723x1024.jpg 723w, http:\/\/www.cronopio.de\/grosse-komponisten-in-moedling\/wp-content\/uploads\/sites\/7\/2018\/09\/Schubert-in-M\u00f6dling-141x200.jpg 141w\" sizes=\"auto, (max-width: 1507px) 100vw, 1507px\" \/><\/a><figcaption>M\u00f6dlinger Stadtanzeiger, 1978<\/figcaption><\/figure><\/li><li class=\"blocks-gallery-item\"><figure><a href=\"http:\/\/www.cronopio.de\/grosse-komponisten-in-moedling\/die-breite-foehre\/winterreise-naechtlicher-baum-1995\/\"><img loading=\"lazy\" decoding=\"async\" width=\"800\" height=\"883\" src=\"http:\/\/www.cronopio.de\/grosse-komponisten-in-moedling\/wp-content\/uploads\/sites\/7\/2018\/09\/Winterreise-N\u00e4chtlicher-Baum-1995.jpg\" alt=\"\" data-id=\"814\" data-link=\"http:\/\/www.cronopio.de\/grosse-komponisten-in-moedling\/die-breite-foehre\/winterreise-naechtlicher-baum-1995\/\" class=\"wp-image-814\" srcset=\"http:\/\/www.cronopio.de\/grosse-komponisten-in-moedling\/wp-content\/uploads\/sites\/7\/2018\/09\/Winterreise-N\u00e4chtlicher-Baum-1995.jpg 800w, http:\/\/www.cronopio.de\/grosse-komponisten-in-moedling\/wp-content\/uploads\/sites\/7\/2018\/09\/Winterreise-N\u00e4chtlicher-Baum-1995-272x300.jpg 272w, http:\/\/www.cronopio.de\/grosse-komponisten-in-moedling\/wp-content\/uploads\/sites\/7\/2018\/09\/Winterreise-N\u00e4chtlicher-Baum-1995-768x848.jpg 768w, http:\/\/www.cronopio.de\/grosse-komponisten-in-moedling\/wp-content\/uploads\/sites\/7\/2018\/09\/Winterreise-N\u00e4chtlicher-Baum-1995-181x200.jpg 181w\" sizes=\"auto, (max-width: 800px) 100vw, 800px\" \/><\/a><figcaption>Karlheinz Pilcz (1995): Winterreise, N\u00e4chtlicher Baum<\/figcaption><\/figure><\/li><li class=\"blocks-gallery-item\"><figure><a href=\"http:\/\/www.cronopio.de\/grosse-komponisten-in-moedling\/die-breite-foehre\/winterreise-waldnacht-1993\/\"><img loading=\"lazy\" decoding=\"async\" width=\"800\" height=\"699\" src=\"http:\/\/www.cronopio.de\/grosse-komponisten-in-moedling\/wp-content\/uploads\/sites\/7\/2018\/09\/Winterreise-Waldnacht-1993.jpg\" alt=\"\" data-id=\"815\" data-link=\"http:\/\/www.cronopio.de\/grosse-komponisten-in-moedling\/die-breite-foehre\/winterreise-waldnacht-1993\/\" class=\"wp-image-815\" srcset=\"http:\/\/www.cronopio.de\/grosse-komponisten-in-moedling\/wp-content\/uploads\/sites\/7\/2018\/09\/Winterreise-Waldnacht-1993.jpg 800w, http:\/\/www.cronopio.de\/grosse-komponisten-in-moedling\/wp-content\/uploads\/sites\/7\/2018\/09\/Winterreise-Waldnacht-1993-300x262.jpg 300w, http:\/\/www.cronopio.de\/grosse-komponisten-in-moedling\/wp-content\/uploads\/sites\/7\/2018\/09\/Winterreise-Waldnacht-1993-768x671.jpg 768w, http:\/\/www.cronopio.de\/grosse-komponisten-in-moedling\/wp-content\/uploads\/sites\/7\/2018\/09\/Winterreise-Waldnacht-1993-229x200.jpg 229w\" sizes=\"auto, (max-width: 800px) 100vw, 800px\" \/><\/a><figcaption>Karlheinz Pilcz (1995): Winterreise, Waldnacht<\/figcaption><\/figure><\/li><\/ul>\n\n\n\n<p class=\"wp-block-paragraph\">1997 musste der \u00fcber 450 Jahre alte Baum aus Sicherheitsgr\u00fcnden abgetragen werden. Die Teile wurden im N\u00d6 Landesmuseum in St. P\u00f6lten wieder zusammengesetzt und ausgestellt. Eine Scheibe des Baumstammes ist in M\u00f6dling im Eingangsbereich des Museums zu sehen.<\/p>\n","protected":false},"excerpt":{"rendered":"<p>Vermutlich im Jahr 1542 begann am \u00f6stlichen Abhang des Anninger einer der ber\u00fchmtesten B\u00e4ume des Wienerwaldes zu wachsen \u2013 die Breite F\u00f6hre, eine \u00f6sterreichische Schwarzf\u00f6hre (Pinus nigra austriaca). Zahlreiche ber\u00fchmte K\u00fcnstler sollen unter dieser m\u00e4chtigen Schirmf\u00f6hre geruht haben. Die Legende berichtet, dass auch Franz Schubert und Ludwig van Beethoven unter &hellip;<\/p>\n","protected":false},"author":2,"featured_media":0,"parent":0,"menu_order":0,"comment_status":"closed","ping_status":"closed","template":"","meta":{"_crdt_document":"","_themeisle_gutenberg_block_has_review":false,"h5ap_radio_sources":[],"footnotes":""},"class_list":["post-54","page","type-page","status-publish","hentry"],"_links":{"self":[{"href":"http:\/\/www.cronopio.de\/grosse-komponisten-in-moedling\/wp-json\/wp\/v2\/pages\/54","targetHints":{"allow":["GET"]}}],"collection":[{"href":"http:\/\/www.cronopio.de\/grosse-komponisten-in-moedling\/wp-json\/wp\/v2\/pages"}],"about":[{"href":"http:\/\/www.cronopio.de\/grosse-komponisten-in-moedling\/wp-json\/wp\/v2\/types\/page"}],"author":[{"embeddable":true,"href":"http:\/\/www.cronopio.de\/grosse-komponisten-in-moedling\/wp-json\/wp\/v2\/users\/2"}],"replies":[{"embeddable":true,"href":"http:\/\/www.cronopio.de\/grosse-komponisten-in-moedling\/wp-json\/wp\/v2\/comments?post=54"}],"version-history":[{"count":5,"href":"http:\/\/www.cronopio.de\/grosse-komponisten-in-moedling\/wp-json\/wp\/v2\/pages\/54\/revisions"}],"predecessor-version":[{"id":816,"href":"http:\/\/www.cronopio.de\/grosse-komponisten-in-moedling\/wp-json\/wp\/v2\/pages\/54\/revisions\/816"}],"wp:attachment":[{"href":"http:\/\/www.cronopio.de\/grosse-komponisten-in-moedling\/wp-json\/wp\/v2\/media?parent=54"}],"curies":[{"name":"wp","href":"https:\/\/api.w.org\/{rel}","templated":true}]}}

Die Breite Föhre

<p class="wp-block-paragraph">Vermutlich im Jahr 1542 begann am östlichen Abhang des Anninger einer der berühmtesten Bäume des Wienerwaldes zu wachsen – die Breite Föhre, eine österreichische Schwarzföhre <em>(Pinus nigra austriaca).</em></p>



<p class="wp-block-paragraph">Zahlreiche berühmte Künstler sollen unter dieser mächtigen Schirmföhre geruht haben.</p>



<p class="wp-block-paragraph">Die Legende berichtet, dass auch <em>Franz Schubert </em>und <a href="http://www.cronopio.de/grosse-komponisten-in-moedling/ludwig-van-beethoven/"><em>Ludwig van Beethoven </em></a>unter der Breiten Föhre ihren Rausch ausgeschlafen und künstlerische Intuition gesucht haben. Es gibt auch die Behauptung, dass Schubert dies in der Krone des 5 m hohen Baumes getan hätte?!</p>



<ul class="wp-block-gallery columns-3 is-cropped wp-block-gallery-1 is-layout-flex wp-block-gallery-is-layout-flex"><li class="blocks-gallery-item"><figure><a href="http://www.cronopio.de/grosse-komponisten-in-moedling/die-breite-foehre/breite-foehre-pilcz-1991/"><img loading="lazy" decoding="async" width="1595" height="2235" src="http://www.cronopio.de/grosse-komponisten-in-moedling/wp-content/uploads/sites/7/2018/09/Breite-Föhre-Pilcz-1991.png" alt="" data-id="811" data-link="http://www.cronopio.de/grosse-komponisten-in-moedling/die-breite-foehre/breite-foehre-pilcz-1991/" class="wp-image-811" srcset="http://www.cronopio.de/grosse-komponisten-in-moedling/wp-content/uploads/sites/7/2018/09/Breite-Föhre-Pilcz-1991.png 1595w, http://www.cronopio.de/grosse-komponisten-in-moedling/wp-content/uploads/sites/7/2018/09/Breite-Föhre-Pilcz-1991-214x300.png 214w, http://www.cronopio.de/grosse-komponisten-in-moedling/wp-content/uploads/sites/7/2018/09/Breite-Föhre-Pilcz-1991-768x1076.png 768w, http://www.cronopio.de/grosse-komponisten-in-moedling/wp-content/uploads/sites/7/2018/09/Breite-Föhre-Pilcz-1991-731x1024.png 731w, http://www.cronopio.de/grosse-komponisten-in-moedling/wp-content/uploads/sites/7/2018/09/Breite-Föhre-Pilcz-1991-143x200.png 143w" sizes="auto, (max-width: 1595px) 100vw, 1595px" /></a><figcaption>Karlheinz Pilcz (1991): Breite Föhre</figcaption></figure></li><li class="blocks-gallery-item"><figure><a href="http://www.cronopio.de/grosse-komponisten-in-moedling/die-breite-foehre/die-forelle-1990/"><img loading="lazy" decoding="async" width="800" height="784" src="http://www.cronopio.de/grosse-komponisten-in-moedling/wp-content/uploads/sites/7/2018/09/Die-Forelle-1990.png" alt="" data-id="813" data-link="http://www.cronopio.de/grosse-komponisten-in-moedling/die-breite-foehre/die-forelle-1990/" class="wp-image-813" srcset="http://www.cronopio.de/grosse-komponisten-in-moedling/wp-content/uploads/sites/7/2018/09/Die-Forelle-1990.png 800w, http://www.cronopio.de/grosse-komponisten-in-moedling/wp-content/uploads/sites/7/2018/09/Die-Forelle-1990-300x294.png 300w, http://www.cronopio.de/grosse-komponisten-in-moedling/wp-content/uploads/sites/7/2018/09/Die-Forelle-1990-768x753.png 768w, http://www.cronopio.de/grosse-komponisten-in-moedling/wp-content/uploads/sites/7/2018/09/Die-Forelle-1990-204x200.png 204w" sizes="auto, (max-width: 800px) 100vw, 800px" /></a><figcaption>Karlheinz Pilcz (1990): Die Forelle</figcaption></figure></li><li class="blocks-gallery-item"><figure><a href="http://www.cronopio.de/grosse-komponisten-in-moedling/die-breite-foehre/schubert-in-moedling/"><img loading="lazy" decoding="async" width="1507" height="2134" src="http://www.cronopio.de/grosse-komponisten-in-moedling/wp-content/uploads/sites/7/2018/09/Schubert-in-Mödling.jpg" alt="" data-id="812" data-link="http://www.cronopio.de/grosse-komponisten-in-moedling/die-breite-foehre/schubert-in-moedling/" class="wp-image-812" srcset="http://www.cronopio.de/grosse-komponisten-in-moedling/wp-content/uploads/sites/7/2018/09/Schubert-in-Mödling.jpg 1507w, http://www.cronopio.de/grosse-komponisten-in-moedling/wp-content/uploads/sites/7/2018/09/Schubert-in-Mödling-212x300.jpg 212w, http://www.cronopio.de/grosse-komponisten-in-moedling/wp-content/uploads/sites/7/2018/09/Schubert-in-Mödling-768x1088.jpg 768w, http://www.cronopio.de/grosse-komponisten-in-moedling/wp-content/uploads/sites/7/2018/09/Schubert-in-Mödling-723x1024.jpg 723w, http://www.cronopio.de/grosse-komponisten-in-moedling/wp-content/uploads/sites/7/2018/09/Schubert-in-Mödling-141x200.jpg 141w" sizes="auto, (max-width: 1507px) 100vw, 1507px" /></a><figcaption>Mödlinger Stadtanzeiger, 1978</figcaption></figure></li><li class="blocks-gallery-item"><figure><a href="http://www.cronopio.de/grosse-komponisten-in-moedling/die-breite-foehre/winterreise-naechtlicher-baum-1995/"><img loading="lazy" decoding="async" width="800" height="883" src="http://www.cronopio.de/grosse-komponisten-in-moedling/wp-content/uploads/sites/7/2018/09/Winterreise-Nächtlicher-Baum-1995.jpg" alt="" data-id="814" data-link="http://www.cronopio.de/grosse-komponisten-in-moedling/die-breite-foehre/winterreise-naechtlicher-baum-1995/" class="wp-image-814" srcset="http://www.cronopio.de/grosse-komponisten-in-moedling/wp-content/uploads/sites/7/2018/09/Winterreise-Nächtlicher-Baum-1995.jpg 800w, http://www.cronopio.de/grosse-komponisten-in-moedling/wp-content/uploads/sites/7/2018/09/Winterreise-Nächtlicher-Baum-1995-272x300.jpg 272w, http://www.cronopio.de/grosse-komponisten-in-moedling/wp-content/uploads/sites/7/2018/09/Winterreise-Nächtlicher-Baum-1995-768x848.jpg 768w, http://www.cronopio.de/grosse-komponisten-in-moedling/wp-content/uploads/sites/7/2018/09/Winterreise-Nächtlicher-Baum-1995-181x200.jpg 181w" sizes="auto, (max-width: 800px) 100vw, 800px" /></a><figcaption>Karlheinz Pilcz (1995): Winterreise, Nächtlicher Baum</figcaption></figure></li><li class="blocks-gallery-item"><figure><a href="http://www.cronopio.de/grosse-komponisten-in-moedling/die-breite-foehre/winterreise-waldnacht-1993/"><img loading="lazy" decoding="async" width="800" height="699" src="http://www.cronopio.de/grosse-komponisten-in-moedling/wp-content/uploads/sites/7/2018/09/Winterreise-Waldnacht-1993.jpg" alt="" data-id="815" data-link="http://www.cronopio.de/grosse-komponisten-in-moedling/die-breite-foehre/winterreise-waldnacht-1993/" class="wp-image-815" srcset="http://www.cronopio.de/grosse-komponisten-in-moedling/wp-content/uploads/sites/7/2018/09/Winterreise-Waldnacht-1993.jpg 800w, http://www.cronopio.de/grosse-komponisten-in-moedling/wp-content/uploads/sites/7/2018/09/Winterreise-Waldnacht-1993-300x262.jpg 300w, http://www.cronopio.de/grosse-komponisten-in-moedling/wp-content/uploads/sites/7/2018/09/Winterreise-Waldnacht-1993-768x671.jpg 768w, http://www.cronopio.de/grosse-komponisten-in-moedling/wp-content/uploads/sites/7/2018/09/Winterreise-Waldnacht-1993-229x200.jpg 229w" sizes="auto, (max-width: 800px) 100vw, 800px" /></a><figcaption>Karlheinz Pilcz (1995): Winterreise, Waldnacht</figcaption></figure></li></ul>



<p class="wp-block-paragraph">1997 musste der über 450 Jahre alte Baum aus Sicherheitsgründen abgetragen werden. Die Teile wurden im NÖ Landesmuseum in St. Pölten wieder zusammengesetzt und ausgestellt. Eine Scheibe des Baumstammes ist in Mödling im Eingangsbereich des Museums zu sehen.</p>

<p>Vermutlich im Jahr 1542 begann am östlichen Abhang des Anninger einer der berühmtesten Bäume des Wienerwaldes zu wachsen – die Breite Föhre, eine österreichische Schwarzföhre (Pinus nigra austriaca). Zahlreiche berühmte Künstler sollen unter dieser mächtigen Schirmföhre geruht haben. Die Legende berichtet, dass auch Franz Schubert und Ludwig van Beethoven unter &hellip;</p>
