{"id":484,"date":"2018-08-27T22:45:28","date_gmt":"2018-08-27T20:45:28","guid":{"rendered":"http:\/\/www.cronopio.de\/grosse-komponisten-in-moedling\/?page_id=484"},"modified":"2018-09-26T21:23:30","modified_gmt":"2018-09-26T19:23:30","slug":"anton-puerkner","status":"publish","type":"page","link":"http:\/\/www.cronopio.de\/grosse-komponisten-in-moedling\/anton-puerkner\/","title":{"rendered":"Anton P\u00fcrkner"},"content":{"rendered":"<div class=\"wp-block-image\">\n<figure class=\"alignleft\"><img loading=\"lazy\" decoding=\"async\" width=\"334\" height=\"338\" src=\"http:\/\/www.cronopio.de\/grosse-komponisten-in-moedling\/wp-content\/uploads\/sites\/7\/2018\/08\/Anton-P\u00fcrkner.jpg\" alt=\"\" class=\"wp-image-556\" srcset=\"http:\/\/www.cronopio.de\/grosse-komponisten-in-moedling\/wp-content\/uploads\/sites\/7\/2018\/08\/Anton-P\u00fcrkner.jpg 334w, http:\/\/www.cronopio.de\/grosse-komponisten-in-moedling\/wp-content\/uploads\/sites\/7\/2018\/08\/Anton-P\u00fcrkner-296x300.jpg 296w, http:\/\/www.cronopio.de\/grosse-komponisten-in-moedling\/wp-content\/uploads\/sites\/7\/2018\/08\/Anton-P\u00fcrkner-198x200.jpg 198w\" sizes=\"auto, (max-width: 334px) 100vw, 334px\" \/><\/figure>\n<\/div>\n\n\n<p class=\"wp-block-paragraph\"><strong>(28.8.1909 &#8211; 6.7.1991)<\/strong><\/p>\n\n\n\n<p class=\"wp-block-paragraph\">\u201eIch hab mein Leben f\u00fcr die Musik gelebt und ich bin zufrieden\u201c.<\/p>\n\n\n\n<p class=\"wp-block-paragraph\"><strong>Schule:<\/strong> Volksschule Wiener Neudorf, Gymnasium M\u00f6dling, Violinstudium an der Hochschule f\u00fcr Musik und darstellende Kunst.<\/p>\n\n\n\n<p class=\"wp-block-paragraph\"><strong>Beruf: <\/strong>Musiklehrer (Hyrtl\u2019sches Waisenhaus und Musikschule der Beethovenhausstiftung in M\u00f6dling), Solo-, Kammer- und Orchestermusiker (Violine)<br\/>Auftritte in M\u00f6dling mit dem M\u00e4nnergesangsverein, Singakademie, Kurorchester; Ensembles: Kammerorchester Othmar Steinbauer, Kleines Rundfunkorchester der RAVAG, Wehrmachtorchester [Westwalltournee], Wiener Symphoniker, Klassisches Wiener Schrammelquartett<\/p>\n\n\n\n<p class=\"wp-block-paragraph\"><strong>Berufung:<\/strong> Musik -> Lehrer der ersten Stunde an der M\u00f6dlinger Musikschule der Beethovenhausstiftung, Gr\u00fcndung des \u201eKlassischen Wiener Schrammelquartetts\u201c. <\/p>\n\n\n\n<p class=\"wp-block-paragraph\"><strong>Kompositionen: \u00a0<\/strong>Landler, Polkas, Walzer, M\u00e4rsche f\u00fcr kleine und gro\u00dfe Besetzung; zahlreiche Arrangements<\/p>\n\n\n\n<p class=\"wp-block-paragraph\"><strong>Auszeichnungen:<\/strong>\u00a0 <\/p>\n\n\n\n<ul class=\"wp-block-list\"><li>1964 Verleihung des Berufstitels \u201eProfessor\u201c<\/li><li>1976 Goldenes Verdienstzeichen der Stadt Wien<\/li><\/ul>\n\n\n\n<figure class=\"wp-block-image\"><img loading=\"lazy\" decoding=\"async\" width=\"616\" height=\"297\" src=\"http:\/\/www.cronopio.de\/grosse-komponisten-in-moedling\/wp-content\/uploads\/sites\/7\/2018\/08\/Klassisches-Wiener-Schrammelquartett.jpg\" alt=\"\" class=\"wp-image-555\" srcset=\"http:\/\/www.cronopio.de\/grosse-komponisten-in-moedling\/wp-content\/uploads\/sites\/7\/2018\/08\/Klassisches-Wiener-Schrammelquartett.jpg 616w, http:\/\/www.cronopio.de\/grosse-komponisten-in-moedling\/wp-content\/uploads\/sites\/7\/2018\/08\/Klassisches-Wiener-Schrammelquartett-300x145.jpg 300w, http:\/\/www.cronopio.de\/grosse-komponisten-in-moedling\/wp-content\/uploads\/sites\/7\/2018\/08\/Klassisches-Wiener-Schrammelquartett-415x200.jpg 415w\" sizes=\"auto, (max-width: 616px) 100vw, 616px\" \/><figcaption>Anton P\u00fcrkner (2. von links) im Klassischen Wiener Schrammelquartett<br\/>(mit Emmerich Pranz, Lois B\u00f6ck und Richard Sch\u00f6nhofer)<br\/><br\/><\/figcaption><\/figure>\n\n\n\n<figure class=\"wp-block-embed-youtube wp-block-embed is-type-video is-provider-youtube\">\n<iframe loading=\"lazy\"  id=\"_ytid_61820\"  width=\"1257\" height=\"943\"  data-origwidth=\"1257\" data-origheight=\"943\" src=\"https:\/\/www.youtube.com\/embed\/TU6sP9j3FxU?enablejsapi=1&#038;autoplay=0&#038;cc_load_policy=0&#038;cc_lang_pref=&#038;iv_load_policy=1&#038;loop=0&#038;rel=1&#038;fs=1&#038;playsinline=0&#038;autohide=2&#038;theme=dark&#038;color=red&#038;controls=1&#038;disablekb=0&#038;\" class=\"__youtube_prefs__  epyt-is-override  no-lazyload\" title=\"YouTube player\"  allow=\"fullscreen; accelerometer; autoplay; clipboard-write; encrypted-media; gyroscope; picture-in-picture; web-share\" referrerpolicy=\"strict-origin-when-cross-origin\" allowfullscreen data-no-lazy=\"1\" data-skipgform_ajax_framebjll=\"\"><\/iframe>\n<\/figure>\n","protected":false},"excerpt":{"rendered":"<p>(28.8.1909 &#8211; 6.7.1991) \u201eIch hab mein Leben f\u00fcr die Musik gelebt und ich bin zufrieden\u201c. Schule: Volksschule Wiener Neudorf, Gymnasium M\u00f6dling, Violinstudium an der Hochschule f\u00fcr Musik und darstellende Kunst. Beruf: Musiklehrer (Hyrtl\u2019sches Waisenhaus und Musikschule der Beethovenhausstiftung in M\u00f6dling), Solo-, Kammer- und Orchestermusiker (Violine)Auftritte in M\u00f6dling mit dem M\u00e4nnergesangsverein, &hellip;<\/p>\n","protected":false},"author":2,"featured_media":0,"parent":0,"menu_order":0,"comment_status":"closed","ping_status":"closed","template":"","meta":{"_crdt_document":"","_themeisle_gutenberg_block_has_review":false,"h5ap_radio_sources":[],"footnotes":""},"class_list":["post-484","page","type-page","status-publish","hentry"],"_links":{"self":[{"href":"http:\/\/www.cronopio.de\/grosse-komponisten-in-moedling\/wp-json\/wp\/v2\/pages\/484","targetHints":{"allow":["GET"]}}],"collection":[{"href":"http:\/\/www.cronopio.de\/grosse-komponisten-in-moedling\/wp-json\/wp\/v2\/pages"}],"about":[{"href":"http:\/\/www.cronopio.de\/grosse-komponisten-in-moedling\/wp-json\/wp\/v2\/types\/page"}],"author":[{"embeddable":true,"href":"http:\/\/www.cronopio.de\/grosse-komponisten-in-moedling\/wp-json\/wp\/v2\/users\/2"}],"replies":[{"embeddable":true,"href":"http:\/\/www.cronopio.de\/grosse-komponisten-in-moedling\/wp-json\/wp\/v2\/comments?post=484"}],"version-history":[{"count":5,"href":"http:\/\/www.cronopio.de\/grosse-komponisten-in-moedling\/wp-json\/wp\/v2\/pages\/484\/revisions"}],"predecessor-version":[{"id":912,"href":"http:\/\/www.cronopio.de\/grosse-komponisten-in-moedling\/wp-json\/wp\/v2\/pages\/484\/revisions\/912"}],"wp:attachment":[{"href":"http:\/\/www.cronopio.de\/grosse-komponisten-in-moedling\/wp-json\/wp\/v2\/media?parent=484"}],"curies":[{"name":"wp","href":"https:\/\/api.w.org\/{rel}","templated":true}]}}