{"id":473,"date":"2018-08-27T22:35:25","date_gmt":"2018-08-27T20:35:25","guid":{"rendered":"http:\/\/www.cronopio.de\/grosse-komponisten-in-moedling\/?page_id=473"},"modified":"2018-08-28T21:44:59","modified_gmt":"2018-08-28T19:44:59","slug":"herbert-koenig","status":"publish","type":"page","link":"http:\/\/www.cronopio.de\/grosse-komponisten-in-moedling\/herbert-koenig\/","title":{"rendered":"Herbert K\u00f6nig"},"content":{"rendered":"\n<p class=\"wp-block-paragraph\"><strong>(14.5.1911 \u2013 24.11.1991)<\/strong><\/p>\n\n\n\n<p class=\"wp-block-paragraph\">\u201eBeginnt man auf der VI. Stufe einer Dur-Tonleiter eine neue Tonleiter, die auf den gleichen T\u00f6nen l\u00e4uft, so erh\u00e4lt man die zu dieser Dur-Tonart geh\u00f6rige Moll-Tonart.\u201c<\/p>\n\n\n\n<p class=\"wp-block-paragraph\"><strong>Schule:<\/strong> Gymnasium Keimgasse in M\u00f6dling, Studium der Komposition bei Franz Schmidt, Musiktheorie bei Richard St\u00f6hr und Dirigat bei Oswald Kabasta, 1933 Diplom f\u00fcr Kapellmeister. <\/p>\n\n\n\n<p class=\"wp-block-paragraph\"><strong>Beruf:<\/strong> Dirigent, Organist, Arrangeur, Komponist, P\u00e4dagoge -> Lehrer am Bundesgymnasium Keimgasse in M\u00f6dling von 1935 bis 1975<br\/>Chormeister des M\u00f6dlinger M\u00e4nner-Gesang-Vereines ab 1937<br\/>ab 1938 Lehrer an der Beethoven-Musikschule M\u00f6dling<br\/>nach 1945 ma\u00dfgeblicher Anteil am Aufbau des Nieder\u00f6sterreichischen und Ober\u00f6sterreichischen Blasmusikverbandes<br\/>ab 1952 Landeskapellmeister<\/p>\n\n\n\n<p class=\"wp-block-paragraph\"><strong>Berufung:<\/strong> Musik -> Blasmusik<\/p>\n\n\n\n<p class=\"wp-block-paragraph\"><strong>Kompositionen: <\/strong><\/p>\n\n\n\n<ul class=\"wp-block-list\"><li>Orchesterwerke<ul><li>Tag der Freude (1960)<\/li><li>Pr\u00e4ludium und Fuge in b-moll (1963)<\/li><li>Schattenspiele, Humoreske (1965)<\/li><li>Suite in 3 Teilen (1966)<\/li><li>Kleine Festouvert\u00fcre (1966)<\/li><li>Corina, Ouverture (1967)<\/li><li>Choral (1968)<\/li><li>Erhebung (1968)<\/li><li>Aufruf (1969)<\/li><li>Fr\u00f6hliche Wanderschaft, Ouvert\u00fcre (1969)<\/li><li>Sarabande (1969)<\/li><li>Robin Hood, Ouvert\u00fcre (1970)<\/li><li>Sinfonietta in Es-Dur (1970)<\/li><li>Andreas-Maurer-Marsch (1971)<\/li><li>Hinaus in die Ferne (1971)<\/li><li>Kroatische Impressionen, Symphonisches Gedicht (1972)<\/li><li>\u00d6sterreichische T\u00e4nze (1974)<\/li><li>Lydia, Ouvert\u00fcre (1975)<\/li><li>Musica sacra (1977)<\/li><li>Aquarelle, Suite (1979)<\/li><li>Kleine Suite in G-Dur (1979)<\/li><li>Sch\u00f6ne weite Welt<\/li><li>Simsalabim<\/li><li>u.a.<\/li><\/ul><\/li><li>4 Lieder mit Klavier, Text Franz Josef Schicht, 1946<\/li><li>Oratorien, Messen, Vokalmusik<\/li><li>Oper: Spielmann Just, 1948<\/li><\/ul>\n\n\n\n<p class=\"wp-block-paragraph\"><strong>Musikverlage:<\/strong>\u00a0 Philipp Grosch-Verlag, M\u00fcnchen; Bohne &amp; Schuz Musikverlag; Musikverlag Thomi-Berg; Musikverlag Doblinger<\/p>\n\n\n\n<p class=\"wp-block-paragraph\"><br type=\"_moz\"\/><\/p>\n","protected":false},"excerpt":{"rendered":"<p>(14.5.1911 \u2013 24.11.1991) \u201eBeginnt man auf der VI. Stufe einer Dur-Tonleiter eine neue Tonleiter, die auf den gleichen T\u00f6nen l\u00e4uft, so erh\u00e4lt man die zu dieser Dur-Tonart geh\u00f6rige Moll-Tonart.\u201c Schule: Gymnasium Keimgasse in M\u00f6dling, Studium der Komposition bei Franz Schmidt, Musiktheorie bei Richard St\u00f6hr und Dirigat bei Oswald Kabasta, 1933 &hellip;<\/p>\n","protected":false},"author":2,"featured_media":0,"parent":0,"menu_order":0,"comment_status":"closed","ping_status":"closed","template":"","meta":{"_crdt_document":"","_themeisle_gutenberg_block_has_review":false,"h5ap_radio_sources":[],"footnotes":""},"class_list":["post-473","page","type-page","status-publish","hentry"],"_links":{"self":[{"href":"http:\/\/www.cronopio.de\/grosse-komponisten-in-moedling\/wp-json\/wp\/v2\/pages\/473","targetHints":{"allow":["GET"]}}],"collection":[{"href":"http:\/\/www.cronopio.de\/grosse-komponisten-in-moedling\/wp-json\/wp\/v2\/pages"}],"about":[{"href":"http:\/\/www.cronopio.de\/grosse-komponisten-in-moedling\/wp-json\/wp\/v2\/types\/page"}],"author":[{"embeddable":true,"href":"http:\/\/www.cronopio.de\/grosse-komponisten-in-moedling\/wp-json\/wp\/v2\/users\/2"}],"replies":[{"embeddable":true,"href":"http:\/\/www.cronopio.de\/grosse-komponisten-in-moedling\/wp-json\/wp\/v2\/comments?post=473"}],"version-history":[{"count":3,"href":"http:\/\/www.cronopio.de\/grosse-komponisten-in-moedling\/wp-json\/wp\/v2\/pages\/473\/revisions"}],"predecessor-version":[{"id":542,"href":"http:\/\/www.cronopio.de\/grosse-komponisten-in-moedling\/wp-json\/wp\/v2\/pages\/473\/revisions\/542"}],"wp:attachment":[{"href":"http:\/\/www.cronopio.de\/grosse-komponisten-in-moedling\/wp-json\/wp\/v2\/media?parent=473"}],"curies":[{"name":"wp","href":"https:\/\/api.w.org\/{rel}","templated":true}]}}

Herbert König

<p class="wp-block-paragraph"><strong>(14.5.1911 – 24.11.1991)</strong></p>



<p class="wp-block-paragraph">„Beginnt man auf der VI. Stufe einer Dur-Tonleiter eine neue Tonleiter, die auf den gleichen Tönen läuft, so erhält man die zu dieser Dur-Tonart gehörige Moll-Tonart.“</p>



<p class="wp-block-paragraph"><strong>Schule:</strong> Gymnasium Keimgasse in Mödling, Studium der Komposition bei Franz Schmidt, Musiktheorie bei Richard Stöhr und Dirigat bei Oswald Kabasta, 1933 Diplom für Kapellmeister. </p>



<p class="wp-block-paragraph"><strong>Beruf:</strong> Dirigent, Organist, Arrangeur, Komponist, Pädagoge -> Lehrer am Bundesgymnasium Keimgasse in Mödling von 1935 bis 1975<br/>Chormeister des Mödlinger Männer-Gesang-Vereines ab 1937<br/>ab 1938 Lehrer an der Beethoven-Musikschule Mödling<br/>nach 1945 maßgeblicher Anteil am Aufbau des Niederösterreichischen und Oberösterreichischen Blasmusikverbandes<br/>ab 1952 Landeskapellmeister</p>



<p class="wp-block-paragraph"><strong>Berufung:</strong> Musik -> Blasmusik</p>



<p class="wp-block-paragraph"><strong>Kompositionen: </strong></p>



<ul class="wp-block-list"><li>Orchesterwerke<ul><li>Tag der Freude (1960)</li><li>Präludium und Fuge in b-moll (1963)</li><li>Schattenspiele, Humoreske (1965)</li><li>Suite in 3 Teilen (1966)</li><li>Kleine Festouvertüre (1966)</li><li>Corina, Ouverture (1967)</li><li>Choral (1968)</li><li>Erhebung (1968)</li><li>Aufruf (1969)</li><li>Fröhliche Wanderschaft, Ouvertüre (1969)</li><li>Sarabande (1969)</li><li>Robin Hood, Ouvertüre (1970)</li><li>Sinfonietta in Es-Dur (1970)</li><li>Andreas-Maurer-Marsch (1971)</li><li>Hinaus in die Ferne (1971)</li><li>Kroatische Impressionen, Symphonisches Gedicht (1972)</li><li>Österreichische Tänze (1974)</li><li>Lydia, Ouvertüre (1975)</li><li>Musica sacra (1977)</li><li>Aquarelle, Suite (1979)</li><li>Kleine Suite in G-Dur (1979)</li><li>Schöne weite Welt</li><li>Simsalabim</li><li>u.a.</li></ul></li><li>4 Lieder mit Klavier, Text Franz Josef Schicht, 1946</li><li>Oratorien, Messen, Vokalmusik</li><li>Oper: Spielmann Just, 1948</li></ul>



<p class="wp-block-paragraph"><strong>Musikverlage:</strong>  Philipp Grosch-Verlag, München; Bohne &amp; Schuz Musikverlag; Musikverlag Thomi-Berg; Musikverlag Doblinger</p>



<p class="wp-block-paragraph"><br type="_moz"/></p>

<p>(14.5.1911 – 24.11.1991) „Beginnt man auf der VI. Stufe einer Dur-Tonleiter eine neue Tonleiter, die auf den gleichen Tönen läuft, so erhält man die zu dieser Dur-Tonart gehörige Moll-Tonart.“ Schule: Gymnasium Keimgasse in Mödling, Studium der Komposition bei Franz Schmidt, Musiktheorie bei Richard Stöhr und Dirigat bei Oswald Kabasta, 1933 &hellip;</p>
