{"id":443,"date":"2018-08-27T21:46:50","date_gmt":"2018-08-27T19:46:50","guid":{"rendered":"http:\/\/www.cronopio.de\/grosse-komponisten-in-moedling\/?page_id=443"},"modified":"2018-10-17T20:09:06","modified_gmt":"2018-10-17T18:09:06","slug":"einfuehrung","status":"publish","type":"page","link":"http:\/\/www.cronopio.de\/grosse-komponisten-in-moedling\/einfuehrung\/","title":{"rendered":"Gro\u00dfe Komponisten in unserer kleinen Stadt"},"content":{"rendered":"\n<h2 class=\"wp-block-heading\">Vom Mittelalter bis heute<\/h2>\n\n\n\n<p class=\"wp-block-paragraph\">\u00a0<\/p>\n\n\n\n<p class=\"wp-block-paragraph\" style=\"text-align:left\">Weltber\u00fchmte Komponisten und heute beinahe vergessene Komponisten \u2013 sie wurden in M\u00f6dling geboren, nahmen Aufenthalt f\u00fcr Monate oder Jahre in unserer Stadt, besuchten Freunde oder suchten und fanden hier Ruhe und Inspiration. Ihre Aufenthaltsorte \u2013 ber\u00fchmte und kaum bekannte \u2013 pr\u00e4sentiert diese Ausstellung.<\/p>\n\n\n\n<p class=\"wp-block-paragraph\">Zur Orientierung dient ein Stadtplan von M\u00f6dling mit einem Verzeichnis all der Orte, die wir besuchen werden.<\/p>\n\n\n\n<figure class=\"wp-block-image\"><a href=\"http:\/\/www.cronopio.de\/grosse-komponisten-in-moedling\/wp-content\/uploads\/sites\/7\/2018\/10\/Orientierungsplan.jpg\"><img loading=\"lazy\" decoding=\"async\" width=\"2000\" height=\"1898\" src=\"http:\/\/www.cronopio.de\/grosse-komponisten-in-moedling\/wp-content\/uploads\/sites\/7\/2018\/10\/Orientierungsplan.jpg\" alt=\"Orientierungsplan\" class=\"wp-image-952\" srcset=\"http:\/\/www.cronopio.de\/grosse-komponisten-in-moedling\/wp-content\/uploads\/sites\/7\/2018\/10\/Orientierungsplan.jpg 2000w, http:\/\/www.cronopio.de\/grosse-komponisten-in-moedling\/wp-content\/uploads\/sites\/7\/2018\/10\/Orientierungsplan-300x285.jpg 300w, http:\/\/www.cronopio.de\/grosse-komponisten-in-moedling\/wp-content\/uploads\/sites\/7\/2018\/10\/Orientierungsplan-768x729.jpg 768w, http:\/\/www.cronopio.de\/grosse-komponisten-in-moedling\/wp-content\/uploads\/sites\/7\/2018\/10\/Orientierungsplan-1024x972.jpg 1024w, http:\/\/www.cronopio.de\/grosse-komponisten-in-moedling\/wp-content\/uploads\/sites\/7\/2018\/10\/Orientierungsplan-211x200.jpg 211w\" sizes=\"auto, (max-width: 2000px) 100vw, 2000px\" \/><\/a><figcaption>Orientierungsplan<\/figcaption><\/figure>\n\n\n\n<p class=\"wp-block-paragraph\">Zun\u00e4chst zeigen wir die \u201eKomponisten des Mittelalters\u201c, nat\u00fcrlich besser als Tondichter bezeichnet, die<strong> Minnes\u00e4nger<\/strong> <strong><a href=\"http:\/\/www.cronopio.de\/grosse-komponisten-in-moedling\/neidhart-von-reuenthal\/\">Neidhart von Reuenthal<\/a> <\/strong>und <a href=\"http:\/\/www.cronopio.de\/grosse-komponisten-in-moedling\/walther-von-der-vogelweide\/\"><strong>Walther von der Vogelweide<\/strong><\/a>, die nach heute g\u00fcltiger Annahme auf der <strong><a href=\"http:\/\/www.cronopio.de\/grosse-komponisten-in-moedling\/burg-moedling\/\">Burg M\u00f6dling<\/a><\/strong> zu Gast waren.<\/p>\n\n\n\n<ul class=\"wp-block-gallery columns-3 wp-block-gallery-1 is-layout-flex wp-block-gallery-is-layout-flex\"><li class=\"blocks-gallery-item\"><figure><a href=\"http:\/\/www.cronopio.de\/grosse-komponisten-in-moedling\/11-2\/gotische-harfe\/\"><img loading=\"lazy\" decoding=\"async\" width=\"1000\" height=\"980\" src=\"http:\/\/www.cronopio.de\/grosse-komponisten-in-moedling\/wp-content\/uploads\/sites\/7\/2018\/08\/harfe-2.jpg\" alt=\"\" data-id=\"149\" data-link=\"http:\/\/www.cronopio.de\/grosse-komponisten-in-moedling\/11-2\/gotische-harfe\/\" class=\"wp-image-149\" srcset=\"http:\/\/www.cronopio.de\/grosse-komponisten-in-moedling\/wp-content\/uploads\/sites\/7\/2018\/08\/harfe-2.jpg 1000w, http:\/\/www.cronopio.de\/grosse-komponisten-in-moedling\/wp-content\/uploads\/sites\/7\/2018\/08\/harfe-2-300x294.jpg 300w, http:\/\/www.cronopio.de\/grosse-komponisten-in-moedling\/wp-content\/uploads\/sites\/7\/2018\/08\/harfe-2-768x753.jpg 768w, http:\/\/www.cronopio.de\/grosse-komponisten-in-moedling\/wp-content\/uploads\/sites\/7\/2018\/08\/harfe-2-204x200.jpg 204w\" sizes=\"auto, (max-width: 1000px) 100vw, 1000px\" \/><\/a><\/figure><\/li><li class=\"blocks-gallery-item\"><figure><a href=\"http:\/\/www.cronopio.de\/grosse-komponisten-in-moedling\/11-2\/rebec\/\"><img loading=\"lazy\" decoding=\"async\" width=\"2442\" height=\"3890\" src=\"http:\/\/www.cronopio.de\/grosse-komponisten-in-moedling\/wp-content\/uploads\/sites\/7\/2018\/08\/rebec-2.jpg\" alt=\"\" data-id=\"150\" data-link=\"http:\/\/www.cronopio.de\/grosse-komponisten-in-moedling\/11-2\/rebec\/\" class=\"wp-image-150\" srcset=\"http:\/\/www.cronopio.de\/grosse-komponisten-in-moedling\/wp-content\/uploads\/sites\/7\/2018\/08\/rebec-2.jpg 2442w, http:\/\/www.cronopio.de\/grosse-komponisten-in-moedling\/wp-content\/uploads\/sites\/7\/2018\/08\/rebec-2-188x300.jpg 188w, http:\/\/www.cronopio.de\/grosse-komponisten-in-moedling\/wp-content\/uploads\/sites\/7\/2018\/08\/rebec-2-768x1223.jpg 768w, http:\/\/www.cronopio.de\/grosse-komponisten-in-moedling\/wp-content\/uploads\/sites\/7\/2018\/08\/rebec-2-643x1024.jpg 643w, http:\/\/www.cronopio.de\/grosse-komponisten-in-moedling\/wp-content\/uploads\/sites\/7\/2018\/08\/rebec-2-126x200.jpg 126w\" sizes=\"auto, (max-width: 2442px) 100vw, 2442px\" \/><\/a><figcaption>Rebec<\/figcaption><\/figure><\/li><li class=\"blocks-gallery-item\"><figure><a href=\"http:\/\/www.cronopio.de\/grosse-komponisten-in-moedling\/11-2\/schweinskopfpsalterium\/\"><img loading=\"lazy\" decoding=\"async\" width=\"1000\" height=\"650\" src=\"http:\/\/www.cronopio.de\/grosse-komponisten-in-moedling\/wp-content\/uploads\/sites\/7\/2018\/08\/schweinskopf-3.jpg\" alt=\"\" data-id=\"151\" data-link=\"http:\/\/www.cronopio.de\/grosse-komponisten-in-moedling\/11-2\/schweinskopfpsalterium\/\" class=\"wp-image-151\" srcset=\"http:\/\/www.cronopio.de\/grosse-komponisten-in-moedling\/wp-content\/uploads\/sites\/7\/2018\/08\/schweinskopf-3.jpg 1000w, http:\/\/www.cronopio.de\/grosse-komponisten-in-moedling\/wp-content\/uploads\/sites\/7\/2018\/08\/schweinskopf-3-300x195.jpg 300w, http:\/\/www.cronopio.de\/grosse-komponisten-in-moedling\/wp-content\/uploads\/sites\/7\/2018\/08\/schweinskopf-3-768x499.jpg 768w, http:\/\/www.cronopio.de\/grosse-komponisten-in-moedling\/wp-content\/uploads\/sites\/7\/2018\/08\/schweinskopf-3-308x200.jpg 308w\" sizes=\"auto, (max-width: 1000px) 100vw, 1000px\" \/><\/a><figcaption>Schweinskopfpsalterium<\/figcaption><\/figure><\/li><\/ul>\n\n\n\n<p class=\"wp-block-paragraph\">\u00a0<\/p>\n\n\n\n<p class=\"wp-block-paragraph\">\u00a0<\/p>\n\n\n\n<p class=\"wp-block-paragraph\">\u00a0<\/p>\n\n\n\n<p class=\"wp-block-paragraph\">\u00a0<\/p>\n\n\n\n<p class=\"wp-block-paragraph\">\u00a0<\/p>\n\n\n\n<p class=\"wp-block-paragraph\">Das M\u00f6dlingbachtal unterhalb der Burg und nahe der Stadt, die sogenannte <strong><a href=\"http:\/\/www.cronopio.de\/grosse-komponisten-in-moedling\/die-bruehl\/\">Br\u00fchl<\/a><\/strong> mit dem <a href=\"http:\/\/www.cronopio.de\/grosse-komponisten-in-moedling\/der-gasthof-zu-den-2-raben\/\">Gasthof \u201eZu den 2 Raben\u201c<\/a> und die <strong>F\u00f6hrenberge<\/strong> mit der <a href=\"http:\/\/www.cronopio.de\/grosse-komponisten-in-moedling\/die-breite-foehre\/\">Breiten F\u00f6hre<\/a> waren beliebtes und geliebtes Ziel von Komponisten der Klassik und Romantik bis zur Wiener Schule der Moderne.<\/p>\n\n\n\n<p class=\"wp-block-paragraph\"><a href=\"http:\/\/www.cronopio.de\/grosse-komponisten-in-moedling\/ludwig-van-beethoven\/\"><strong>Ludwig van Beethovens<\/strong><\/a> Sommeraufenthalte der Jahre 1818 \u2013 1820 in M\u00f6dling werden weithin bekannt sein, doch auch die Geb\u00e4ude, in denen er logierte, sind von historischem Interesse: Das <a href=\"http:\/\/www.cronopio.de\/grosse-komponisten-in-moedling\/ludwig-van-beethoven\/das-hafnerhaus\/\">Hafnerhaus<\/a> und der <a href=\"http:\/\/www.cronopio.de\/grosse-komponisten-in-moedling\/ludwig-van-beethoven\/der-christhof\/\">Christhof<\/a>.<\/p>\n\n\n\n<p class=\"wp-block-paragraph\">\u201eNur\u201c als Besucher kamen zwei Vertreter der Romantik nach M\u00f6dling \u2013 <strong><a href=\"http:\/\/www.cronopio.de\/grosse-komponisten-in-moedling\/richard-wagner\/\">Richard Wagner<\/a><\/strong> und <a href=\"http:\/\/www.cronopio.de\/grosse-komponisten-in-moedling\/hugo-wolf\/\"><strong>Hugo Wolf<\/strong><\/a>.<\/p>\n\n\n\n<p class=\"wp-block-paragraph\">Vertreter der sog. 2. Wiener Schule oder Wiener Schule der Moderne waren f\u00fcr Jahre in M\u00f6dling ans\u00e4ssig oder kamen als Sch\u00fcler oder G\u00e4ste des regelm\u00e4\u00dfigen \u201eJour fixe\u201c zum Sch\u00f6pfer der 12-Ton-Musik, Arnold Sch\u00f6nberg:<\/p>\n\n\n\n<ul class=\"wp-block-list\">\n<li><strong><a href=\"http:\/\/www.cronopio.de\/grosse-komponisten-in-moedling\/arnold-schoenberg\/\">Arnold Sch\u00f6nberg<\/a><\/strong><\/li>\n<li><strong><a href=\"http:\/\/www.cronopio.de\/grosse-komponisten-in-moedling\/anton-von-webern\/\">Anton von Webern<\/a><\/strong><\/li>\n<li><strong><a href=\"http:\/\/www.cronopio.de\/grosse-komponisten-in-moedling\/ernst-krenek\/\">Ernst Krenek<\/a><\/strong><\/li>\n<li><strong><a href=\"http:\/\/www.cronopio.de\/grosse-komponisten-in-moedling\/matthias-winkelmayer\/\">Matthias Winkelmayer<\/a><\/strong><\/li>\n<\/ul>\n\n\n\n<p class=\"wp-block-paragraph\">Bei einem Spaziergang durch die Gassen und Stra\u00dfen unserer Stadt wird man immer wieder auf bekannte Namen sto\u00dfen:<\/p>\n\n\n\n<ul class=\"wp-block-list\"><li>Beethovengasse<\/li><li>Franz Schubert-Gasse (auch wenn Schubert niemals in M\u00f6dling war&#8230;)<\/li><li>Richard Wagner Gasse<\/li><li>Norbert Sprongl Gasse<\/li><li>Arnold Sch\u00f6nberg Park<\/li><li>Sch\u00f6nberg-Denkmal im Museumspark<\/li><li>ein Beethoven Denkmal in der Badstra\u00dfe<\/li><li>zwei Mosaike an Wohnhausanlagen in der Badstra\u00dfe<\/li><\/ul>\n\n\n\n<ul class=\"wp-block-gallery columns-2 wp-block-gallery-2 is-layout-flex wp-block-gallery-is-layout-flex\"><li class=\"blocks-gallery-item\"><figure><a href=\"http:\/\/www.cronopio.de\/grosse-komponisten-in-moedling\/11-2\/schoenberg-denkmal\/\"><img loading=\"lazy\" decoding=\"async\" width=\"1000\" height=\"1333\" src=\"http:\/\/www.cronopio.de\/grosse-komponisten-in-moedling\/wp-content\/uploads\/sites\/7\/2018\/08\/Sch\u00f6nbergbrunnen.jpg\" alt=\"\" data-id=\"429\" data-link=\"http:\/\/www.cronopio.de\/grosse-komponisten-in-moedling\/11-2\/schoenberg-denkmal\/\" class=\"wp-image-429\" srcset=\"http:\/\/www.cronopio.de\/grosse-komponisten-in-moedling\/wp-content\/uploads\/sites\/7\/2018\/08\/Sch\u00f6nbergbrunnen.jpg 1000w, http:\/\/www.cronopio.de\/grosse-komponisten-in-moedling\/wp-content\/uploads\/sites\/7\/2018\/08\/Sch\u00f6nbergbrunnen-225x300.jpg 225w, http:\/\/www.cronopio.de\/grosse-komponisten-in-moedling\/wp-content\/uploads\/sites\/7\/2018\/08\/Sch\u00f6nbergbrunnen-768x1024.jpg 768w, http:\/\/www.cronopio.de\/grosse-komponisten-in-moedling\/wp-content\/uploads\/sites\/7\/2018\/08\/Sch\u00f6nbergbrunnen-150x200.jpg 150w\" sizes=\"auto, (max-width: 1000px) 100vw, 1000px\" \/><\/a><figcaption>Sch\u00f6nberg-Denkmal<\/figcaption><\/figure><\/li><li class=\"blocks-gallery-item\"><figure><a href=\"http:\/\/www.cronopio.de\/grosse-komponisten-in-moedling\/11-2\/beethoven-mosaik\/\"><img loading=\"lazy\" decoding=\"async\" width=\"1000\" height=\"1381\" src=\"http:\/\/www.cronopio.de\/grosse-komponisten-in-moedling\/wp-content\/uploads\/sites\/7\/2018\/08\/Beethoven-Mosaik.jpg\" alt=\"\" data-id=\"430\" data-link=\"http:\/\/www.cronopio.de\/grosse-komponisten-in-moedling\/11-2\/beethoven-mosaik\/\" class=\"wp-image-430\" srcset=\"http:\/\/www.cronopio.de\/grosse-komponisten-in-moedling\/wp-content\/uploads\/sites\/7\/2018\/08\/Beethoven-Mosaik.jpg 1000w, http:\/\/www.cronopio.de\/grosse-komponisten-in-moedling\/wp-content\/uploads\/sites\/7\/2018\/08\/Beethoven-Mosaik-217x300.jpg 217w, http:\/\/www.cronopio.de\/grosse-komponisten-in-moedling\/wp-content\/uploads\/sites\/7\/2018\/08\/Beethoven-Mosaik-768x1061.jpg 768w, http:\/\/www.cronopio.de\/grosse-komponisten-in-moedling\/wp-content\/uploads\/sites\/7\/2018\/08\/Beethoven-Mosaik-741x1024.jpg 741w, http:\/\/www.cronopio.de\/grosse-komponisten-in-moedling\/wp-content\/uploads\/sites\/7\/2018\/08\/Beethoven-Mosaik-145x200.jpg 145w\" sizes=\"auto, (max-width: 1000px) 100vw, 1000px\" \/><\/a><figcaption>Beethoven-Mosaik<\/figcaption><\/figure><\/li><li class=\"blocks-gallery-item\"><figure><a href=\"http:\/\/www.cronopio.de\/grosse-komponisten-in-moedling\/11-2\/vogelweide-mosaik\/\"><img loading=\"lazy\" decoding=\"async\" width=\"1000\" height=\"946\" src=\"http:\/\/www.cronopio.de\/grosse-komponisten-in-moedling\/wp-content\/uploads\/sites\/7\/2018\/08\/Vogelweide-Mosaik.jpg\" alt=\"\" data-id=\"431\" data-link=\"http:\/\/www.cronopio.de\/grosse-komponisten-in-moedling\/11-2\/vogelweide-mosaik\/\" class=\"wp-image-431\" srcset=\"http:\/\/www.cronopio.de\/grosse-komponisten-in-moedling\/wp-content\/uploads\/sites\/7\/2018\/08\/Vogelweide-Mosaik.jpg 1000w, http:\/\/www.cronopio.de\/grosse-komponisten-in-moedling\/wp-content\/uploads\/sites\/7\/2018\/08\/Vogelweide-Mosaik-300x284.jpg 300w, http:\/\/www.cronopio.de\/grosse-komponisten-in-moedling\/wp-content\/uploads\/sites\/7\/2018\/08\/Vogelweide-Mosaik-768x727.jpg 768w, http:\/\/www.cronopio.de\/grosse-komponisten-in-moedling\/wp-content\/uploads\/sites\/7\/2018\/08\/Vogelweide-Mosaik-211x200.jpg 211w\" sizes=\"auto, (max-width: 1000px) 100vw, 1000px\" \/><\/a><figcaption>Vogelweide-Mosaik<\/figcaption><\/figure><\/li><li class=\"blocks-gallery-item\"><figure><a href=\"http:\/\/www.cronopio.de\/grosse-komponisten-in-moedling\/beethoven-bueste\/\"><img loading=\"lazy\" decoding=\"async\" width=\"600\" height=\"800\" src=\"http:\/\/www.cronopio.de\/grosse-komponisten-in-moedling\/wp-content\/uploads\/sites\/7\/2018\/09\/P9064832.jpg\" alt=\"\" data-id=\"829\" data-link=\"http:\/\/www.cronopio.de\/grosse-komponisten-in-moedling\/beethoven-bueste\/\" class=\"wp-image-829\" srcset=\"http:\/\/www.cronopio.de\/grosse-komponisten-in-moedling\/wp-content\/uploads\/sites\/7\/2018\/09\/P9064832.jpg 600w, http:\/\/www.cronopio.de\/grosse-komponisten-in-moedling\/wp-content\/uploads\/sites\/7\/2018\/09\/P9064832-225x300.jpg 225w, http:\/\/www.cronopio.de\/grosse-komponisten-in-moedling\/wp-content\/uploads\/sites\/7\/2018\/09\/P9064832-150x200.jpg 150w\" sizes=\"auto, (max-width: 600px) 100vw, 600px\" \/><\/a><figcaption>Ingeborg St\u00f6ss: Beethoven-Denkmal<\/figcaption><\/figure><\/li><\/ul>\n\n\n\n<p class=\"wp-block-paragraph\">R\u00fcckblickend auf das vergangene Jahrhundert sollen in dieser Ausstellung noch drei weitere K\u00fcnstlerpers\u00f6nlichkeiten pr\u00e4sentiert werden, die entweder in M\u00f6dling geboren wurden oder hier ihre Heimat fanden und das Musikleben der Stadt wesentlich beeinflussten.<\/p>\n\n\n\n<ul class=\"wp-block-list\">\n<li><a href=\"http:\/\/www.cronopio.de\/grosse-komponisten-in-moedling\/norbert-sprongl\/\">Norbert Sprongl<\/a><\/li>\n<li><a href=\"http:\/\/www.cronopio.de\/grosse-komponisten-in-moedling\/rudolf-knarr\/\">Rudolf Knarr<\/a><\/li>\n<li><a href=\"http:\/\/www.cronopio.de\/grosse-komponisten-in-moedling\/werner-schmid\/\">Werner Schmid<\/a><\/li>\n<\/ul>\n\n\n\n<p class=\"wp-block-paragraph\">Trotz des Bem\u00fchens, ein umfassendes Bild des Musikgeschehens der j\u00fcngeren Vergangenheit und Gegenwart zu geben, wird die Darstellung unvollst\u00e4ndig bleiben \u2013 die Musikstadt M\u00f6dling lebt weiter und wird auch in Zukunft einen Anziehungspunkt f\u00fcr Musiker und K\u00fcnstler bilden.<\/p>\n\n\n\n<p class=\"wp-block-paragraph\">\u00a0<\/p>\n","protected":false},"excerpt":{"rendered":"<p>Vom Mittelalter bis heute \u00a0 Weltber\u00fchmte Komponisten und heute beinahe vergessene Komponisten \u2013 sie wurden in M\u00f6dling geboren, nahmen Aufenthalt f\u00fcr Monate oder Jahre in unserer Stadt, besuchten Freunde oder suchten und fanden hier Ruhe und Inspiration. Ihre Aufenthaltsorte \u2013 ber\u00fchmte und kaum bekannte \u2013 pr\u00e4sentiert diese Ausstellung. Zur Orientierung &hellip;<\/p>\n","protected":false},"author":2,"featured_media":0,"parent":0,"menu_order":0,"comment_status":"closed","ping_status":"closed","template":"","meta":{"_crdt_document":"","_themeisle_gutenberg_block_has_review":false,"h5ap_radio_sources":[],"footnotes":""},"class_list":["post-443","page","type-page","status-publish","hentry"],"_links":{"self":[{"href":"http:\/\/www.cronopio.de\/grosse-komponisten-in-moedling\/wp-json\/wp\/v2\/pages\/443","targetHints":{"allow":["GET"]}}],"collection":[{"href":"http:\/\/www.cronopio.de\/grosse-komponisten-in-moedling\/wp-json\/wp\/v2\/pages"}],"about":[{"href":"http:\/\/www.cronopio.de\/grosse-komponisten-in-moedling\/wp-json\/wp\/v2\/types\/page"}],"author":[{"embeddable":true,"href":"http:\/\/www.cronopio.de\/grosse-komponisten-in-moedling\/wp-json\/wp\/v2\/users\/2"}],"replies":[{"embeddable":true,"href":"http:\/\/www.cronopio.de\/grosse-komponisten-in-moedling\/wp-json\/wp\/v2\/comments?post=443"}],"version-history":[{"count":19,"href":"http:\/\/www.cronopio.de\/grosse-komponisten-in-moedling\/wp-json\/wp\/v2\/pages\/443\/revisions"}],"predecessor-version":[{"id":955,"href":"http:\/\/www.cronopio.de\/grosse-komponisten-in-moedling\/wp-json\/wp\/v2\/pages\/443\/revisions\/955"}],"wp:attachment":[{"href":"http:\/\/www.cronopio.de\/grosse-komponisten-in-moedling\/wp-json\/wp\/v2\/media?parent=443"}],"curies":[{"name":"wp","href":"https:\/\/api.w.org\/{rel}","templated":true}]}}