{"id":150,"date":"2018-08-22T22:29:54","date_gmt":"2018-08-22T20:29:54","guid":{"rendered":"http:\/\/www.cronopio.de\/grosse-komponisten-in-moedling\/wp-content\/uploads\/sites\/7\/2018\/08\/rebec-2.jpg"},"modified":"2018-09-02T20:24:04","modified_gmt":"2018-09-02T18:24:04","slug":"rebec","status":"inherit","type":"attachment","link":"http:\/\/www.cronopio.de\/grosse-komponisten-in-moedling\/11-2\/rebec\/","title":{"rendered":"Rebec"},"author":2,"featured_media":0,"comment_status":"open","ping_status":"closed","template":"","meta":{"_crdt_document":"","_themeisle_gutenberg_block_has_review":false,"h5ap_radio_sources":[]},"class_list":["post-150","attachment","type-attachment","status-inherit","hentry"],"filename":"rebec-2.jpg","filesize":901839,"description":{"rendered":"<p class=\"attachment\"><a href='http:\/\/www.cronopio.de\/grosse-komponisten-in-moedling\/wp-content\/uploads\/sites\/7\/2018\/08\/rebec-2.jpg'><img loading=\"lazy\" decoding=\"async\" width=\"188\" height=\"300\" src=\"http:\/\/www.cronopio.de\/grosse-komponisten-in-moedling\/wp-content\/uploads\/sites\/7\/2018\/08\/rebec-2-188x300.jpg\" class=\"attachment-medium size-medium\" alt=\"\" srcset=\"http:\/\/www.cronopio.de\/grosse-komponisten-in-moedling\/wp-content\/uploads\/sites\/7\/2018\/08\/rebec-2-188x300.jpg 188w, http:\/\/www.cronopio.de\/grosse-komponisten-in-moedling\/wp-content\/uploads\/sites\/7\/2018\/08\/rebec-2-768x1223.jpg 768w, http:\/\/www.cronopio.de\/grosse-komponisten-in-moedling\/wp-content\/uploads\/sites\/7\/2018\/08\/rebec-2-643x1024.jpg 643w, http:\/\/www.cronopio.de\/grosse-komponisten-in-moedling\/wp-content\/uploads\/sites\/7\/2018\/08\/rebec-2-126x200.jpg 126w\" sizes=\"auto, (max-width: 188px) 100vw, 188px\" \/><\/a><\/p>\n<p>Das Rebec ist ein meist 3-saitiges Streichinstrument mit i.d.R. birnen- oder bootsf\u00f6rmigem Korpus. Es gilt als einer der mittelalterlichen Vorl\u00e4ufer der heutigen Streichinstrumente. Verwandte Instrumente kommen heute in vielen L\u00e4ndern des \u00f6stlichen Mittelmeerraums und Arabiens vor, unter verschiedenen Namen: Rebec, Rabab, Rubebe, Kemence u.a.<\/p>\n"},"caption":{"rendered":"<p>Rebec<\/p>\n"},"alt_text":"","media_type":"image","mime_type":"image\/jpeg","media_details":{"width":2442,"height":3890,"file":"2018\/08\/rebec-2.jpg","sizes":{"thumbnail":{"file":"rebec-2-150x150.jpg","width":150,"height":150,"mime_type":"image\/jpeg","source_url":"http:\/\/www.cronopio.de\/grosse-komponisten-in-moedling\/wp-content\/uploads\/sites\/7\/2018\/08\/rebec-2-150x150.jpg"},"medium":{"file":"rebec-2-188x300.jpg","width":188,"height":300,"mime_type":"image\/jpeg","source_url":"http:\/\/www.cronopio.de\/grosse-komponisten-in-moedling\/wp-content\/uploads\/sites\/7\/2018\/08\/rebec-2-188x300.jpg"},"medium_large":{"file":"rebec-2-768x1223.jpg","width":768,"height":1223,"mime_type":"image\/jpeg","source_url":"http:\/\/www.cronopio.de\/grosse-komponisten-in-moedling\/wp-content\/uploads\/sites\/7\/2018\/08\/rebec-2-768x1223.jpg"},"large":{"file":"rebec-2-643x1024.jpg","width":643,"height":1024,"mime_type":"image\/jpeg","source_url":"http:\/\/www.cronopio.de\/grosse-komponisten-in-moedling\/wp-content\/uploads\/sites\/7\/2018\/08\/rebec-2-643x1024.jpg"},"post-thumbnail":{"file":"rebec-2-126x200.jpg","width":126,"height":200,"mime_type":"image\/jpeg","source_url":"http:\/\/www.cronopio.de\/grosse-komponisten-in-moedling\/wp-content\/uploads\/sites\/7\/2018\/08\/rebec-2-126x200.jpg"},"fluida-featured":{"file":"rebec-2-941x200.jpg","width":941,"height":200,"mime_type":"image\/jpeg","source_url":"http:\/\/www.cronopio.de\/grosse-komponisten-in-moedling\/wp-content\/uploads\/sites\/7\/2018\/08\/rebec-2-941x200.jpg"},"fluida-featured-lp":{"file":"rebec-2-960x200.jpg","width":960,"height":200,"mime_type":"image\/jpeg","source_url":"http:\/\/www.cronopio.de\/grosse-komponisten-in-moedling\/wp-content\/uploads\/sites\/7\/2018\/08\/rebec-2-960x200.jpg"},"fluida-featured-half":{"file":"rebec-2-800x200.jpg","width":800,"height":200,"mime_type":"image\/jpeg","source_url":"http:\/\/www.cronopio.de\/grosse-komponisten-in-moedling\/wp-content\/uploads\/sites\/7\/2018\/08\/rebec-2-800x200.jpg"},"fluida-featured-third":{"file":"rebec-2-512x200.jpg","width":512,"height":200,"mime_type":"image\/jpeg","source_url":"http:\/\/www.cronopio.de\/grosse-komponisten-in-moedling\/wp-content\/uploads\/sites\/7\/2018\/08\/rebec-2-512x200.jpg"},"fluida-header":{"file":"rebec-2-1920x250.jpg","width":1920,"height":250,"mime_type":"image\/jpeg","source_url":"http:\/\/www.cronopio.de\/grosse-komponisten-in-moedling\/wp-content\/uploads\/sites\/7\/2018\/08\/rebec-2-1920x250.jpg"},"fluida-lpbox-1":{"file":"rebec-2-426x250.jpg","width":426,"height":250,"mime_type":"image\/jpeg","source_url":"http:\/\/www.cronopio.de\/grosse-komponisten-in-moedling\/wp-content\/uploads\/sites\/7\/2018\/08\/rebec-2-426x250.jpg"},"fluida-lpbox-2":{"file":"rebec-2-480x400.jpg","width":480,"height":400,"mime_type":"image\/jpeg","source_url":"http:\/\/www.cronopio.de\/grosse-komponisten-in-moedling\/wp-content\/uploads\/sites\/7\/2018\/08\/rebec-2-480x400.jpg"},"full":{"file":"rebec-2.jpg","width":2442,"height":3890,"mime_type":"image\/jpeg","source_url":"http:\/\/www.cronopio.de\/grosse-komponisten-in-moedling\/wp-content\/uploads\/sites\/7\/2018\/08\/rebec-2.jpg"}},"image_meta":{"aperture":"0","credit":"","camera":"","caption":"","created_timestamp":"0","copyright":"","focal_length":"0","iso":"0","shutter_speed":"0","title":"","orientation":"0","keywords":[]}},"post":11,"source_url":"http:\/\/www.cronopio.de\/grosse-komponisten-in-moedling\/wp-content\/uploads\/sites\/7\/2018\/08\/rebec-2.jpg","_links":{"self":[{"href":"http:\/\/www.cronopio.de\/grosse-komponisten-in-moedling\/wp-json\/wp\/v2\/media\/150","targetHints":{"allow":["GET"]}}],"collection":[{"href":"http:\/\/www.cronopio.de\/grosse-komponisten-in-moedling\/wp-json\/wp\/v2\/media"}],"about":[{"href":"http:\/\/www.cronopio.de\/grosse-komponisten-in-moedling\/wp-json\/wp\/v2\/types\/attachment"}],"author":[{"embeddable":true,"href":"http:\/\/www.cronopio.de\/grosse-komponisten-in-moedling\/wp-json\/wp\/v2\/users\/2"}],"replies":[{"embeddable":true,"href":"http:\/\/www.cronopio.de\/grosse-komponisten-in-moedling\/wp-json\/wp\/v2\/comments?post=150"}]}}

<p class="attachment"><a href='http://www.cronopio.de/grosse-komponisten-in-moedling/wp-content/uploads/sites/7/2018/08/rebec-2.jpg'><img loading="lazy" decoding="async" width="188" height="300" src="http://www.cronopio.de/grosse-komponisten-in-moedling/wp-content/uploads/sites/7/2018/08/rebec-2-188x300.jpg" class="attachment-medium size-medium" alt="" srcset="http://www.cronopio.de/grosse-komponisten-in-moedling/wp-content/uploads/sites/7/2018/08/rebec-2-188x300.jpg 188w, http://www.cronopio.de/grosse-komponisten-in-moedling/wp-content/uploads/sites/7/2018/08/rebec-2-768x1223.jpg 768w, http://www.cronopio.de/grosse-komponisten-in-moedling/wp-content/uploads/sites/7/2018/08/rebec-2-643x1024.jpg 643w, http://www.cronopio.de/grosse-komponisten-in-moedling/wp-content/uploads/sites/7/2018/08/rebec-2-126x200.jpg 126w" sizes="auto, (max-width: 188px) 100vw, 188px" /></a></p>
<p>Das Rebec ist ein meist 3-saitiges Streichinstrument mit i.d.R. birnen- oder bootsförmigem Korpus. Es gilt als einer der mittelalterlichen Vorläufer der heutigen Streichinstrumente. Verwandte Instrumente kommen heute in vielen Ländern des östlichen Mittelmeerraums und Arabiens vor, unter verschiedenen Namen: Rebec, Rabab, Rubebe, Kemence u.a.</p>
